{"id":797,"date":"2015-11-28T21:06:57","date_gmt":"2015-11-28T20:06:57","guid":{"rendered":"https:\/\/agora-eoi.xtec.cat\/eoisantcugat\/?page_id=797"},"modified":"2025-07-14T11:02:00","modified_gmt":"2025-07-14T09:02:00","slug":"presentacio","status":"publish","type":"page","link":"https:\/\/agora-eoi.xtec.cat\/eoisantcugat\/presentacio\/","title":{"rendered":"Presentaci\u00f3"},"content":{"rendered":"<h3 data-start=\"129\" data-end=\"168\"><strong data-start=\"133\" data-end=\"168\">Presentaci\u00f3 de l\u2019EOI Sant Cugat<\/strong><\/h3>\n<p data-start=\"170\" data-end=\"418\">L\u2019Escola Oficial d\u2019Idiomes de Sant Cugat \u00e9s un <strong data-start=\"217\" data-end=\"251\">centre p\u00fablic, no universitari<\/strong>, especialitzat en l\u2019<strong data-start=\"272\" data-end=\"305\">ensenyament d\u2019idiomes moderns<\/strong>. Va ser creada l\u20191 de setembre de 2003 per iniciativa del Departament d\u2019Educaci\u00f3 de la Generalitat de Catalunya.<\/p>\n<p data-start=\"170\" data-end=\"418\">L&#8217;objectiu principal de les Escoles Oficials d&#8217;Idiomes \u00e9s la de capacitar els alumnes per assolir un \u00fas efectiu de l&#8217;idioma com a vehicle de comunicaci\u00f3. A fi de complir amb aquest objectiu, les escoles d&#8217;idiomes contemplen un estudi de la llengua en tres nivells (LOMCE 8\/2013): el Nivell B\u00e0sic (A1 i A2), el Nivell Intermedi B1, el Nivell Intermedi B2 (B2.1 i B2.2) i el Nivell Avan\u00e7at C1 i C2. Tots els cursos s\u00f3n d\u2019un m\u00ednim de 130 hores lectives, per\u00f2 per assolir b\u00e9 el nivell, cal tamb\u00e9 una dedicaci\u00f3 de treball individual a casa.<\/p>\n<h3 data-start=\"629\" data-end=\"653\"><strong data-start=\"633\" data-end=\"653\">Oferta educativa<\/strong><\/h3>\n<p data-start=\"655\" data-end=\"876\">L\u2019EOI Sant Cugat ofereix <strong data-start=\"680\" data-end=\"700\">cursos extensius<\/strong> (de setembre a maig) en modalitat <strong data-start=\"714\" data-end=\"745\">presencial i semipresencial<\/strong>, adre\u00e7ats a alumnat adult i joves a partir de 14 o 16 anys interessats en aprendre <strong data-start=\"795\" data-end=\"806\">alemany<\/strong> i <strong data-start=\"809\" data-end=\"819\">angl\u00e8s<\/strong>. S&#8217;ofereixen els nivells A1, A2, B1, B2.1, B2.2 i C1 en els dos idiomes.<\/p>\n<p data-start=\"932\" data-end=\"1140\">A banda d\u2019oferir cursos, les Escoles Oficials d&#8217;Idiomes s\u00f3n <strong>centres examinadors de certificats oficials d\u2019idiomes<\/strong>.\u00a0 Els <strong data-start=\"936\" data-end=\"963\">ex\u00e0mens de certificaci\u00f3<\/strong> dels nivells <strong data-start=\"977\" data-end=\"983\">B1<\/strong>, <strong data-start=\"985\" data-end=\"993\">B2.2<\/strong> i <strong data-start=\"996\" data-end=\"1002\">C1<\/strong> s\u00f3n <strong data-start=\"1007\" data-end=\"1076\">unificats per a totes les Escoles Oficials d\u2019Idiomes de Catalunya<\/strong>, garantint un sistema d\u2019avaluaci\u00f3 com\u00fa i reconegut oficialment.<\/p>\n<p data-start=\"1142\" data-end=\"1449\">L\u2019escola acull <strong data-start=\"1185\" data-end=\"1219\">proves lliures de certificaci\u00f3<\/strong> dels nivells <strong data-start=\"1233\" data-end=\"1239\">B1<\/strong>, <strong data-start=\"1241\" data-end=\"1249\">B2.2<\/strong> i <strong data-start=\"1252\" data-end=\"1258\">C1<\/strong>, regulades pel Departament d\u2019Educaci\u00f3 i de Formaci\u00f3 Professional. \u00c9s important consultar el calendari actualitzat per con\u00e8ixer les <strong data-start=\"1390\" data-end=\"1430\">dates de preinscripci\u00f3 i realitzaci\u00f3<\/strong> d\u2019aquestes proves.<\/p>\n<p data-start=\"1451\" data-end=\"1531\">Els continguts dels cursos es basen en els curr\u00edculums establerts per normativa:<\/p>\n<ul data-start=\"1532\" data-end=\"1666\">\n<li data-start=\"1532\" data-end=\"1595\">\n<p data-start=\"1534\" data-end=\"1595\"><strong data-start=\"1534\" data-end=\"1563\">Nivells Intermedi B1 i B2<\/strong>: DECRET 45\/2022, de 15 de mar\u00e7.<\/p>\n<\/li>\n<li data-start=\"1596\" data-end=\"1666\">\n<p data-start=\"1598\" data-end=\"1666\"><strong data-start=\"1598\" data-end=\"1631\">Nivells B\u00e0sic A2 i Avan\u00e7at C1<\/strong>: DECRET 243\/2022, de 18 d\u2019octubre.<\/p>\n<\/li>\n<\/ul>\n<h3 data-start=\"1668\" data-end=\"1693\"><strong data-start=\"1672\" data-end=\"1693\">Requisits d\u2019acc\u00e9s<\/strong><\/h3>\n<p data-start=\"1695\" data-end=\"1947\">Per poder cursar estudis a una EOI, cal tenir <strong data-start=\"1741\" data-end=\"1762\">16 anys complerts<\/strong> durant l\u2019any natural en qu\u00e8 s\u2019inicien els estudis. Tamb\u00e9 poden accedir-hi alumnes de <strong data-start=\"1848\" data-end=\"1859\">14 anys<\/strong> si s\u2019hi matriculen d\u2019un idioma <strong data-start=\"1891\" data-end=\"1946\">diferent del primer idioma estranger cursat a l\u2019ESO<\/strong>.<\/p>\n<h3 data-start=\"1949\" data-end=\"1976\"><strong data-start=\"1953\" data-end=\"1976\">Calendari i horaris<\/strong><\/h3>\n<p data-start=\"1978\" data-end=\"2164\">Les <strong data-start=\"2087\" data-end=\"2129\">classes s\u2019inicien a finals de setembre<\/strong> i finalitzen <strong data-start=\"2143\" data-end=\"2163\">a finals de maig<\/strong>.<\/p>\n<p data-start=\"2166\" data-end=\"2306\">L\u2019oferta hor\u00e0ria inclou <strong data-start=\"2190\" data-end=\"2225\">franges de mat\u00ed, tarda i vespre<\/strong>, i els <strong data-start=\"2233\" data-end=\"2253\">horaris concrets<\/strong> de cada curs es publiquen <strong data-start=\"2280\" data-end=\"2305\">abans de la matr\u00edcula<\/strong>.<\/p>\n<h3 data-start=\"2308\" data-end=\"2341\"><strong data-start=\"2312\" data-end=\"2341\">Preinscripci\u00f3 i matr\u00edcula<\/strong><\/h3>\n<p data-start=\"2343\" data-end=\"2641\">El <strong data-start=\"2346\" data-end=\"2361\">preu p\u00fablic<\/strong> de la matr\u00edcula per a alumnes oficials \u00e9s establert anualment pel Departament d\u2019Educaci\u00f3 i es publica al <strong data-start=\"2467\" data-end=\"2475\">DOGC<\/strong>. La normativa vigent preveu <strong data-start=\"2504\" data-end=\"2531\">reduccions i exempcions<\/strong> per a determinats col\u00b7lectius (fam\u00edlies nombroses, persones amb discapacitat, v\u00edctimes del terrorisme, etc.).<\/p>\n<ul data-start=\"2643\" data-end=\"2797\">\n<li data-start=\"2643\" data-end=\"2724\">\n<p data-start=\"2645\" data-end=\"2724\"><strong data-start=\"2645\" data-end=\"2663\">Antics alumnes<\/strong>: el proc\u00e9s de matr\u00edcula t\u00e9 lloc <strong data-start=\"2696\" data-end=\"2723\">durant el mes de juliol<\/strong>.<\/p>\n<\/li>\n<li data-start=\"2725\" data-end=\"2797\">\n<p data-start=\"2727\" data-end=\"2797\"><strong data-start=\"2727\" data-end=\"2743\">Nous alumnes<\/strong>: la preinscripci\u00f3 s\u2019obre a <strong data-start=\"2771\" data-end=\"2796\">principis de setembre<\/strong>.<\/p>\n<\/li>\n<\/ul>\n<p data-start=\"2799\" data-end=\"2905\">Els <strong data-start=\"2803\" data-end=\"2826\">calendars detallats<\/strong> es poden consultar habitualment <strong data-start=\"2859\" data-end=\"2888\">a finals de juny i juliol<\/strong>, respectivament.<\/p>\n","protected":false},"excerpt":{"rendered":"<p>Presentaci\u00f3 de l\u2019EOI Sant Cugat L\u2019Escola Oficial d\u2019Idiomes de Sant Cugat \u00e9s un centre p\u00fablic, no universitari, especialitzat en l\u2019ensenyament [&hellip;]<\/p>\n","protected":false},"author":1,"featured_media":0,"parent":0,"menu_order":10,"comment_status":"closed","ping_status":"closed","template":"","meta":{"site-sidebar-layout":"default","site-content-layout":"","ast-site-content-layout":"default","site-content-style":"default","site-sidebar-style":"default","ast-global-header-display":"","ast-banner-title-visibility":"","ast-main-header-display":"","ast-hfb-above-header-display":"","ast-hfb-below-header-display":"","ast-hfb-mobile-header-display":"","site-post-title":"","ast-breadcrumbs-content":"","ast-featured-img":"","footer-sml-layout":"","theme-transparent-header-meta":"","adv-header-id-meta":"","stick-header-meta":"","header-above-stick-meta":"","header-main-stick-meta":"","header-below-stick-meta":"","astra-migrate-meta-layouts":"set","ast-page-background-enabled":"default","ast-page-background-meta":{"desktop":{"background-color":"var(--ast-global-color-4)","background-image":"","background-repeat":"repeat","background-position":"center center","background-size":"auto","background-attachment":"scroll","background-type":"","background-media":"","overlay-type":"","overlay-color":"","overlay-opacity":"","overlay-gradient":""},"tablet":{"background-color":"","background-image":"","background-repeat":"repeat","background-position":"center center","background-size":"auto","background-attachment":"scroll","background-type":"","background-media":"","overlay-type":"","overlay-color":"","overlay-opacity":"","overlay-gradient":""},"mobile":{"background-color":"","background-image":"","background-repeat":"repeat","background-position":"center center","background-size":"auto","background-attachment":"scroll","background-type":"","background-media":"","overlay-type":"","overlay-color":"","overlay-opacity":"","overlay-gradient":""}},"ast-content-background-meta":{"desktop":{"background-color":"var(--ast-global-color-5)","background-image":"","background-repeat":"repeat","background-position":"center center","background-size":"auto","background-attachment":"scroll","background-type":"","background-media":"","overlay-type":"","overlay-color":"","overlay-opacity":"","overlay-gradient":""},"tablet":{"background-color":"var(--ast-global-color-5)","background-image":"","background-repeat":"repeat","background-position":"center center","background-size":"auto","background-attachment":"scroll","background-type":"","background-media":"","overlay-type":"","overlay-color":"","overlay-opacity":"","overlay-gradient":""},"mobile":{"background-color":"var(--ast-global-color-5)","background-image":"","background-repeat":"repeat","background-position":"center center","background-size":"auto","background-attachment":"scroll","background-type":"","background-media":"","overlay-type":"","overlay-color":"","overlay-opacity":"","overlay-gradient":""}},"footnotes":""},"class_list":["post-797","page","type-page","status-publish","hentry"],"post_mailing_queue_ids":[],"_links":{"self":[{"href":"https:\/\/agora-eoi.xtec.cat\/eoisantcugat\/wp-json\/wp\/v2\/pages\/797","targetHints":{"allow":["GET"]}}],"collection":[{"href":"https:\/\/agora-eoi.xtec.cat\/eoisantcugat\/wp-json\/wp\/v2\/pages"}],"about":[{"href":"https:\/\/agora-eoi.xtec.cat\/eoisantcugat\/wp-json\/wp\/v2\/types\/page"}],"author":[{"embeddable":true,"href":"https:\/\/agora-eoi.xtec.cat\/eoisantcugat\/wp-json\/wp\/v2\/users\/1"}],"replies":[{"embeddable":true,"href":"https:\/\/agora-eoi.xtec.cat\/eoisantcugat\/wp-json\/wp\/v2\/comments?post=797"}],"version-history":[{"count":5,"href":"https:\/\/agora-eoi.xtec.cat\/eoisantcugat\/wp-json\/wp\/v2\/pages\/797\/revisions"}],"predecessor-version":[{"id":9438,"href":"https:\/\/agora-eoi.xtec.cat\/eoisantcugat\/wp-json\/wp\/v2\/pages\/797\/revisions\/9438"}],"wp:attachment":[{"href":"https:\/\/agora-eoi.xtec.cat\/eoisantcugat\/wp-json\/wp\/v2\/media?parent=797"}],"curies":[{"name":"wp","href":"https:\/\/api.w.org\/{rel}","templated":true}]}}