{"id":9044,"date":"2023-04-13T16:56:09","date_gmt":"2023-04-13T14:56:09","guid":{"rendered":"https:\/\/agora-eoi.xtec.cat\/eoisantacoloma\/?page_id=9044"},"modified":"2024-11-15T21:21:15","modified_gmt":"2024-11-15T20:21:15","slug":"objectius","status":"publish","type":"page","link":"https:\/\/agora-eoi.xtec.cat\/eoisantacoloma\/edc\/estrategia-digital\/objectius\/","title":{"rendered":"Objectius"},"content":{"rendered":"<table style=\"border-collapse: collapse; width: 100%;\">\n<tbody>\n<tr>\n<td style=\"background: #77bc65; width: 39.9449%;\" bgcolor=\"#77bc65\" width=\"335\">\n<p align=\"center\"><span style=\"color: #000000;\"><span style=\"font-family: Open Sans, sans-serif;\"><span style=\"font-size: small;\"><b>OBJECTIU<\/b><\/span><\/span><\/span><\/p>\n<\/td>\n<td style=\"background: #77bc65; width: 27.4105%;\" bgcolor=\"#77bc65\" width=\"224\">\n<p align=\"center\"><span style=\"color: #000000;\"><span style=\"font-family: Open Sans, sans-serif;\"><span style=\"font-size: small;\"><b>INDICADOR<\/b><\/span><\/span><\/span><\/p>\n<\/td>\n<td style=\"background: #77bc65; width: 32.5069%;\" bgcolor=\"#77bc65\" width=\"261\">\n<p align=\"center\"><span style=\"color: #000000;\"><span style=\"font-family: Open Sans, sans-serif;\"><span style=\"font-size: small;\"><b>CRITERI D\u2019ACOMPLIMENT<\/b><\/span><\/span><\/span><\/p>\n<\/td>\n<\/tr>\n<tr>\n<td style=\"background: #e8f2a1; width: 39.9449%;\" bgcolor=\"#e8f2a1\" width=\"335\"><span style=\"color: #000000;\"><span style=\"font-family: Open Sans, sans-serif;\"><span style=\"font-size: small;\">1. Implementar eines digitals d&#8217;avaluaci\u00f3: seguiment progr\u00e9s alumnes.<\/span><\/span><\/span><\/td>\n<td style=\"background: #e8f2a1; width: 27.4105%;\" bgcolor=\"#e8f2a1\" width=\"224\"><span style=\"color: #000000;\"><span style=\"font-family: Open Sans, sans-serif;\"><span style=\"font-size: small;\">Utilitzaci\u00f3 d\u2019EVA per l\u2019avaluaci\u00f3 dels alumnes.<\/span><\/span><\/span><\/td>\n<td style=\"background: #e8f2a1; width: 32.5069%;\" bgcolor=\"#e8f2a1\" width=\"261\"><span style=\"color: #000000;\"><span style=\"font-family: Open Sans, sans-serif;\"><span style=\"font-size: small;\">Implementaci\u00f3 en grups seleccionats<\/span><\/span><\/span><\/td>\n<\/tr>\n<tr>\n<td style=\"background: #e8f2a1; width: 39.9449%;\" bgcolor=\"#e8f2a1\" width=\"335\"><span style=\"color: #000000;\"><span style=\"font-family: Open Sans, sans-serif;\"><span style=\"font-size: small;\">2.<\/span><\/span><\/span> <span style=\"color: #000000;\"><span style=\"font-family: Open Sans, sans-serif;\"><span style=\"font-size: small;\">Crear espais de formaci\u00f3 per a l&#8217;intercanvi de pr\u00e0ctiques educatives. Formaci\u00f3 entre iguals.<\/span><\/span><\/span><\/td>\n<td style=\"background: #e8f2a1; width: 27.4105%;\" bgcolor=\"#e8f2a1\" width=\"224\"><span style=\"color: #000000;\"><span style=\"font-family: Open Sans, sans-serif;\"><span style=\"font-size: small;\">Destinaci\u00f3 de franges hor\u00e0ries per l\u2019intercanvi de pr\u00e0ctiques educatives<\/span><\/span><\/span><\/td>\n<td style=\"background: #e8f2a1; width: 32.5069%;\" bgcolor=\"#e8f2a1\" width=\"261\"><span style=\"color: #000000;\"><span style=\"font-family: Open Sans, sans-serif;\"><span style=\"font-size: small;\">4-6 sessions curs<\/span><\/span><\/span><\/td>\n<\/tr>\n<tr>\n<td style=\"background: #e8f2a1; width: 39.9449%;\" bgcolor=\"#e8f2a1\" width=\"335\"><span style=\"color: #000000;\"><span style=\"font-family: Open Sans, sans-serif;\"><span style=\"font-size: small;\">3. Actualitzar la p\u00e0gina web i xarxes socials<\/span><\/span><\/span><\/td>\n<td style=\"background: #e8f2a1; width: 27.4105%;\" bgcolor=\"#e8f2a1\" width=\"224\"><span style=\"color: #000000;\"><span style=\"font-family: Open Sans, sans-serif;\"><span style=\"font-size: small;\">Publicaci\u00f3 nova web<\/span><\/span><\/span><\/td>\n<td style=\"background: #e8f2a1; width: 32.5069%;\" bgcolor=\"#e8f2a1\" width=\"261\"><span style=\"color: #000000;\"><span style=\"font-family: Open Sans, sans-serif;\"><span style=\"font-size: small;\">Fet\/no fet<\/span><\/span><\/span><\/td>\n<\/tr>\n<tr>\n<td style=\"background: #e8f2a1; width: 39.9449%;\" bgcolor=\"#e8f2a1\" width=\"335\"><span style=\"color: #000000;\"><span style=\"font-family: Open Sans, sans-serif;\"><span style=\"font-size: small;\">4. Elaborar el Pla d\u2019acollida digital del personal del centre.<\/span><\/span><\/span><\/td>\n<td style=\"background: #e8f2a1; width: 27.4105%;\" bgcolor=\"#e8f2a1\" width=\"224\"><span style=\"color: #000000;\"><span style=\"font-family: Open Sans, sans-serif;\"><span style=\"font-size: small;\">Document de refer\u00e8ncia per l\u2019acollida dels docents<\/span><\/span><\/span><\/td>\n<td style=\"background: #e8f2a1; width: 32.5069%;\" bgcolor=\"#e8f2a1\" width=\"261\"><span style=\"color: #000000;\"><span style=\"font-family: Open Sans, sans-serif;\"><span style=\"font-size: small;\">Fet\/ no fet<\/span><\/span><\/span><\/td>\n<\/tr>\n<tr>\n<td style=\"background: #e8f2a1; width: 39.9449%;\" bgcolor=\"#e8f2a1\" width=\"335\"><span style=\"color: #000000;\"><span style=\"font-family: Open Sans, sans-serif;\"><span style=\"font-size: small;\">5. Elaborar el Pla de comunicaci\u00f3<\/span><\/span><\/span><\/td>\n<td style=\"background: #e8f2a1; width: 27.4105%;\" bgcolor=\"#e8f2a1\" width=\"224\"><span style=\"color: #000000;\"><span style=\"font-family: Open Sans, sans-serif;\"><span style=\"font-size: small;\">Creaci\u00f3 document<\/span><\/span><\/span><\/td>\n<td style=\"background: #e8f2a1; width: 32.5069%;\" bgcolor=\"#e8f2a1\" width=\"261\"><span style=\"color: #000000;\"><span style=\"font-family: Open Sans, sans-serif;\"><span style=\"font-size: small;\">Fet\/ no fet<\/span><\/span><\/span><\/td>\n<\/tr>\n<tr>\n<td style=\"background: #e8f2a1; width: 39.9449%;\" bgcolor=\"#e8f2a1\" width=\"335\"><span style=\"color: #000000;\"><span style=\"font-family: Open Sans, sans-serif;\"><span style=\"font-size: small;\">6. Millorar la compet\u00e8ncia digital dels docents<\/span><\/span><\/span><\/td>\n<td style=\"background: #e8f2a1; width: 27.4105%;\" bgcolor=\"#e8f2a1\" width=\"224\"><span style=\"color: #000000;\"><span style=\"font-family: Open Sans, sans-serif;\"><span style=\"font-size: small;\">Realitzaci\u00f3 de formacions\u00a0<\/span><\/span><\/span><\/td>\n<td style=\"background: #e8f2a1; width: 32.5069%;\" bgcolor=\"#e8f2a1\" width=\"261\"><span style=\"color: #000000;\"><span style=\"font-family: Open Sans, sans-serif;\"><span style=\"font-size: small;\">1 formaci\u00f3 curs<\/span><\/span><\/span><\/td>\n<\/tr>\n<\/tbody>\n<\/table>\n","protected":false},"excerpt":{"rendered":"<p>OBJECTIU INDICADOR CRITERI D\u2019ACOMPLIMENT 1. Implementar eines digitals d&#8217;avaluaci\u00f3: seguiment progr\u00e9s alumnes. Utilitzaci\u00f3 d\u2019EVA per l\u2019avaluaci\u00f3 dels alumnes. Implementaci\u00f3 en [&hellip;]<\/p>\n","protected":false},"author":1,"featured_media":0,"parent":9033,"menu_order":3,"comment_status":"closed","ping_status":"closed","template":"page-templates\/side-menu.php","meta":{"_bbp_topic_count":0,"_bbp_reply_count":0,"_bbp_total_topic_count":0,"_bbp_total_reply_count":0,"_bbp_voice_count":0,"_bbp_anonymous_reply_count":0,"_bbp_topic_count_hidden":0,"_bbp_reply_count_hidden":0,"_bbp_forum_subforum_count":0,"site-sidebar-layout":"default","site-content-layout":"","ast-site-content-layout":"","site-content-style":"default","site-sidebar-style":"default","ast-global-header-display":"","ast-banner-title-visibility":"","ast-main-header-display":"","ast-hfb-above-header-display":"","ast-hfb-below-header-display":"","ast-hfb-mobile-header-display":"","site-post-title":"","ast-breadcrumbs-content":"","ast-featured-img":"","footer-sml-layout":"","theme-transparent-header-meta":"","adv-header-id-meta":"","stick-header-meta":"","header-above-stick-meta":"","header-main-stick-meta":"","header-below-stick-meta":"","astra-migrate-meta-layouts":"default","ast-page-background-enabled":"default","ast-page-background-meta":{"desktop":{"background-color":"var(--ast-global-color-4)","background-image":"","background-repeat":"repeat","background-position":"center center","background-size":"auto","background-attachment":"scroll","background-type":"","background-media":"","overlay-type":"","overlay-color":"","overlay-opacity":"","overlay-gradient":""},"tablet":{"background-color":"","background-image":"","background-repeat":"repeat","background-position":"center center","background-size":"auto","background-attachment":"scroll","background-type":"","background-media":"","overlay-type":"","overlay-color":"","overlay-opacity":"","overlay-gradient":""},"mobile":{"background-color":"","background-image":"","background-repeat":"repeat","background-position":"center center","background-size":"auto","background-attachment":"scroll","background-type":"","background-media":"","overlay-type":"","overlay-color":"","overlay-opacity":"","overlay-gradient":""}},"ast-content-background-meta":{"desktop":{"background-color":"var(--ast-global-color-5)","background-image":"","background-repeat":"repeat","background-position":"center center","background-size":"auto","background-attachment":"scroll","background-type":"","background-media":"","overlay-type":"","overlay-color":"","overlay-opacity":"","overlay-gradient":""},"tablet":{"background-color":"var(--ast-global-color-5)","background-image":"","background-repeat":"repeat","background-position":"center center","background-size":"auto","background-attachment":"scroll","background-type":"","background-media":"","overlay-type":"","overlay-color":"","overlay-opacity":"","overlay-gradient":""},"mobile":{"background-color":"var(--ast-global-color-5)","background-image":"","background-repeat":"repeat","background-position":"center center","background-size":"auto","background-attachment":"scroll","background-type":"","background-media":"","overlay-type":"","overlay-color":"","overlay-opacity":"","overlay-gradient":""}},"footnotes":""},"class_list":["post-9044","page","type-page","status-publish","hentry"],"post_mailing_queue_ids":[],"_links":{"self":[{"href":"https:\/\/agora-eoi.xtec.cat\/eoisantacoloma\/wp-json\/wp\/v2\/pages\/9044","targetHints":{"allow":["GET"]}}],"collection":[{"href":"https:\/\/agora-eoi.xtec.cat\/eoisantacoloma\/wp-json\/wp\/v2\/pages"}],"about":[{"href":"https:\/\/agora-eoi.xtec.cat\/eoisantacoloma\/wp-json\/wp\/v2\/types\/page"}],"author":[{"embeddable":true,"href":"https:\/\/agora-eoi.xtec.cat\/eoisantacoloma\/wp-json\/wp\/v2\/users\/1"}],"replies":[{"embeddable":true,"href":"https:\/\/agora-eoi.xtec.cat\/eoisantacoloma\/wp-json\/wp\/v2\/comments?post=9044"}],"version-history":[{"count":3,"href":"https:\/\/agora-eoi.xtec.cat\/eoisantacoloma\/wp-json\/wp\/v2\/pages\/9044\/revisions"}],"predecessor-version":[{"id":9459,"href":"https:\/\/agora-eoi.xtec.cat\/eoisantacoloma\/wp-json\/wp\/v2\/pages\/9044\/revisions\/9459"}],"up":[{"embeddable":true,"href":"https:\/\/agora-eoi.xtec.cat\/eoisantacoloma\/wp-json\/wp\/v2\/pages\/9033"}],"wp:attachment":[{"href":"https:\/\/agora-eoi.xtec.cat\/eoisantacoloma\/wp-json\/wp\/v2\/media?parent=9044"}],"curies":[{"name":"wp","href":"https:\/\/api.w.org\/{rel}","templated":true}]}}