{"id":10252,"date":"2025-07-23T19:34:11","date_gmt":"2025-07-23T17:34:11","guid":{"rendered":"https:\/\/agora-eoi.xtec.cat\/eoisantacoloma\/?page_id=10252"},"modified":"2025-07-23T19:34:11","modified_gmt":"2025-07-23T17:34:11","slug":"acces-nivell-c2-angles","status":"publish","type":"page","link":"https:\/\/agora-eoi.xtec.cat\/eoisantacoloma\/matricula\/acces-nivell-c2-angles\/","title":{"rendered":"Acc\u00e9s Nivell C2 Angl\u00e8s"},"content":{"rendered":"\n<h2 class=\"wp-block-heading has-ast-global-color-0-color has-text-color has-link-color wp-elements-daf0d91b55636b819e60666492ac09f8\" style=\"font-size:20px\"><strong>INFORMACI\u00d3 GENERAL<\/strong><\/h2>\n\n\n\n<p style=\"margin-top:var(--wp--preset--spacing--30);margin-bottom:var(--wp--preset--spacing--30)\">Podeu accedir al full informatiu del nivell C2 <a href=\"https:\/\/drive.google.com\/file\/d\/1HHL0dYQgPyY5-VkaP9IRyV9gLe_Cilcl\/view?usp=sharing\" data-type=\"link\" data-id=\"https:\/\/drive.google.com\/file\/d\/1HHL0dYQgPyY5-VkaP9IRyV9gLe_Cilcl\/view?usp=sharing\" target=\"_blank\" rel=\"noreferrer noopener\">AQU\u00cd<\/a><\/p>\n\n\n\n<h2 class=\"wp-block-heading has-ast-global-color-0-color has-text-color has-link-color wp-elements-378142c8973d1868cc8cc3e94e05e72e\" style=\"font-size:20px\"><strong>REQUISITS<\/strong><\/h2>\n\n\n\n<p>Pel que fa al <strong>primer curs de nivell avan\u00e7at C2 d&#8217;angl\u00e8s<\/strong>, nom\u00e9s podran accedir-hi els alumnes que estiguin en possessi\u00f3 del certificat de nivell C1 de les escoles oficials d&#8217;idiomes o d&#8217;un t\u00edtol o certificaci\u00f3 equivalent al certificat de nivell C1 de les escoles oficials d&#8217;idiomes, reconegut en l&#8217;\u00e0mbit del Departament d&#8217;Educaci\u00f3 i Formaci\u00f3 Professional (<a href=\"https:\/\/dogc.gencat.cat\/ca\/document-del-dogc\/?documentId=990876\" data-type=\"link\" data-id=\"https:\/\/dogc.gencat.cat\/ca\/document-del-dogc\/?documentId=990876\" target=\"_blank\" rel=\"noreferrer noopener\">Taula de certificats i diplomes v\u00e0lids<\/a>).<\/p>\n\n\n\n<p>Pel que fa al <strong>segon curs del nivell avan\u00e7at C2 d&#8217;angl\u00e8s<\/strong>, nom\u00e9s podran accedir-hi els alumnes que hagin superat el primer curs del nivell avan\u00e7at C2 en cursos anteriors.<\/p>\n\n\n\n<h2 class=\"wp-block-heading has-ast-global-color-0-color has-text-color has-link-color wp-elements-4ad9256df4dc8e57a66fa28b6b6e6307\" style=\"font-size:20px\"><strong>CALENDARI<\/strong><\/h2>\n\n\n\n<ul class=\"wp-block-list\">\n<li><strong>Preinscripci\u00f3 telem\u00e0tica i tria d\u2019horaris<\/strong>: a partir de l\u2019<strong>1 de setembre a les 12.00 h<\/strong>. fins al <strong>8 de setembre<\/strong> <strong>a les 15.00 h.<\/strong><\/li>\n\n\n\n<li><strong>Lliurament en l\u00ednia de certificats que permeten accedir als estudis<\/strong>: a partir de l&#8217;<strong>1 de setembre les 12.00<\/strong> <strong>h. <\/strong>fins <strong>al 8 de setembre a les 17.00 h<\/strong>.<\/li>\n\n\n\n<li><strong>Sorteig per a l&#8217;assignaci\u00f3 de places:<\/strong> <strong>15 de setembre a les 12.00 h.<\/strong>\u00a0 Consulta p\u00fablica de resultats a partir de les <strong>18.00 h. <\/strong>a l\u2019aplicatiu de preinscripci\u00f3.<\/li>\n\n\n\n<li><strong>Matriculaci\u00f3 en l\u00ednia alumnes admesos:<\/strong>\u00a0 des de les <strong>18.00 h.<\/strong> del <strong>15 de setembre<\/strong> fins al <strong>17 de setembre<\/strong> <strong>a les 23.59 h<\/strong>.<\/li>\n\n\n\n<li><strong>Matr\u00edcula en l\u00ednia places vacants:<\/strong>\u00a0 a partir del <strong>19 de setembre des de les 12.00 h<\/strong> fins al <strong>21 de setembre<\/strong> <strong>a les 23.59 h.<\/strong><\/li>\n<\/ul>\n\n\n\n<h2 class=\"wp-block-heading has-ast-global-color-0-color has-text-color has-link-color wp-elements-90d46f63ffb3832a85526ae12b7d002e\" style=\"font-size:20px\"><strong>A<\/strong>SSIGNACI\u00d3 DE PLACES<\/h2>\n\n\n\n<p style=\"margin-top:var(--wp--preset--spacing--20);margin-bottom:var(--wp--preset--spacing--20)\">Quan el nombre de sol\u00b7licituds de preinscripci\u00f3 al primer curs del nivell avan\u00e7at C2 sigui superior a l&#8217;oferta, per ordenar les sol\u00b7licituds i assignar les places s&#8217;apliquen els criteris de prioritat seg\u00fcents:<\/p>\n\n\n\n<ul class=\"wp-block-list\">\n<li>En primer lloc, l&#8217;alumnat que estigui en possessi\u00f3 del certificat de nivell C1 de les escoles oficials d&#8217;idiomes.&nbsp; L&#8217;assignaci\u00f3 es fa per sorteig.<\/li>\n\n\n\n<li>En segon lloc, l&#8217;alumnat que estigui en possessi\u00f3 d&#8217;un t\u00edtol o certificaci\u00f3 equivalent al certificat de nivell C1 de les escoles oficials d&#8217;idiomes reconegut en l&#8217;\u00e0mbit del Departament d&#8217;Educaci\u00f3 i Formaci\u00f3 Professional. En aquest cas, l&#8217;assignaci\u00f3 tamb\u00e9 es fa per sorteig.&nbsp; (<a href=\"https:\/\/dogc.gencat.cat\/ca\/document-del-dogc\/?documentId=990876\" data-type=\"link\" data-id=\"https:\/\/dogc.gencat.cat\/ca\/document-del-dogc\/?documentId=990876\" target=\"_blank\" rel=\"noreferrer noopener\">Taula de certificats i diplomes v\u00e0lids<\/a>)<\/li>\n<\/ul>\n\n\n\n<h2 class=\"wp-block-heading has-ast-global-color-0-color has-text-color has-link-color wp-elements-e9c08331ea3a55850ba7eccb7c2a271c\" style=\"font-size:20px\">APLICATIU DE PREISNCRIPCI\u00d3<\/h2>\n\n\n\n<p>Podeu accedir a l\u2019aplicatiu de preinscripci\u00f3 <a href=\"https:\/\/www.eoidigital.com\/eoicat\/alumnes\/\" data-type=\"link\" data-id=\"https:\/\/www.eoidigital.com\/eoicat\/alumnes\/\" target=\"_blank\" rel=\"noreferrer noopener\">AQU\u00cd<\/a><\/p>\n","protected":false},"excerpt":{"rendered":"<p>INFORMACI\u00d3 GENERAL Podeu accedir al full informatiu del nivell C2 AQU\u00cd REQUISITS Pel que fa al primer curs de nivell [&hellip;]<\/p>\n","protected":false},"author":1,"featured_media":0,"parent":9080,"menu_order":3,"comment_status":"closed","ping_status":"closed","template":"","meta":{"_bbp_topic_count":0,"_bbp_reply_count":0,"_bbp_total_topic_count":0,"_bbp_total_reply_count":0,"_bbp_voice_count":0,"_bbp_anonymous_reply_count":0,"_bbp_topic_count_hidden":0,"_bbp_reply_count_hidden":0,"_bbp_forum_subforum_count":0,"site-sidebar-layout":"default","site-content-layout":"","ast-site-content-layout":"default","site-content-style":"default","site-sidebar-style":"default","ast-global-header-display":"","ast-banner-title-visibility":"","ast-main-header-display":"","ast-hfb-above-header-display":"","ast-hfb-below-header-display":"","ast-hfb-mobile-header-display":"","site-post-title":"","ast-breadcrumbs-content":"","ast-featured-img":"","footer-sml-layout":"","theme-transparent-header-meta":"","adv-header-id-meta":"","stick-header-meta":"","header-above-stick-meta":"","header-main-stick-meta":"","header-below-stick-meta":"","astra-migrate-meta-layouts":"set","ast-page-background-enabled":"default","ast-page-background-meta":{"desktop":{"background-color":"var(--ast-global-color-4)","background-image":"","background-repeat":"repeat","background-position":"center center","background-size":"auto","background-attachment":"scroll","background-type":"","background-media":"","overlay-type":"","overlay-color":"","overlay-opacity":"","overlay-gradient":""},"tablet":{"background-color":"","background-image":"","background-repeat":"repeat","background-position":"center center","background-size":"auto","background-attachment":"scroll","background-type":"","background-media":"","overlay-type":"","overlay-color":"","overlay-opacity":"","overlay-gradient":""},"mobile":{"background-color":"","background-image":"","background-repeat":"repeat","background-position":"center center","background-size":"auto","background-attachment":"scroll","background-type":"","background-media":"","overlay-type":"","overlay-color":"","overlay-opacity":"","overlay-gradient":""}},"ast-content-background-meta":{"desktop":{"background-color":"var(--ast-global-color-5)","background-image":"","background-repeat":"repeat","background-position":"center center","background-size":"auto","background-attachment":"scroll","background-type":"","background-media":"","overlay-type":"","overlay-color":"","overlay-opacity":"","overlay-gradient":""},"tablet":{"background-color":"var(--ast-global-color-5)","background-image":"","background-repeat":"repeat","background-position":"center center","background-size":"auto","background-attachment":"scroll","background-type":"","background-media":"","overlay-type":"","overlay-color":"","overlay-opacity":"","overlay-gradient":""},"mobile":{"background-color":"var(--ast-global-color-5)","background-image":"","background-repeat":"repeat","background-position":"center center","background-size":"auto","background-attachment":"scroll","background-type":"","background-media":"","overlay-type":"","overlay-color":"","overlay-opacity":"","overlay-gradient":""}},"footnotes":""},"class_list":["post-10252","page","type-page","status-publish","hentry"],"post_mailing_queue_ids":[],"_links":{"self":[{"href":"https:\/\/agora-eoi.xtec.cat\/eoisantacoloma\/wp-json\/wp\/v2\/pages\/10252","targetHints":{"allow":["GET"]}}],"collection":[{"href":"https:\/\/agora-eoi.xtec.cat\/eoisantacoloma\/wp-json\/wp\/v2\/pages"}],"about":[{"href":"https:\/\/agora-eoi.xtec.cat\/eoisantacoloma\/wp-json\/wp\/v2\/types\/page"}],"author":[{"embeddable":true,"href":"https:\/\/agora-eoi.xtec.cat\/eoisantacoloma\/wp-json\/wp\/v2\/users\/1"}],"replies":[{"embeddable":true,"href":"https:\/\/agora-eoi.xtec.cat\/eoisantacoloma\/wp-json\/wp\/v2\/comments?post=10252"}],"version-history":[{"count":6,"href":"https:\/\/agora-eoi.xtec.cat\/eoisantacoloma\/wp-json\/wp\/v2\/pages\/10252\/revisions"}],"predecessor-version":[{"id":10267,"href":"https:\/\/agora-eoi.xtec.cat\/eoisantacoloma\/wp-json\/wp\/v2\/pages\/10252\/revisions\/10267"}],"up":[{"embeddable":true,"href":"https:\/\/agora-eoi.xtec.cat\/eoisantacoloma\/wp-json\/wp\/v2\/pages\/9080"}],"wp:attachment":[{"href":"https:\/\/agora-eoi.xtec.cat\/eoisantacoloma\/wp-json\/wp\/v2\/media?parent=10252"}],"curies":[{"name":"wp","href":"https:\/\/api.w.org\/{rel}","templated":true}]}}