{"id":9745,"date":"2024-04-25T13:18:32","date_gmt":"2024-04-25T11:18:32","guid":{"rendered":"https:\/\/agora-eoi.xtec.cat\/eoisalou\/?page_id=9745"},"modified":"2025-06-12T13:17:32","modified_gmt":"2025-06-12T11:17:32","slug":"trasllat-dexpedient","status":"publish","type":"page","link":"https:\/\/agora-eoi.xtec.cat\/eoisalou\/secretaria\/matricula\/trasllat-dexpedient\/","title":{"rendered":"Trasllat d&#8217;expedient"},"content":{"rendered":"<h4 style=\"text-align: justify;\"><span style=\"color: #008080;\">Trasllat d\u2019expedient<\/span><\/h4>\n<p style=\"text-align: justify;\">Els alumnes procedents d\u2019una altra EOI han de fer preinscripci\u00f3 i, en el cas que siguin admesos, hauran de demanar <span style=\"text-decoration: underline;\"><strong>\u00a0<a href=\"https:\/\/agora-eoi.xtec.cat\/eoisalou\/docs\/sol%c2%b7licitud-de-trasllat-dexpedient\/\">trasllat d\u2019expedient<\/a><\/strong><\/span> en formalitzar la seva matr\u00edcula a l\u2019EOI de Salou.<\/p>\n<hr \/>\n<h4 style=\"text-align: justify;\"><span style=\"color: #008080;\">Trasllat de l\u2019alumnat durant el curs acad\u00e8mic<\/span><\/h4>\n<p style=\"text-align: justify;\">Si despr\u00e9s de formalitzar la matr\u00edcula en un centre, un alumne demana poder continuar el curs en un altre centre, el trasllat s\u2019anomena trasllat de matr\u00edcula viva. El termini per efectuar trasllats de matr\u00edcula viva finalitzar\u00e0 <strong>el darrer dia h\u00e0bil del mes d\u2019abril.<\/strong>.<\/p>\n<p style=\"text-align: justify;\">Abans de formalitzar un\u00a0<strong>trasllat de matr\u00edcula viva<\/strong>, cal assegurar-se que a l\u2019EOI de destinaci\u00f3 hi ha una pla\u00e7a vacant en l\u2019idioma, curs i horari desitjats.<\/p>\n<ul style=\"text-align: justify;\">\n<li>La sol\u00b7licitud de matr\u00edcula es far\u00e0 al centre de destinaci\u00f3 mitjan\u00e7ant el model <strong style=\"font-family: inherit; font-size: 1em;\"><span style=\"text-decoration: underline;\"><a href=\"https:\/\/agora-eoi.xtec.cat\/eoisalou\/docs\/sol%c2%b7licitud-de-trasllat-dexpedient\/\">sol\u00b7licitud de trasllat d\u2019expedient <\/a><\/span><\/strong>i quedar\u00e0 condicionada a la disponibilitat de places en aquest centre. La documentaci\u00f3 que caldr\u00e0 aportar ser\u00e0 el full de pagament de la matr\u00edcula efectuada en el centre d\u2019origen, c\u00f2pia del DNI. En el moment de produir-se una vacant, l\u2019EOI de destinaci\u00f3 ho comunicar\u00e0 al sol\u00b7licitant.<\/li>\n<li>L\u2019EOI de destinaci\u00f3 tramitar\u00e0 d\u2019ofici el trasllat d\u2019expedient de l\u2019alumne\/a. En cas de no haver-hi vacants en l\u2019EOI de destinaci\u00f3, s\u2019obrir\u00e0 una llista d\u2019espera on els sol\u00b7licitants podran demanar els grups i horaris desitjats.<\/li>\n<\/ul>\n<p style=\"text-align: justify;\">Els trasllats de matr\u00edcula viva, entre EOIs de Catalunya, no tenen efectes econ\u00f2mics.\u00a0Els alumnes que arribin d\u2019una EOI d\u2019una altra comunitat aut\u00f2noma hauran de pagar la totalitat de la taxa per serveis acad\u00e8mics (Llei 20\/2001 de 28 de desembre de Taxes i Preus p\u00fablics de la Generalitat de Catalunya).<\/p>\n<hr \/>\n<h4 style=\"text-align: justify;\"><span style=\"color: #008080;\">Trasllat de l\u2019alumnat en per\u00edode no lectiu<\/span><\/h4>\n<p style=\"text-align: justify;\">Els alumnes\u00a0<strong>oficials<\/strong>, un cop formalitzada la matr\u00edcula al centre d\u2019origen, poden sol\u00b7licitar un trasllat de matr\u00edcula a una altra escola els dies\u00a0<strong>10 i 11 de juliol de 2025<\/strong>. La sol\u00b7licitud de matr\u00edcula es fa a l\u2019escola de destinaci\u00f3, i queda condicionada a la disponibilitat de places. L\u2019escola de destinaci\u00f3 es posar\u00e0 en contacte amb els alumnes per notificar l\u2019acceptaci\u00f3 o la denegaci\u00f3 del trasllat.<\/p>\n<p style=\"text-align: justify;\">En el moment de demanar el trasllat, l\u2019alumnat ha d\u2019aportar el full de pagament de la matr\u00edcula, c\u00f2pia del DNI juntament amb la <strong><span style=\"text-decoration: underline;\"><a href=\"https:\/\/agora-eoi.xtec.cat\/eoisalou\/docs\/sol%c2%b7licitud-de-trasllat-dexpedient\/\">sol\u00b7licitud de trasllat d&#8217;expedient<\/a>.<\/span><\/strong><\/p>\n","protected":false},"excerpt":{"rendered":"<p>Trasllat d\u2019expedient Els alumnes procedents d\u2019una altra EOI han de fer preinscripci\u00f3 i, en el cas que siguin admesos, hauran de demanar \u00a0trasllat d\u2019expedient en formalitzar la seva matr\u00edcula a l\u2019EOI de Salou. Trasllat de l\u2019alumnat durant el curs acad\u00e8mic Si despr\u00e9s de formalitzar la matr\u00edcula en un centre, un alumne demana poder continuar el [&hellip;]<\/p>\n","protected":false},"author":1,"featured_media":0,"parent":8161,"menu_order":30,"comment_status":"closed","ping_status":"closed","template":"page-templates\/side-menu.php","meta":{"_bbp_topic_count":0,"_bbp_reply_count":0,"_bbp_total_topic_count":0,"_bbp_total_reply_count":0,"_bbp_voice_count":0,"_bbp_anonymous_reply_count":0,"_bbp_topic_count_hidden":0,"_bbp_reply_count_hidden":0,"_bbp_forum_subforum_count":0,"site-sidebar-layout":"default","site-content-layout":"","ast-site-content-layout":"","site-content-style":"default","site-sidebar-style":"default","ast-global-header-display":"","ast-banner-title-visibility":"","ast-main-header-display":"","ast-hfb-above-header-display":"","ast-hfb-below-header-display":"","ast-hfb-mobile-header-display":"","site-post-title":"","ast-breadcrumbs-content":"","ast-featured-img":"","footer-sml-layout":"","theme-transparent-header-meta":"","adv-header-id-meta":"","stick-header-meta":"","header-above-stick-meta":"","header-main-stick-meta":"","header-below-stick-meta":"","astra-migrate-meta-layouts":"default","ast-page-background-enabled":"default","ast-page-background-meta":{"desktop":{"background-color":"var(--ast-global-color-4)","background-image":"","background-repeat":"repeat","background-position":"center center","background-size":"auto","background-attachment":"scroll","background-type":"","background-media":"","overlay-type":"","overlay-color":"","overlay-opacity":"","overlay-gradient":""},"tablet":{"background-color":"","background-image":"","background-repeat":"repeat","background-position":"center center","background-size":"auto","background-attachment":"scroll","background-type":"","background-media":"","overlay-type":"","overlay-color":"","overlay-opacity":"","overlay-gradient":""},"mobile":{"background-color":"","background-image":"","background-repeat":"repeat","background-position":"center center","background-size":"auto","background-attachment":"scroll","background-type":"","background-media":"","overlay-type":"","overlay-color":"","overlay-opacity":"","overlay-gradient":""}},"ast-content-background-meta":{"desktop":{"background-color":"var(--ast-global-color-5)","background-image":"","background-repeat":"repeat","background-position":"center center","background-size":"auto","background-attachment":"scroll","background-type":"","background-media":"","overlay-type":"","overlay-color":"","overlay-opacity":"","overlay-gradient":""},"tablet":{"background-color":"var(--ast-global-color-5)","background-image":"","background-repeat":"repeat","background-position":"center center","background-size":"auto","background-attachment":"scroll","background-type":"","background-media":"","overlay-type":"","overlay-color":"","overlay-opacity":"","overlay-gradient":""},"mobile":{"background-color":"var(--ast-global-color-5)","background-image":"","background-repeat":"repeat","background-position":"center center","background-size":"auto","background-attachment":"scroll","background-type":"","background-media":"","overlay-type":"","overlay-color":"","overlay-opacity":"","overlay-gradient":""}},"footnotes":""},"class_list":["post-9745","page","type-page","status-publish","hentry"],"post_mailing_queue_ids":[],"_links":{"self":[{"href":"https:\/\/agora-eoi.xtec.cat\/eoisalou\/wp-json\/wp\/v2\/pages\/9745","targetHints":{"allow":["GET"]}}],"collection":[{"href":"https:\/\/agora-eoi.xtec.cat\/eoisalou\/wp-json\/wp\/v2\/pages"}],"about":[{"href":"https:\/\/agora-eoi.xtec.cat\/eoisalou\/wp-json\/wp\/v2\/types\/page"}],"author":[{"embeddable":true,"href":"https:\/\/agora-eoi.xtec.cat\/eoisalou\/wp-json\/wp\/v2\/users\/1"}],"replies":[{"embeddable":true,"href":"https:\/\/agora-eoi.xtec.cat\/eoisalou\/wp-json\/wp\/v2\/comments?post=9745"}],"version-history":[{"count":6,"href":"https:\/\/agora-eoi.xtec.cat\/eoisalou\/wp-json\/wp\/v2\/pages\/9745\/revisions"}],"predecessor-version":[{"id":10096,"href":"https:\/\/agora-eoi.xtec.cat\/eoisalou\/wp-json\/wp\/v2\/pages\/9745\/revisions\/10096"}],"up":[{"embeddable":true,"href":"https:\/\/agora-eoi.xtec.cat\/eoisalou\/wp-json\/wp\/v2\/pages\/8161"}],"wp:attachment":[{"href":"https:\/\/agora-eoi.xtec.cat\/eoisalou\/wp-json\/wp\/v2\/media?parent=9745"}],"curies":[{"name":"wp","href":"https:\/\/api.w.org\/{rel}","templated":true}]}}