{"id":9607,"date":"2024-03-08T20:23:38","date_gmt":"2024-03-08T19:23:38","guid":{"rendered":"https:\/\/agora-eoi.xtec.cat\/eoisalou\/?page_id=9607"},"modified":"2024-03-09T23:37:46","modified_gmt":"2024-03-09T22:37:46","slug":"permanencia-en-els-estudis","status":"publish","type":"page","link":"https:\/\/agora-eoi.xtec.cat\/eoisalou\/secretaria\/permanencia-en-els-estudis\/","title":{"rendered":"Perman\u00e8ncia en els estudis"},"content":{"rendered":"<div class=\"entry-content\">\n<table style=\"width: 100.059172%; height: 52px;\">\n<tbody>\n<tr style=\"background-color: #04d1bd;\">\n<td>\n<h4 style=\"text-align: center;\"><span style=\"color: #000000;\"><strong>NOMBRE DE MATRICULACIONS<\/strong><\/span><\/h4>\n<\/td>\n<\/tr>\n<\/tbody>\n<\/table>\n<p>Dins de cada nivell, l\u2019alumnat t\u00e9 dret a romandre matriculat en el r\u00e8gim d\u2019ensenyament oficial, modalitat presencial, durant un m\u00e0xim de cursos acad\u00e8mics equivalents al doble dels cursos de qu\u00e8 consta el nivell per a l\u2019idioma corresponent.<\/p>\n<table style=\"width: 100%; height: 455px;\">\n<tbody>\n<tr style=\"height: 50px; background-color: #98bff5;\">\n<td style=\"text-align: center; height: 50px;\">\n<h5><span style=\"color: #000000;\"><strong>NIVELL<\/strong><\/span><\/h5>\n<\/td>\n<td style=\"text-align: center; height: 50px;\">\n<h5><span style=\"color: #000000;\"><strong>NOMBRE DE MATRICULACIONS<\/strong><\/span><\/h5>\n<\/td>\n<\/tr>\n<tr style=\"height: 57px;\">\n<td style=\"height: 57px;\"><strong><span style=\"color: #000000;\">Nivell B\u00e0sic (cursos A1 i A2)<\/span><\/strong><\/td>\n<td style=\"height: 57px;\"><span style=\"color: #000000;\">es podr\u00e0 matricular dins d\u2019aquest nivell un<\/span><strong><span style=\"color: #000000;\"> m\u00e0xim de 4 vegades<\/span><\/strong><\/td>\n<\/tr>\n<tr style=\"height: 87px; background-color: #d7edf5;\">\n<td style=\"height: 87px; text-align: justify;\"><span style=\"color: #000000;\"><strong>Nivell Intermedi (curs B1)<\/strong><\/span><\/td>\n<td style=\"height: 87px; text-align: justify;\"><span style=\"color: #000000;\">es podr\u00e0 matricular dins d\u2019aquest nivell un <strong>m\u00e0xim de 2 vegades<\/strong><\/span><\/td>\n<\/tr>\n<tr style=\"height: 87px;\">\n<td style=\"height: 87px;\"><span style=\"color: #000000;\"><strong>Nivell Intermedi (cursos B2.1 i B2.2)<\/strong><\/span><\/td>\n<td style=\"height: 87px;\"><span style=\"color: #000000;\">es podr\u00e0 matricular dins d\u2019aquest nivell un <strong>m\u00e0xim de 4 vegades<\/strong><\/span><\/td>\n<\/tr>\n<tr style=\"height: 87px; background-color: #d7edf5;\">\n<td style=\"height: 87px;\"><span style=\"color: #000000;\"><strong>Nivell Avan\u00e7at (curs C1)<\/strong><\/span><\/td>\n<td style=\"height: 87px;\"><span style=\"color: #000000;\">es podr\u00e0 matricular dins d\u2019aquest nivell un <strong>m\u00e0xim de 2 vegades<\/strong><\/span><\/td>\n<\/tr>\n<tr style=\"height: 87px;\">\n<td style=\"height: 87px;\"><span style=\"color: #000000;\"><strong>Nivell Avan\u00e7at (cursos C2.1 i C2.2)<\/strong><\/span><\/td>\n<td style=\"height: 87px;\"><span style=\"color: #000000;\">es podr\u00e0 matricular dins d\u2019aquest nivell un <strong>m\u00e0xim de 4 vegades<\/strong><\/span><\/td>\n<\/tr>\n<\/tbody>\n<\/table>\n<table style=\"width: 99.952172%;\">\n<tbody>\n<tr style=\"background-color: #d2d2d4;\">\n<td style=\"width: 36.67144%;\"><strong>Si s\u2019ha accedit directament a A2 o B2.2<\/strong><\/td>\n<td style=\"width: 90.417051%;\">es podr\u00e0 matricular dins d\u2019aquest curs un m\u00e0xim de <strong>2 vegades<\/strong><\/td>\n<\/tr>\n<\/tbody>\n<\/table>\n<p>En cas de <strong>ren\u00fancia<\/strong> durant l\u2019any acad\u00e8mic, el curs no computar\u00e0 a efectes de repeticions.<\/p>\n<p>&nbsp;<\/p>\n<table style=\"width: 101.046729%; height: 63px;\">\n<tbody>\n<tr style=\"background-color: #04d1bd;\">\n<td>\n<h4 style=\"text-align: center;\"><span style=\"color: #000000;\"><strong>CONVOCAT\u00d2RIA ADDICIONAL<\/strong><\/span><\/h4>\n<\/td>\n<\/tr>\n<\/tbody>\n<\/table>\n<p>En situacions excepcionals que ha de valorar la direcci\u00f3 de l\u2019escola, i sempre que no representi fer el mateix curs per quarta vegada, es podr\u00e0 autoritzar la repetici\u00f3 o perman\u00e8ncia d\u2019un curs m\u00e9s a l\u2019alumnat que ho sol\u00b7liciti quan ja hagi superat el nombre m\u00e0xim de cursos de perman\u00e8ncia autoritzats amb car\u00e0cter general per al nivell corresponent.<\/p>\n<p>Es podr\u00e0 concedir <strong>una \u00fanica convocat\u00f2ria addicional per nivell<\/strong>.<\/p>\n<\/div>\n","protected":false},"excerpt":{"rendered":"<p>NOMBRE DE MATRICULACIONS Dins de cada nivell, l\u2019alumnat t\u00e9 dret a romandre matriculat en el r\u00e8gim d\u2019ensenyament oficial, modalitat presencial, durant un m\u00e0xim de cursos acad\u00e8mics equivalents al doble dels cursos de qu\u00e8 consta el nivell per a l\u2019idioma corresponent. NIVELL NOMBRE DE MATRICULACIONS Nivell B\u00e0sic (cursos A1 i A2) es podr\u00e0 matricular dins d\u2019aquest [&hellip;]<\/p>\n","protected":false},"author":1,"featured_media":0,"parent":8358,"menu_order":60,"comment_status":"closed","ping_status":"closed","template":"page-templates\/side-menu.php","meta":{"_bbp_topic_count":0,"_bbp_reply_count":0,"_bbp_total_topic_count":0,"_bbp_total_reply_count":0,"_bbp_voice_count":0,"_bbp_anonymous_reply_count":0,"_bbp_topic_count_hidden":0,"_bbp_reply_count_hidden":0,"_bbp_forum_subforum_count":0,"site-sidebar-layout":"default","site-content-layout":"","ast-site-content-layout":"","site-content-style":"default","site-sidebar-style":"default","ast-global-header-display":"","ast-banner-title-visibility":"","ast-main-header-display":"","ast-hfb-above-header-display":"","ast-hfb-below-header-display":"","ast-hfb-mobile-header-display":"","site-post-title":"","ast-breadcrumbs-content":"","ast-featured-img":"","footer-sml-layout":"","theme-transparent-header-meta":"","adv-header-id-meta":"","stick-header-meta":"","header-above-stick-meta":"","header-main-stick-meta":"","header-below-stick-meta":"","astra-migrate-meta-layouts":"default","ast-page-background-enabled":"default","ast-page-background-meta":{"desktop":{"background-color":"var(--ast-global-color-4)","background-image":"","background-repeat":"repeat","background-position":"center center","background-size":"auto","background-attachment":"scroll","background-type":"","background-media":"","overlay-type":"","overlay-color":"","overlay-opacity":"","overlay-gradient":""},"tablet":{"background-color":"","background-image":"","background-repeat":"repeat","background-position":"center center","background-size":"auto","background-attachment":"scroll","background-type":"","background-media":"","overlay-type":"","overlay-color":"","overlay-opacity":"","overlay-gradient":""},"mobile":{"background-color":"","background-image":"","background-repeat":"repeat","background-position":"center center","background-size":"auto","background-attachment":"scroll","background-type":"","background-media":"","overlay-type":"","overlay-color":"","overlay-opacity":"","overlay-gradient":""}},"ast-content-background-meta":{"desktop":{"background-color":"var(--ast-global-color-5)","background-image":"","background-repeat":"repeat","background-position":"center center","background-size":"auto","background-attachment":"scroll","background-type":"","background-media":"","overlay-type":"","overlay-color":"","overlay-opacity":"","overlay-gradient":""},"tablet":{"background-color":"var(--ast-global-color-5)","background-image":"","background-repeat":"repeat","background-position":"center center","background-size":"auto","background-attachment":"scroll","background-type":"","background-media":"","overlay-type":"","overlay-color":"","overlay-opacity":"","overlay-gradient":""},"mobile":{"background-color":"var(--ast-global-color-5)","background-image":"","background-repeat":"repeat","background-position":"center center","background-size":"auto","background-attachment":"scroll","background-type":"","background-media":"","overlay-type":"","overlay-color":"","overlay-opacity":"","overlay-gradient":""}},"footnotes":""},"class_list":["post-9607","page","type-page","status-publish","hentry"],"post_mailing_queue_ids":[],"_links":{"self":[{"href":"https:\/\/agora-eoi.xtec.cat\/eoisalou\/wp-json\/wp\/v2\/pages\/9607","targetHints":{"allow":["GET"]}}],"collection":[{"href":"https:\/\/agora-eoi.xtec.cat\/eoisalou\/wp-json\/wp\/v2\/pages"}],"about":[{"href":"https:\/\/agora-eoi.xtec.cat\/eoisalou\/wp-json\/wp\/v2\/types\/page"}],"author":[{"embeddable":true,"href":"https:\/\/agora-eoi.xtec.cat\/eoisalou\/wp-json\/wp\/v2\/users\/1"}],"replies":[{"embeddable":true,"href":"https:\/\/agora-eoi.xtec.cat\/eoisalou\/wp-json\/wp\/v2\/comments?post=9607"}],"version-history":[{"count":6,"href":"https:\/\/agora-eoi.xtec.cat\/eoisalou\/wp-json\/wp\/v2\/pages\/9607\/revisions"}],"predecessor-version":[{"id":9615,"href":"https:\/\/agora-eoi.xtec.cat\/eoisalou\/wp-json\/wp\/v2\/pages\/9607\/revisions\/9615"}],"up":[{"embeddable":true,"href":"https:\/\/agora-eoi.xtec.cat\/eoisalou\/wp-json\/wp\/v2\/pages\/8358"}],"wp:attachment":[{"href":"https:\/\/agora-eoi.xtec.cat\/eoisalou\/wp-json\/wp\/v2\/media?parent=9607"}],"curies":[{"name":"wp","href":"https:\/\/api.w.org\/{rel}","templated":true}]}}