{"id":9125,"date":"2023-11-13T13:49:50","date_gmt":"2023-11-13T12:49:50","guid":{"rendered":"https:\/\/agora-eoi.xtec.cat\/eoisalou\/?page_id=9125"},"modified":"2026-04-13T12:39:25","modified_gmt":"2026-04-13T10:39:25","slug":"programa-experimental-de-certificacio-de-llengues-estrangeres","status":"publish","type":"page","link":"https:\/\/agora-eoi.xtec.cat\/eoisalou\/programes\/programa-experimental-de-certificacio-de-llengues-estrangeres\/","title":{"rendered":"Programa de certificaci\u00f3 dels coneixements de lleng\u00fces estrangeres"},"content":{"rendered":"<h3 style=\"text-align: justify;\"><span style=\"color: #008080;\"><strong>Proves ordin\u00e0ries d\u2019alumnes del Programa de Certificaci\u00f3 de lleng\u00fces estrangeres (centres\u00a0<\/strong><\/span><strong><span style=\"color: #008080;\"><span style=\"caret-color: #008080;\">educatius)<\/span><\/span><\/strong><\/h3>\n<div>\n<p style=\"text-align: justify;\"><strong>Finalitat<\/strong><br \/>\nLa finalitat d&#8217;aquest programa \u00e9s fomentar, amb el suport de les Escoles Oficials d&#8217;Idiomes als centres educatius participants, la certificaci\u00f3 dels coneixements de llengua estrangera adquirits per l&#8217;alumnat de determinats ensenyaments de forma que s&#8217;afavoreixi el progr\u00e9s del rendiment acad\u00e8mic en les lleng\u00fces estrangeres i la millora de la transpar\u00e8ncia de les compet\u00e8ncies adquirides.<\/p>\n<p style=\"text-align: justify;\"><strong>Objectius espec\u00edfics<\/strong><br \/>\nEls objectius espec\u00edfics del Programa de certificaci\u00f3 dels coneixements de lleng\u00fces estrangeres en determinats ensenyaments, s\u00f3n els seg\u00fcents:<\/p>\n<p style=\"text-align: justify;\">a) Impulsar i facilitar la certificaci\u00f3 de la compet\u00e8ncia ling\u00fc\u00edstica en llengua estrangera dels alumnes de determinats ensenyaments.<br \/>\nb) Estimular la motivaci\u00f3 i el rendiment de l&#8217;alumnat en les mat\u00e8ries de lleng\u00fces estrangeres, amb accions en els diversos ensenyaments implicats i programades en el marc del projecte educatiu de centre i concretades a la programaci\u00f3 general anual.<br \/>\nc) Afavorir les vies que facilitin la cooperaci\u00f3 entre centres educatius, i entre aquests i les escoles oficials d&#8217;idiomes.<\/p>\n<\/div>\n<div style=\"text-align: justify;\">\n<p><strong>Oferta de nivells i idiomes<\/strong><br \/>\nL&#8217;oferta de nivells i d&#8217;idiomes ser\u00e0 la seg\u00fcent:<\/p>\n<ul>\n<li>Nivell intermedi B1 idiomes alemany, angl\u00e8s, \u00e0rab, franc\u00e8s, itali\u00e0 i xin\u00e8s.<\/li>\n<li><span style=\"font-family: inherit; font-size: 1em;\">Nivell intermedi B2 idiomes alemany, angl\u00e8s, \u00e0rab, franc\u00e8s, itali\u00e0 i xin\u00e8s.<\/span><\/li>\n<\/ul>\n<p style=\"text-align: justify;\"><span style=\"font-family: inherit; font-size: 1em;\">Els centres s\u00f3n els encarregats d\u2019inscriure el seu alumnat per mitj\u00e0 de l\u2019aplicaci\u00f3 que posa a disposici\u00f3 el Departament d\u2019Educaci\u00f3.<\/span><\/p>\n<h5 class=\"entry-title\"><strong style=\"color: #008080; font-size: 1.4375em;\">CURS 2025-2026<\/strong><\/h5>\n<p><a href=\"https:\/\/drive.google.com\/file\/d\/1sIo9AVE4A_65XnshbrLpmqeCtTYbEMCb\/view?usp=sharing\"><strong><span style=\"color: #ff0000;\"><span style=\"text-decoration: underline;\">Infografia sobre el proc\u00e9s d&#8217;inscripci\u00f3 a les proves del programa de certificaci\u00f3 per al curs 2025-2026<\/span><\/span><\/strong><\/a><\/p>\n<p>Els instituts preinscriuran i inscriuran els seus alumnes mitjan\u00e7ant el formulari que els proporciona el Departament d\u2019Educaci\u00f3. El termini d\u2019inscripci\u00f3 a les proves \u00e9s del <strong>2 al 10 de febrer de 2026<\/strong>, ambd\u00f3s inclosos.<\/p>\n<p>La realitzaci\u00f3 de les proves es far\u00e0 al mes d&#8217;abril del 2026. Es convocar\u00e0 l&#8217;alumnat individualment per fer la prova oral en dates posteriors.<\/p>\n<div>\n<p><strong>Prova escrita: 10 d\u2019abril de 2026, 16:00 h (cal estar al centre a les 15.30h)<\/strong><br \/>\nPublicaci\u00f3 de qualificacions provisionals: 18 de maig de 2026.<br \/>\nPublicaci\u00f3 de qualificacions definitives: 22 de maig de 2026.<\/p>\n<\/div>\n<div class=\"gmail_default\">\n<p><em style=\"font-size: 16px;\">Podeu consultar la informaci\u00f3 a la RESOLUCI\u00d3 EDF\/4287\/2025, de 19 de novembre, per la qual es convoquen proves lliures adre\u00e7ades als alumnes dels centres seleccionats per formar part del Programa de certificaci\u00f3 dels coneixements de lleng\u00fces estrangeres en determinats ensenyaments per al curs 2025-2026.<\/em><\/p>\n<\/div>\n<p>Podeu trobar m\u00e9s informaci\u00f3 a aquest<a href=\"https:\/\/drive.google.com\/file\/d\/1xdVUR9k3X5v1iaHuwAkmV37rnzskj-tz\/view?usp=sharing\"> <strong><span style=\"color: #ff0000;\"><span style=\"text-decoration: underline;\">enlla<\/span><\/span><\/strong><strong><span style=\"color: #ff0000;\"><span style=\"text-decoration: underline;\">\u00e7<\/span><\/span><\/strong><\/a>.<\/p>\n<\/div>\n<p><strong>Cal portar el DNI del candidat el dia de la prova.<\/strong><\/p>\n<div>\n<p>L\u2019EOI de Salou \u00e9s el centre de refer\u00e8ncia de l&#8217;Institut Berenguer d&#8217;Enten\u00e7a (d&#8217;Hospitalet de l&#8217;Infant) i de l&#8217;Institut Vila-seca (de Vila-seca).<\/p>\n<table style=\"border-collapse: collapse; width: 100%; height: 41px;\">\n<tbody>\n<tr style=\"height: 10px;\">\n<td style=\"height: 10px;\">\n<h4 style=\"text-align: center;\">Resultats de les proves<\/h4>\n<\/td>\n<\/tr>\n<tr style=\"height: 31px;\">\n<td style=\"width: 100%; text-align: center; height: 31px;\">Podeu consultar els resultats clicant <a href=\"https:\/\/aplicacions.gestioeducativa.gencat.cat\/ords\/pls\/apex\/f?p=2011025:LOGIN:307936510107811:::::\">AQU\u00cd<\/a>.<\/td>\n<\/tr>\n<\/tbody>\n<\/table>\n<\/div>\n<p>&nbsp;<\/p>\n","protected":false},"excerpt":{"rendered":"<p>Proves ordin\u00e0ries d\u2019alumnes del Programa de Certificaci\u00f3 de lleng\u00fces estrangeres (centres\u00a0educatius) Finalitat La finalitat d&#8217;aquest programa \u00e9s fomentar, amb el suport de les Escoles Oficials d&#8217;Idiomes als centres educatius participants, la certificaci\u00f3 dels coneixements de llengua estrangera adquirits per l&#8217;alumnat de determinats ensenyaments de forma que s&#8217;afavoreixi el progr\u00e9s del rendiment acad\u00e8mic en les lleng\u00fces [&hellip;]<\/p>\n","protected":false},"author":1,"featured_media":0,"parent":10034,"menu_order":10,"comment_status":"closed","ping_status":"closed","template":"","meta":{"_bbp_topic_count":0,"_bbp_reply_count":0,"_bbp_total_topic_count":0,"_bbp_total_reply_count":0,"_bbp_voice_count":0,"_bbp_anonymous_reply_count":0,"_bbp_topic_count_hidden":0,"_bbp_reply_count_hidden":0,"_bbp_forum_subforum_count":0,"site-sidebar-layout":"default","site-content-layout":"","ast-site-content-layout":"default","site-content-style":"default","site-sidebar-style":"default","ast-global-header-display":"","ast-banner-title-visibility":"","ast-main-header-display":"","ast-hfb-above-header-display":"","ast-hfb-below-header-display":"","ast-hfb-mobile-header-display":"","site-post-title":"","ast-breadcrumbs-content":"","ast-featured-img":"","footer-sml-layout":"","theme-transparent-header-meta":"default","adv-header-id-meta":"","stick-header-meta":"","header-above-stick-meta":"","header-main-stick-meta":"","header-below-stick-meta":"","astra-migrate-meta-layouts":"set","ast-page-background-enabled":"default","ast-page-background-meta":{"desktop":{"background-color":"var(--ast-global-color-4)","background-image":"","background-repeat":"repeat","background-position":"center center","background-size":"auto","background-attachment":"scroll","background-type":"","background-media":"","overlay-type":"","overlay-color":"","overlay-opacity":"","overlay-gradient":""},"tablet":{"background-color":"","background-image":"","background-repeat":"repeat","background-position":"center center","background-size":"auto","background-attachment":"scroll","background-type":"","background-media":"","overlay-type":"","overlay-color":"","overlay-opacity":"","overlay-gradient":""},"mobile":{"background-color":"","background-image":"","background-repeat":"repeat","background-position":"center center","background-size":"auto","background-attachment":"scroll","background-type":"","background-media":"","overlay-type":"","overlay-color":"","overlay-opacity":"","overlay-gradient":""}},"ast-content-background-meta":{"desktop":{"background-color":"var(--ast-global-color-5)","background-image":"","background-repeat":"repeat","background-position":"center center","background-size":"auto","background-attachment":"scroll","background-type":"","background-media":"","overlay-type":"","overlay-color":"","overlay-opacity":"","overlay-gradient":""},"tablet":{"background-color":"var(--ast-global-color-5)","background-image":"","background-repeat":"repeat","background-position":"center center","background-size":"auto","background-attachment":"scroll","background-type":"","background-media":"","overlay-type":"","overlay-color":"","overlay-opacity":"","overlay-gradient":""},"mobile":{"background-color":"var(--ast-global-color-5)","background-image":"","background-repeat":"repeat","background-position":"center center","background-size":"auto","background-attachment":"scroll","background-type":"","background-media":"","overlay-type":"","overlay-color":"","overlay-opacity":"","overlay-gradient":""}},"footnotes":""},"class_list":["post-9125","page","type-page","status-publish","hentry"],"post_mailing_queue_ids":[],"_links":{"self":[{"href":"https:\/\/agora-eoi.xtec.cat\/eoisalou\/wp-json\/wp\/v2\/pages\/9125","targetHints":{"allow":["GET"]}}],"collection":[{"href":"https:\/\/agora-eoi.xtec.cat\/eoisalou\/wp-json\/wp\/v2\/pages"}],"about":[{"href":"https:\/\/agora-eoi.xtec.cat\/eoisalou\/wp-json\/wp\/v2\/types\/page"}],"author":[{"embeddable":true,"href":"https:\/\/agora-eoi.xtec.cat\/eoisalou\/wp-json\/wp\/v2\/users\/1"}],"replies":[{"embeddable":true,"href":"https:\/\/agora-eoi.xtec.cat\/eoisalou\/wp-json\/wp\/v2\/comments?post=9125"}],"version-history":[{"count":6,"href":"https:\/\/agora-eoi.xtec.cat\/eoisalou\/wp-json\/wp\/v2\/pages\/9125\/revisions"}],"predecessor-version":[{"id":10430,"href":"https:\/\/agora-eoi.xtec.cat\/eoisalou\/wp-json\/wp\/v2\/pages\/9125\/revisions\/10430"}],"up":[{"embeddable":true,"href":"https:\/\/agora-eoi.xtec.cat\/eoisalou\/wp-json\/wp\/v2\/pages\/10034"}],"wp:attachment":[{"href":"https:\/\/agora-eoi.xtec.cat\/eoisalou\/wp-json\/wp\/v2\/media?parent=9125"}],"curies":[{"name":"wp","href":"https:\/\/api.w.org\/{rel}","templated":true}]}}