{"id":8414,"date":"2023-12-15T14:55:48","date_gmt":"2023-12-15T13:55:48","guid":{"rendered":"http:\/\/agora-eoi.xtec.cat\/eoisalou\/?page_id=8414"},"modified":"2025-10-10T13:59:01","modified_gmt":"2025-10-10T11:59:01","slug":"biblioteca","status":"publish","type":"page","link":"https:\/\/agora-eoi.xtec.cat\/eoisalou\/serveis\/biblioteca\/","title":{"rendered":"Pr\u00e9stec de llibres"},"content":{"rendered":"\r\n\t<div class=\"slideshow_container slideshow_container_style-light\" style=\"height: 200px; \" data-slideshow-id=\"31\" data-style-name=\"style-light\" data-style-version=\"2.3.1\" >\r\n\r\n\t\t\t\t\t<div class=\"slideshow_loading_icon\"><\/div>\r\n\t\t\r\n\t\t<div class=\"slideshow_content\" style=\"display: none;\">\r\n\r\n\t\t\t<div class=\"slideshow_view\">\r\n\t\t\t\t<div class=\"slideshow_slide slideshow_slide_image\">\r\n\t\t\t\t\t\t\t\t\t\t\t<img src=\"https:\/\/agora-eoi.xtec.cat\/eoisalou\/wp-content\/uploads\/usu2266\/2016\/06\/biblioteca-fons-nova.jpg\" alt=\"biblioteca-fons-nova\" width=\"694\" height=\"422\" \/>\r\n\t\t\t\t\t\t\t\t\t\t<div class=\"slideshow_description_box slideshow_transparent\">\r\n\t\t\t\t\t\t<div class=\"slideshow_title\">biblioteca-fons-nova<\/div>\t\t\t\t\t\t\t\t\t\t\t<\/div>\r\n\t\t\t\t<\/div>\r\n\r\n\t\t\t\t\t\t<div style=\"clear: both;\"><\/div><\/div><div class=\"slideshow_view\">\r\n\t\t\t\t<div class=\"slideshow_slide slideshow_slide_image\">\r\n\t\t\t\t\t\t\t\t\t\t\t<img src=\"https:\/\/agora-eoi.xtec.cat\/eoisalou\/wp-content\/uploads\/usu2266\/2016\/06\/biblioteca-fons-antiga.jpg\" alt=\"biblioteca-fons-antiga\" width=\"694\" height=\"422\" \/>\r\n\t\t\t\t\t\t\t\t\t\t<div class=\"slideshow_description_box slideshow_transparent\">\r\n\t\t\t\t\t\t<div class=\"slideshow_title\">biblioteca-fons-antiga<\/div>\t\t\t\t\t\t\t\t\t\t\t<\/div>\r\n\t\t\t\t<\/div>\r\n\r\n\t\t\t\t\t\t<div style=\"clear: both;\"><\/div><\/div>\r\n\t\t<\/div>\r\n\r\n\t\t<div class=\"slideshow_controlPanel slideshow_transparent\" style=\"display: none;\"><ul><li class=\"slideshow_togglePlay\" data-play-text=\"Visualitza\" data-pause-text=\"Pausa\"><\/li><\/ul><\/div>\r\n\r\n\t\t<div class=\"slideshow_button slideshow_previous slideshow_transparent\" role=\"button\" data-previous-text=\"Anterior\" style=\"display: none;\"><\/div>\r\n\t\t<div class=\"slideshow_button slideshow_next slideshow_transparent\" role=\"button\" data-next-text=\"Seg\u00fcent\" style=\"display: none;\"><\/div>\r\n\r\n\t\t<div class=\"slideshow_pagination\" style=\"display: none;\" data-go-to-text=\"V\u00e9s a la diapositiva\"><div class=\"slideshow_pagination_center\"><\/div><\/div>\r\n\r\n\t\t<!-- WordPress Slideshow Version 2.3.1 -->\r\n\r\n\t\t\t<\/div>\r\n\r\n\n<h4>NORMATIVA<\/h4>\n<p><strong>Actualment el servei de pr\u00e9stec de llibres es fa mitjan\u00e7ant el professorat.<\/strong><\/p>\n<p><span style=\"font-weight: 400;\"><strong>Usuaris del Servei de pr\u00e9stec<\/strong>: Per poder rebre aquest servei, \u00e9s requisit indispensable ser alumne\/a matriculat en l\u2019any lectiu en curs i\u00a0 haver fet efectiva la totalitat de les taxes i\/o preus p\u00fablics.<\/span><\/p>\n<p><span style=\"font-weight: 400;\"><strong>Durada i condicions de pr\u00e9stec<\/strong>:<\/span><\/p>\n<p><span style=\"font-weight: 400;\">Tot l\u2019alumnat tindr\u00e0 acc\u00e9s a l\u2019inventari digitalitzat del que disposa el centre consultable en <\/span><span style=\"font-weight: 400;\">aquests enlla\u00e7os: <a href=\"https:\/\/docs.google.com\/spreadsheets\/d\/1jhyYBZPGXRo4idTQRuficbvYb4co-BFi\/edit?usp=sharing&amp;ouid=115184018358973255052&amp;rtpof=true&amp;sd=true\"><span style=\"text-decoration: underline;\"><strong>angl\u00e8s<\/strong><\/span><\/a> i <strong><span style=\"text-decoration: underline;\"><a href=\"https:\/\/docs.google.com\/spreadsheets\/d\/1U9EV8IodO1em7M0Y9cfQKeyYzqcHk-Ac\/edit?usp=sharing&amp;ouid=115184018358973255052&amp;rtpof=true&amp;sd=true\">franc\u00e8s<\/a><\/span><\/strong>.<\/span><\/p>\n<p><span style=\"font-weight: 400;\">El servei de pr\u00e9stec es far\u00e0 a trav\u00e9s de l\u2019aula i directament amb el professorat.<\/span><\/p>\n<p><span style=\"font-weight: 400;\">La reserva es far\u00e0 digitalment a trav\u00e9s de la missatgeria de moodle de l\u2019aula corresponent.<\/span><\/p>\n<p><span style=\"font-weight: 400;\">Cada alumne pot retirar 1 obra durant 2 setmanes. El pr\u00e9stec no tindr\u00e0 <\/span><span style=\"font-weight: 400;\">pr\u00f2rroga si hi ha un altre alumne en espera. La renovaci\u00f3 del pr\u00e9stec s\u2019haur\u00e0 de sol\u00b7licitar sempre.<\/span><\/p>\n<p><b><i>Sancions<\/i><\/b><span style=\"font-weight: 400;\">: La sostracci\u00f3 i\/o no retorn del material prestat pot ser constitutiu d\u2019un expedient disciplinari.<\/span><\/p>\n<p><b><i>Nota<\/i><\/b><span style=\"font-weight: 400;\">: Els llibres no es poden guixar ni subratllar ni marcar ni malmetre. En cas que alguna d\u2019aquestes incid\u00e8ncies es produeixi, o b\u00e9 que es perdi el document deixat en pr\u00e9stec, l\u2019alumne\/a \u00e9s responsable de retornar-ne un exemplar. Per tal de retornar qualsevol document, ho heu de comunicar al vostre professor\/a\u00a0<\/span><\/p>\n<p><span style=\"font-weight: 400;\">\u00a0<\/span><\/p>\n<p><span style=\"font-weight: 400;\">Els alumnes poden fer suggeriments per a l\u2019adquisici\u00f3 de nous t\u00edtols en tot moment.<\/span><\/p>\n<p><span style=\"font-weight: 400;\">Queda prohibida la reproducci\u00f3 total o parcial dels documents prestats.<\/span><\/p>\n","protected":false},"excerpt":{"rendered":"<p>NORMATIVA Actualment el servei de pr\u00e9stec de llibres es fa mitjan\u00e7ant el professorat. Usuaris del Servei de pr\u00e9stec: Per poder rebre aquest servei, \u00e9s requisit indispensable ser alumne\/a matriculat en l\u2019any lectiu en curs i\u00a0 haver fet efectiva la totalitat de les taxes i\/o preus p\u00fablics. Durada i condicions de pr\u00e9stec: Tot l\u2019alumnat tindr\u00e0 acc\u00e9s [&hellip;]<\/p>\n","protected":false},"author":1,"featured_media":0,"parent":8411,"menu_order":20,"comment_status":"closed","ping_status":"closed","template":"","meta":{"_bbp_topic_count":0,"_bbp_reply_count":0,"_bbp_total_topic_count":0,"_bbp_total_reply_count":0,"_bbp_voice_count":0,"_bbp_anonymous_reply_count":0,"_bbp_topic_count_hidden":0,"_bbp_reply_count_hidden":0,"_bbp_forum_subforum_count":0,"site-sidebar-layout":"default","site-content-layout":"","ast-site-content-layout":"default","site-content-style":"default","site-sidebar-style":"default","ast-global-header-display":"","ast-banner-title-visibility":"","ast-main-header-display":"","ast-hfb-above-header-display":"","ast-hfb-below-header-display":"","ast-hfb-mobile-header-display":"","site-post-title":"","ast-breadcrumbs-content":"","ast-featured-img":"","footer-sml-layout":"","theme-transparent-header-meta":"default","adv-header-id-meta":"","stick-header-meta":"","header-above-stick-meta":"","header-main-stick-meta":"","header-below-stick-meta":"","astra-migrate-meta-layouts":"set","ast-page-background-enabled":"default","ast-page-background-meta":{"desktop":{"background-color":"var(--ast-global-color-4)","background-image":"","background-repeat":"repeat","background-position":"center center","background-size":"auto","background-attachment":"scroll","background-type":"","background-media":"","overlay-type":"","overlay-color":"","overlay-opacity":"","overlay-gradient":""},"tablet":{"background-color":"","background-image":"","background-repeat":"repeat","background-position":"center center","background-size":"auto","background-attachment":"scroll","background-type":"","background-media":"","overlay-type":"","overlay-color":"","overlay-opacity":"","overlay-gradient":""},"mobile":{"background-color":"","background-image":"","background-repeat":"repeat","background-position":"center center","background-size":"auto","background-attachment":"scroll","background-type":"","background-media":"","overlay-type":"","overlay-color":"","overlay-opacity":"","overlay-gradient":""}},"ast-content-background-meta":{"desktop":{"background-color":"var(--ast-global-color-5)","background-image":"","background-repeat":"repeat","background-position":"center center","background-size":"auto","background-attachment":"scroll","background-type":"","background-media":"","overlay-type":"","overlay-color":"","overlay-opacity":"","overlay-gradient":""},"tablet":{"background-color":"var(--ast-global-color-5)","background-image":"","background-repeat":"repeat","background-position":"center center","background-size":"auto","background-attachment":"scroll","background-type":"","background-media":"","overlay-type":"","overlay-color":"","overlay-opacity":"","overlay-gradient":""},"mobile":{"background-color":"var(--ast-global-color-5)","background-image":"","background-repeat":"repeat","background-position":"center center","background-size":"auto","background-attachment":"scroll","background-type":"","background-media":"","overlay-type":"","overlay-color":"","overlay-opacity":"","overlay-gradient":""}},"footnotes":""},"class_list":["post-8414","page","type-page","status-publish","hentry"],"post_mailing_queue_ids":[],"_links":{"self":[{"href":"https:\/\/agora-eoi.xtec.cat\/eoisalou\/wp-json\/wp\/v2\/pages\/8414","targetHints":{"allow":["GET"]}}],"collection":[{"href":"https:\/\/agora-eoi.xtec.cat\/eoisalou\/wp-json\/wp\/v2\/pages"}],"about":[{"href":"https:\/\/agora-eoi.xtec.cat\/eoisalou\/wp-json\/wp\/v2\/types\/page"}],"author":[{"embeddable":true,"href":"https:\/\/agora-eoi.xtec.cat\/eoisalou\/wp-json\/wp\/v2\/users\/1"}],"replies":[{"embeddable":true,"href":"https:\/\/agora-eoi.xtec.cat\/eoisalou\/wp-json\/wp\/v2\/comments?post=8414"}],"version-history":[{"count":6,"href":"https:\/\/agora-eoi.xtec.cat\/eoisalou\/wp-json\/wp\/v2\/pages\/8414\/revisions"}],"predecessor-version":[{"id":10299,"href":"https:\/\/agora-eoi.xtec.cat\/eoisalou\/wp-json\/wp\/v2\/pages\/8414\/revisions\/10299"}],"up":[{"embeddable":true,"href":"https:\/\/agora-eoi.xtec.cat\/eoisalou\/wp-json\/wp\/v2\/pages\/8411"}],"wp:attachment":[{"href":"https:\/\/agora-eoi.xtec.cat\/eoisalou\/wp-json\/wp\/v2\/media?parent=8414"}],"curies":[{"name":"wp","href":"https:\/\/api.w.org\/{rel}","templated":true}]}}