{"id":797,"date":"2015-11-28T21:06:57","date_gmt":"2015-11-28T20:06:57","guid":{"rendered":"http:\/\/agora-eoi.xtec.cat\/eoisalou\/?page_id=797"},"modified":"2025-07-04T13:06:18","modified_gmt":"2025-07-04T11:06:18","slug":"presentacio","status":"publish","type":"page","link":"https:\/\/agora-eoi.xtec.cat\/eoisalou\/el-servei-educatiu\/presentacio\/","title":{"rendered":"Qui som"},"content":{"rendered":"<p style=\"text-align: justify;\">L&#8217;<strong>Escola Oficial d&#8217;Idiomes de Salou\u00a0<\/strong>es va inaugurar el setembre de 2007 per iniciativa del Departament d&#8217;Educaci\u00f3 de la Generalitat de Catalunya. \u00c9s un centre p\u00fablic, no universitari, d&#8217;ensenyament d&#8217;idiomes modern que imparteix els ensenyaments especialitzats regulats per la Llei org\u00e0nica d&#8217;educaci\u00f3 (LOE).<\/p>\n<p style=\"text-align: justify;\">Les Escoles Oficials d\u2019Idiomes s\u00f3n centres p\u00fablics destinats a l\u2019aprenentatge de lleng\u00fces per a persones adultes. La <strong>finalitat<\/strong> dels ensenyaments d\u2019idiomes que s\u2019hi imparteixen \u00e9s el desenvolupament de:<\/p>\n<p style=\"text-align: justify;\">\u2013 la capacitat de l\u2019alumnat en l\u2019\u00fas efectiu de l\u2019idioma com a vehicle de comunicaci\u00f3 general<br \/>\n\u2013 el reconeixement i el respecte a la diversitat ling\u00fc\u00edstica i cultural com a eina de di\u00e0leg entre els pobles<\/p>\n<p style=\"text-align: justify;\">A l&#8217;EOI de Salou es poden estudiar <strong>2 idiomes<\/strong>: angl\u00e8s i franc\u00e8s.<\/p>\n<p style=\"text-align: justify;\"><strong><span style=\"color: #008080;\">CERTIFICATS<\/span><br \/>\n<\/strong>Les escoles oficials d&#8217;idiomes tamb\u00e9 gestionen les <span data-reader-unique-id=\"8\"><a href=\"https:\/\/educacio.gencat.cat\/ca\/serveis-tramits\/proves\/proves-lliures-obtencio-titols\/convocat-ordinaria-idiomes\/\" data-reader-unique-id=\"9\">certificacions acad\u00e8miques<\/a><\/span> corresponents a aquests ensenyaments especialitzats. <strong>Aquestes certificacions s\u00f3n reconegudes arreu de l&#8217;Estat espanyol, s\u00f3n les \u00faniques oficials<\/strong>, estan validades pel Consell d&#8217;Europa per mitj\u00e0 del Marc Europeu de Refer\u00e8ncia i es poden obtenir tant en convocat\u00f2ria oficial, com en convocat\u00f2ria lliure.<\/p>\n<p><strong><span style=\"color: #008080;\">ERASMUS<\/span><br \/>\n<\/strong>L&#8217;EOI Salou t\u00e9 l&#8217;acreditaci\u00f3 com a Centre Erasmus en l&#8217;\u00e0mbit d&#8217;Educaci\u00f3 de Persones Adultes amb validesa: 01-02-2024 al 31-12-2027. Actualment l&#8217;escola est\u00e0 inmersa en movilitats de professorat i alumnat.<\/p>\n<p><strong><span style=\"color: #008080;\">COL\u00b7LABORACIONS<\/span><br \/>\n<\/strong>L\u2019EOI Salou col\u00b7labora en diferents programes del Departament d\u2019Educaci\u00f3:<\/p>\n<p>\u2013 Programa de Certificaci\u00f3 de Lleng\u00fces Estrangeres (<a href=\"https:\/\/agora-eoi.xtec.cat\/eoisalou\/programa-experimental-de-certificacio-de-llengues-estrangeres\/\">info<\/a>)<br \/>\n\u2013 Formaci\u00f3 de professorat (<a href=\"https:\/\/agora-eoi.xtec.cat\/eoisalou\/cursos\/pla-dimpuls-de-langles-pia\/\">info<\/a>)<br \/>\n\u2013 EOI&amp;FP Together (<a href=\"https:\/\/agora-eoi.xtec.cat\/eoisalou\/programa-fp-and-eoi-together\/\">info<\/a>)<\/p>\n<p><iframe loading=\"lazy\" title=\"YouTube video player\" src=\"https:\/\/www.youtube.com\/embed\/bUiD0KP5OkU?si=L-QplIx9PwAjLz0J\" width=\"560\" height=\"315\" frameborder=\"0\" allowfullscreen=\"allowfullscreen\"><\/iframe><\/p>\n<p><span data-reader-unique-id=\"16\"><strong><span style=\"color: #008080;\">ELS ENSENYAMENTS D&#8217;IDIOMES A LES EOIs<\/span><br \/>\n<\/strong>El\u00a0\u00a0<a href=\"https:\/\/eur03.safelinks.protection.outlook.com\/?url=https%3A%2F%2Fdogc.gencat.cat%2Fca%2Fdocument-del-dogc%2F%3FdocumentId%3D923138&amp;data=04%7C01%7Cidiomes.educacio%40gencat.cat%7Cc05fbfe69c004880421508da07eab3f9%7C3b9427dcd30e43bc8c06ff7253676fec%7C1%7C0%7C637831001861848614%7CUnknown%7CTWFpbGZsb3d8eyJWIjoiMC4wLjAwMDAiLCJQIjoiV2luMzIiLCJBTiI6Ik1haWwiLCJXVCI6Mn0%3D%7C3000&amp;sdata=XKpRUx3d5wXOHarCFnHofQ7jAs4gBbLPtFSGqnLgjL0%3D&amp;reserved=0\" target=\"_blank\" rel=\"noopener noreferrer\" data-saferedirecturl=\"https:\/\/www.google.com\/url?q=https:\/\/eur03.safelinks.protection.outlook.com\/?url%3Dhttps%253A%252F%252Fdogc.gencat.cat%252Fca%252Fdocument-del-dogc%252F%253FdocumentId%253D923138%26data%3D04%257C01%257Cidiomes.educacio%2540gencat.cat%257Cc05fbfe69c004880421508da07eab3f9%257C3b9427dcd30e43bc8c06ff7253676fec%257C1%257C0%257C637831001861848614%257CUnknown%257CTWFpbGZsb3d8eyJWIjoiMC4wLjAwMDAiLCJQIjoiV2luMzIiLCJBTiI6Ik1haWwiLCJXVCI6Mn0%253D%257C3000%26sdata%3DXKpRUx3d5wXOHarCFnHofQ7jAs4gBbLPtFSGqnLgjL0%253D%26reserved%3D0&amp;source=gmail&amp;ust=1647604594373000&amp;usg=AOvVaw3WTfWd_tbcPZwEIIcfJ-b-\" data-reader-unique-id=\"17\">DECRET 45\/2022, de 15 de mar\u00e7, pel qual s&#8217;estableix l&#8217;ordenaci\u00f3 dels ensenyaments d&#8217;idiomes de r\u00e8gim especial i el curr\u00edculum del nivell Intermedi de diversos idiomes.<\/a><\/span><\/p>\n<p style=\"text-align: justify;\" data-reader-unique-id=\"18\"><span data-reader-unique-id=\"19\">Tal com indica el mateix decret en la seva disposici\u00f3 derogat\u00f2ria, queden derogades les disposicions seg\u00fcents:<\/span><\/p>\n<ol style=\"list-style-type: lower-alpha;\">\n<li data-reader-unique-id=\"20\"><span data-reader-unique-id=\"21\">El Decret 4\/2009, de 13 de gener, pel qual s&#8217;estableix l&#8217;ordenaci\u00f3 i el curr\u00edculum dels ensenyaments d&#8217;idiomes de r\u00e8gim especial.<\/span><\/li>\n<li data-reader-unique-id=\"20\"><span style=\"font-family: inherit; font-size: 1em;\">El Decret 73\/2014, de 27 de maig, de modificaci\u00f3 del Decret 4\/2009, de 13 de gener, pel qual s&#8217;estableix l&#8217;ordenaci\u00f3 i el curr\u00edculum dels ensenyaments d&#8217;idiomes de r\u00e8gim especial.<\/span><\/li>\n<li data-reader-unique-id=\"20\"><span style=\"font-family: inherit; font-size: 1em;\">El Decret 186\/2015, de 25 d&#8217;agost, de modificaci\u00f3 del Decret 4\/2009, de 13 de gener, pel qual s&#8217;estableix l&#8217;ordenaci\u00f3 i el curr\u00edculum dels ensenyaments d&#8217;idiomes de r\u00e8gim especial, per incloure-hi l&#8217;idioma core\u00e0.<\/span><\/li>\n<li data-reader-unique-id=\"20\"><span style=\"font-family: inherit; font-size: 1em;\">El Decret 224\/2016, de 15 de mar\u00e7, de modificaci\u00f3 de l&#8217;article 10.2 del Decret 4\/2009, de 13 de gener, pel qual s&#8217;estableix l&#8217;ordenaci\u00f3 i el curr\u00edculum dels ensenyaments d&#8217;idiomes de r\u00e8gim especial.<\/span><\/li>\n<\/ol>\n<p data-reader-unique-id=\"28\"><span data-reader-unique-id=\"29\">Els annexos II i III estableixen el curr\u00edculum de diversos idiomes dels nivells\u00a0<strong data-reader-unique-id=\"30\">Intermedi B1<\/strong>\u00a0i\u00a0<strong data-reader-unique-id=\"31\">Intermedi B2<\/strong>.\u00a0Els corresponents als nivells B\u00e0sic A2, Avan\u00e7at C1 i Avan\u00e7at C2 es publicaran en un altre decret.<\/span><\/p>\n<p data-reader-unique-id=\"32\"><span data-reader-unique-id=\"33\">Tant el curr\u00edculum LOE com el curr\u00edculum LOMCE segueixen les recomanacions del Consell d\u2019Europa tal com es concreten en el\u00a0<strong data-reader-unique-id=\"34\">Marc Europeu Com\u00fa de Refer\u00e8ncia per a les Lleng\u00fces.<\/strong><\/span><\/p>\n<p data-reader-unique-id=\"35\"><span data-reader-unique-id=\"36\">\u00a0Per assolir aquesta finalitat, a les EOI es treballa per tal que l&#8217;alumnat:<\/span><\/p>\n<ul data-reader-unique-id=\"37\">\n<li data-reader-unique-id=\"38\"><span data-reader-unique-id=\"39\">Adquereixi les habilitats b\u00e0siques receptives i productives, tant del llenguatge oral com de l&#8217;escrit.<\/span><\/li>\n<li data-reader-unique-id=\"40\"><span data-reader-unique-id=\"41\">Desenvolupi estrat\u00e8gies comunicatives i de mediaci\u00f3 ling\u00fc\u00edstica.<\/span><\/li>\n<li data-reader-unique-id=\"42\"><span data-reader-unique-id=\"43\">Desenvolupi estrat\u00e8gies per a l&#8217;aprenentatge aut\u00f2nom i continu de lleng\u00fces, que puguin facilitar l&#8217;\u00fas de l&#8217;idioma en l&#8217;exercici d&#8217;activitats professionals i en altres \u00e0mbits de la cultura o d&#8217;inter\u00e8s personal.<\/span><\/li>\n<li data-reader-unique-id=\"44\"><span data-reader-unique-id=\"45\">Desenvolupi actituds positives envers la diversitat ling\u00fc\u00edstica i el pluralisme cultural del m\u00f3n actual.<\/span><\/li>\n<\/ul>\n<p style=\"text-align: justify;\"><strong><span style=\"color: #008080;\">MARC LEGAL<\/span><br \/>\n<\/strong>Els ensenyaments de les EOI a Catalunya s&#8217;inscriuen en el marc legal administratiu establert en els seg\u00fcents documents:<\/p>\n<ul style=\"text-align: justify;\">\n<li style=\"text-align: justify;\">Llei Org\u00e0nica 2\/2006, de 3 de maig, d&#8217;educaci\u00f3 (BOE 106, de 04\/05\/2006)<\/li>\n<li style=\"text-align: justify;\">Reial Decret 1629\/2006, de 29 de desembre, pel qual es fixen els aspectes b\u00e0sics del curr\u00edculum dels ensenyaments d\u2019idiomes de r\u00e8gim especial regulades per la Llei Org\u00e0nica 2\/2006, de 3 de maig.<\/li>\n<li style=\"text-align: justify;\">Decret 4\/2009, de 13 de gener, pel qual s&#8217;estableix l&#8217;ordenaci\u00f3 i el curr\u00edculum dels ensenyaments d&#8217;idiomes de r\u00e8gim especial per a l&#8217;\u00e0mbit de Catalunya (<a href=\"https:\/\/portaljuridic.gencat.cat\/ca\/document-del-pjur\/?documentId=498005\"><em>DOGC 5297 de 15\/01\/2009<\/em><\/a>).<\/li>\n<\/ul>\n<p style=\"text-align: justify;\"><strong><span style=\"color: #008080;\">MARC EUROPEU COM\u00da DE REFER\u00c8NCIA PER A LES LLENG\u00dcES<\/span><br \/>\n<\/strong>El pla d&#8217;estudis a les EOI s&#8217;estructura en tres nivells segons el nou curr\u00edculum dels ensenyaments d&#8217;idiomes establert a la LOE (Llei Org\u00e0nica d\u2019Educaci\u00f3 2\/2006, de 3 de maig). Poden comparar-se amb els nivells descrits pel Marc Europeu de Refer\u00e8ncia publicat pel Consell d&#8217;Europa.<\/p>\n<ul>\n<li style=\"text-align: justify;\"><a href=\"https:\/\/llengua.gencat.cat\/ca\/serveis\/informacio_i_difusio\/publicacions_en_linia\/classific_temes\/temes_materials_didactics\/marc_europeu_de_referencia_per_a_les_llengues\" target=\"_blank\" rel=\"noopener\">El Marc europeu com\u00fa de refer\u00e8ncia a les EOIs de Catalunya<\/a><\/li>\n<li style=\"text-align: justify;\"><a href=\"http:\/\/www.coe.int\/en\/web\/portfolio\" target=\"_blank\" rel=\"noopener\">European Language Portfolio<\/a><\/li>\n<li style=\"text-align: justify;\"><a href=\"http:\/\/www.ecml.at\/mtp2\/fte\/pdf\/C3_Epostl_E.pdf\" target=\"_blank\" rel=\"noopener\">Portfolio per als professors d&#8217;idiomes<\/a><\/li>\n<li style=\"text-align: justify;\"><a href=\"http:\/\/www.coe.int\/t\/dg4\/linguistic\/Manuel1_EN.asp#TopOfPage\" target=\"_blank\" rel=\"noopener\">Manual per a relacionar ex\u00e0mens amb el Marc Com\u00fa de Refer\u00e8ncia<\/a><\/li>\n<\/ul>\n<p><strong><span style=\"color: #008080;\">M\u00c9S INFORMACI\u00d3<\/span><\/strong><\/p>\n<ul>\n<li>Apartat de les <a href=\"https:\/\/xtec.gencat.cat\/ca\/curriculum\/idiomes-a-les-eoi\/\">Escoles oficials d&#8217;idiomes a la XTEC<\/a><\/li>\n<li><a href=\"https:\/\/triaeducativa.gencat.cat\/ca\/idiomes\/\" target=\"_blank\" rel=\"noopener\">Tria educativa I Idiomes a les EOI<\/a><\/li>\n<li><a href=\"https:\/\/sites.google.com\/xtec.cat\/areaeoi\/p\u00e0gina-principal\">Escoles Oficials d&#8217;Idiomes<\/a><\/li>\n<\/ul>\n","protected":false},"excerpt":{"rendered":"<p>L&#8217;Escola Oficial d&#8217;Idiomes de Salou\u00a0es va inaugurar el setembre de 2007 per iniciativa del Departament d&#8217;Educaci\u00f3 de la Generalitat de Catalunya. \u00c9s un centre p\u00fablic, no universitari, d&#8217;ensenyament d&#8217;idiomes modern que imparteix els ensenyaments especialitzats regulats per la Llei org\u00e0nica d&#8217;educaci\u00f3 (LOE). Les Escoles Oficials d\u2019Idiomes s\u00f3n centres p\u00fablics destinats a l\u2019aprenentatge de lleng\u00fces per [&hellip;]<\/p>\n","protected":false},"author":1,"featured_media":0,"parent":806,"menu_order":10,"comment_status":"closed","ping_status":"closed","template":"page-templates\/side-menu.php","meta":{"_bbp_topic_count":0,"_bbp_reply_count":0,"_bbp_total_topic_count":0,"_bbp_total_reply_count":0,"_bbp_voice_count":0,"_bbp_anonymous_reply_count":0,"_bbp_topic_count_hidden":0,"_bbp_reply_count_hidden":0,"_bbp_forum_subforum_count":0,"site-sidebar-layout":"default","site-content-layout":"","ast-site-content-layout":"","site-content-style":"default","site-sidebar-style":"default","ast-global-header-display":"","ast-banner-title-visibility":"","ast-main-header-display":"","ast-hfb-above-header-display":"","ast-hfb-below-header-display":"","ast-hfb-mobile-header-display":"","site-post-title":"","ast-breadcrumbs-content":"","ast-featured-img":"","footer-sml-layout":"","theme-transparent-header-meta":"","adv-header-id-meta":"","stick-header-meta":"","header-above-stick-meta":"","header-main-stick-meta":"","header-below-stick-meta":"","astra-migrate-meta-layouts":"default","ast-page-background-enabled":"default","ast-page-background-meta":{"desktop":{"background-color":"var(--ast-global-color-4)","background-image":"","background-repeat":"repeat","background-position":"center center","background-size":"auto","background-attachment":"scroll","background-type":"","background-media":"","overlay-type":"","overlay-color":"","overlay-opacity":"","overlay-gradient":""},"tablet":{"background-color":"","background-image":"","background-repeat":"repeat","background-position":"center center","background-size":"auto","background-attachment":"scroll","background-type":"","background-media":"","overlay-type":"","overlay-color":"","overlay-opacity":"","overlay-gradient":""},"mobile":{"background-color":"","background-image":"","background-repeat":"repeat","background-position":"center center","background-size":"auto","background-attachment":"scroll","background-type":"","background-media":"","overlay-type":"","overlay-color":"","overlay-opacity":"","overlay-gradient":""}},"ast-content-background-meta":{"desktop":{"background-color":"var(--ast-global-color-5)","background-image":"","background-repeat":"repeat","background-position":"center center","background-size":"auto","background-attachment":"scroll","background-type":"","background-media":"","overlay-type":"","overlay-color":"","overlay-opacity":"","overlay-gradient":""},"tablet":{"background-color":"var(--ast-global-color-5)","background-image":"","background-repeat":"repeat","background-position":"center center","background-size":"auto","background-attachment":"scroll","background-type":"","background-media":"","overlay-type":"","overlay-color":"","overlay-opacity":"","overlay-gradient":""},"mobile":{"background-color":"var(--ast-global-color-5)","background-image":"","background-repeat":"repeat","background-position":"center center","background-size":"auto","background-attachment":"scroll","background-type":"","background-media":"","overlay-type":"","overlay-color":"","overlay-opacity":"","overlay-gradient":""}},"footnotes":""},"class_list":["post-797","page","type-page","status-publish","hentry"],"post_mailing_queue_ids":[],"_links":{"self":[{"href":"https:\/\/agora-eoi.xtec.cat\/eoisalou\/wp-json\/wp\/v2\/pages\/797","targetHints":{"allow":["GET"]}}],"collection":[{"href":"https:\/\/agora-eoi.xtec.cat\/eoisalou\/wp-json\/wp\/v2\/pages"}],"about":[{"href":"https:\/\/agora-eoi.xtec.cat\/eoisalou\/wp-json\/wp\/v2\/types\/page"}],"author":[{"embeddable":true,"href":"https:\/\/agora-eoi.xtec.cat\/eoisalou\/wp-json\/wp\/v2\/users\/1"}],"replies":[{"embeddable":true,"href":"https:\/\/agora-eoi.xtec.cat\/eoisalou\/wp-json\/wp\/v2\/comments?post=797"}],"version-history":[{"count":6,"href":"https:\/\/agora-eoi.xtec.cat\/eoisalou\/wp-json\/wp\/v2\/pages\/797\/revisions"}],"predecessor-version":[{"id":10145,"href":"https:\/\/agora-eoi.xtec.cat\/eoisalou\/wp-json\/wp\/v2\/pages\/797\/revisions\/10145"}],"up":[{"embeddable":true,"href":"https:\/\/agora-eoi.xtec.cat\/eoisalou\/wp-json\/wp\/v2\/pages\/806"}],"wp:attachment":[{"href":"https:\/\/agora-eoi.xtec.cat\/eoisalou\/wp-json\/wp\/v2\/media?parent=797"}],"curies":[{"name":"wp","href":"https:\/\/api.w.org\/{rel}","templated":true}]}}