{"id":9590,"date":"2017-05-12T10:49:09","date_gmt":"2017-05-12T08:49:09","guid":{"rendered":"http:\/\/agora-eoi.xtec.cat\/eoisabadell\/?page_id=9590"},"modified":"2017-05-12T11:04:51","modified_gmt":"2017-05-12T09:04:51","slug":"taula-dequivalencies-dalemany","status":"publish","type":"page","link":"https:\/\/agora-eoi.xtec.cat\/eoisabadell\/alemany\/taula-dequivalencies-dalemany\/","title":{"rendered":"Taula d&#8217;equival\u00e8ncies d&#8217;alemany"},"content":{"rendered":"<table border=\"1\" cellspacing=\"0\" cellpadding=\"0\">\n<tbody>\n<tr>\n<td colspan=\"5\"><strong>ALEMANY\u00a0 (NOM\u00c9S S\u00d3N V\u00c0LIDES LES CERTIFICACIONS DELS ANYS 2015, 2016 i 2017)<\/strong><\/td>\n<\/tr>\n<tr>\n<td><b>Instituci\u00f3\/Organisme<\/b><\/td>\n<td><b>B1<\/b><\/td>\n<td><b>B2<\/b><\/td>\n<td><b>C1<\/b><\/td>\n<td><b>C2<\/b><\/td>\n<\/tr>\n<tr>\n<td><strong>Departament<br \/>\nd\u2019Ensenyament. Escoles<br \/>\nOficials d\u2019Idiomes<\/strong><\/td>\n<td>Certificat de nivell<\/p>\n<p>intermedi<\/td>\n<td>Certificat de nivell<\/p>\n<p>avan\u00e7at<\/td>\n<td>Certificat de nivell C1<\/td>\n<td><\/td>\n<\/tr>\n<tr>\n<td><strong>Universitats de<br \/>\nCatalunya<\/strong><\/td>\n<td>Certificats de nivell<br \/>\nB1 propis de les<br \/>\nuniversitats<br \/>\ncatalanes<\/td>\n<td>CLUC B2<\/p>\n<p>Certificats de nivell<br \/>\nB2 propis de les<br \/>\nuniversitats<br \/>\ncatalanes<\/td>\n<td>Certificats de nivell C1<br \/>\npropis de les universitats<br \/>\ncatalanes<\/td>\n<td><\/td>\n<\/tr>\n<tr>\n<td><strong>Universitats espanyoles<br \/>\n\u2013 Certificats amb el<br \/>\nsegell CertAcles<\/strong><\/td>\n<td>CertAcles B1<\/td>\n<td>CertAcles B2<\/td>\n<td>CertAcles C1<\/td>\n<td>CertAcles C2<\/td>\n<\/tr>\n<tr>\n<td><strong>Goethe-Institut<\/strong><\/td>\n<td>Goethe-Zertifikat B1<\/p>\n<p>Zertifikat Deutsch<\/p>\n<p>&nbsp;<\/td>\n<td>Goethe-Zertifikat B2<\/p>\n<p>ZDfB<\/p>\n<p>Zertifikat Deutsch f\u00fcr den Beruf<\/p>\n<p>&nbsp;<\/p>\n<p>Zertifikat Deutsch<\/p>\n<p>Plus<\/p>\n<p>&nbsp;<\/td>\n<td>Goethe-Zertifikat C1<\/p>\n<p>&nbsp;<\/p>\n<p>PWD<\/p>\n<p>Pr\u00fcfung Wirtschaftsdeutsch<\/p>\n<p>International<\/td>\n<td>Goethe-Zertifikat<\/p>\n<p>C2: GDS<br \/>\nZOP<br \/>\nZentrale<br \/>\nOberstufenpr\u00fcfung<\/p>\n<p>KDS<\/p>\n<p>Kleines Deutsches Sprachdiplom<\/p>\n<p>GDS<\/p>\n<p>Gro\u00dfes Deutsches Sprachdiplom<\/td>\n<\/tr>\n<tr>\n<td><strong>TestDaF-Institut<\/strong><\/td>\n<td>TDN 3<\/p>\n<p>TestDaf nivell 3<\/p>\n<p>&nbsp;<\/td>\n<td>TDN 4<\/p>\n<p>TestDaf nivell 4<\/p>\n<p>&nbsp;<\/td>\n<td>TDN 5<\/p>\n<p>TestDaf nivell 5<\/p>\n<p>&nbsp;<\/td>\n<td><\/td>\n<\/tr>\n<tr>\n<td><strong>Certificats europeus<br \/>\nd\u2019idiomes\/The European<br \/>\nLanguage Certificates<br \/>\n(telc)<\/strong><\/td>\n<td>telc Deutsch B1<\/td>\n<td>telc Deutsch B2<\/td>\n<td>telc Deutsch C1<\/td>\n<td>telc Deutsch C2<\/td>\n<\/tr>\n<tr>\n<td><strong>\u00d6sterreichisches<br \/>\nSprachdiplom Deutsch<br \/>\n(\u00d6SD)<\/strong><\/td>\n<td>\u00d6sterreichisches<\/p>\n<p>Sprachdiplom B1<\/p>\n<p>B1 ZD\/ZD\u00d6\/ZB1<\/p>\n<p>&nbsp;<\/td>\n<td>MD<\/p>\n<p>Mittelstufe Deutsch<\/p>\n<p>&nbsp;<\/p>\n<p>&nbsp;<\/td>\n<td>OD<\/p>\n<p>Oberstufe Deutsch<\/p>\n<p>&nbsp;<\/p>\n<p>&nbsp;<\/td>\n<td>WD<\/p>\n<p>Wirtschaftssprache<\/p>\n<p>Deutsch<\/p>\n<p>&nbsp;<\/td>\n<\/tr>\n<tr>\n<td><strong>CLES (Certificat de<br \/>\nComp\u00e9tences en<br \/>\nLangues de<br \/>\nl\u2019Enseignement<br \/>\nSup\u00e9rieur)<\/strong><\/td>\n<td>CLES 1<\/td>\n<td>CLES 2<\/td>\n<td>CLES 3<\/p>\n<p>&nbsp;<\/td>\n<td><\/td>\n<\/tr>\n<tr>\n<td><strong>Certificats homologats<br \/>\nUNIcert<\/strong><\/td>\n<td>Nivell 1<\/td>\n<td>Nivell 2<\/td>\n<td>Nivell 3\/4<\/td>\n<td><\/td>\n<\/tr>\n<tr>\n<td><strong>CERTIUNI (Plataforma<br \/>\nde Certificaci\u00f3<br \/>\nUniversit\u00e0ria)<\/strong><\/td>\n<td>BULATS 40-59<\/p>\n<p>Business Language<\/p>\n<p>Testing Service<\/td>\n<td>BULATS 60-74<\/p>\n<p>Business Language<\/p>\n<p>Testing Service<\/td>\n<td>BULATS 75-89<\/p>\n<p>Business Language<\/p>\n<p>Testing Service<\/td>\n<td>BULATS 90-100<\/p>\n<p>Business Language<\/p>\n<p>Testing Service<\/td>\n<\/tr>\n<tr>\n<td><strong>Deutsche<br \/>\nSprachpr\u00fcfung f\u00fcr den<br \/>\nHochschulzugang<br \/>\n(DSH)<\/strong><\/td>\n<td><\/td>\n<td>DSH-1<\/td>\n<td>DSH-2<\/td>\n<td>DSH-3<\/td>\n<\/tr>\n<tr>\n<td><strong>Deutsches<br \/>\nSprachdiplom der<br \/>\nKultusministerkonferenz<br \/>\n(DSD)<\/strong><\/td>\n<td>DSD I<\/td>\n<td><\/td>\n<td>DSD II<\/p>\n<p>&nbsp;<\/td>\n<td><\/td>\n<\/tr>\n<\/tbody>\n<\/table>\n<p>&nbsp;<\/p>\n","protected":false},"excerpt":{"rendered":"<p>ALEMANY\u00a0 (NOM\u00c9S S\u00d3N V\u00c0LIDES LES CERTIFICACIONS DELS ANYS 2015, 2016 i 2017)<\/p>\n<p>Instituci\u00f3\/Organisme<br \/>\nB1<br \/>\nB2<br \/>\nC1<br \/>\nC2<\/p>\n<p>Departament<br \/>\nd\u2019Ensenyament. Escoles<br \/>\nOficials d\u2019Idiomes<br \/>\nCertificat de nivell<br \/>\nintermedi<br \/>\nCertificat de nivell<br \/>\navan\u00e7at<br \/>\nCertificat de nivell C1<\/p>\n<p>Universitats de<br \/>\nCatalunya<br \/>\nCertificats de nivell<br \/>\nB1 propis de les<br \/>\nuniversitats<br \/>\ncatalanes<br \/>\nCLUC B2<br \/>\nCertificats de nivell<br \/>\nB2 propis de les<br \/>\nuniversitats<br \/>\ncatalanes<br \/>\nCertificats de nivell C1<br \/>\npropis de les universitats<br \/>\ncatalanes<\/p>\n<p>Universitats espanyoles<br \/>\n\u2013 Certificats amb el<br \/>\nsegell CertAcles<br \/>\nCertAcles B1<br \/>\nCertAcles&hellip;  <a href=\"https:\/\/agora-eoi.xtec.cat\/eoisabadell\/alemany\/taula-dequivalencies-dalemany\/\" title=\"Read Taula d&#8217;equival\u00e8ncies d&#8217;alemany\">Llegeix m\u00e9s\u00bb<\/a><\/p>\n","protected":false},"author":7,"featured_media":0,"parent":8965,"menu_order":4,"comment_status":"closed","ping_status":"closed","template":"","meta":{"_bbp_topic_count":0,"_bbp_reply_count":0,"_bbp_total_topic_count":0,"_bbp_total_reply_count":0,"_bbp_voice_count":0,"_bbp_anonymous_reply_count":0,"_bbp_topic_count_hidden":0,"_bbp_reply_count_hidden":0,"_bbp_forum_subforum_count":0,"footnotes":""},"class_list":["post-9590","page","type-page","status-publish","hentry"],"post_mailing_queue_ids":[],"_links":{"self":[{"href":"https:\/\/agora-eoi.xtec.cat\/eoisabadell\/wp-json\/wp\/v2\/pages\/9590","targetHints":{"allow":["GET"]}}],"collection":[{"href":"https:\/\/agora-eoi.xtec.cat\/eoisabadell\/wp-json\/wp\/v2\/pages"}],"about":[{"href":"https:\/\/agora-eoi.xtec.cat\/eoisabadell\/wp-json\/wp\/v2\/types\/page"}],"author":[{"embeddable":true,"href":"https:\/\/agora-eoi.xtec.cat\/eoisabadell\/wp-json\/wp\/v2\/users\/7"}],"replies":[{"embeddable":true,"href":"https:\/\/agora-eoi.xtec.cat\/eoisabadell\/wp-json\/wp\/v2\/comments?post=9590"}],"version-history":[{"count":3,"href":"https:\/\/agora-eoi.xtec.cat\/eoisabadell\/wp-json\/wp\/v2\/pages\/9590\/revisions"}],"predecessor-version":[{"id":9599,"href":"https:\/\/agora-eoi.xtec.cat\/eoisabadell\/wp-json\/wp\/v2\/pages\/9590\/revisions\/9599"}],"up":[{"embeddable":true,"href":"https:\/\/agora-eoi.xtec.cat\/eoisabadell\/wp-json\/wp\/v2\/pages\/8965"}],"wp:attachment":[{"href":"https:\/\/agora-eoi.xtec.cat\/eoisabadell\/wp-json\/wp\/v2\/media?parent=9590"}],"curies":[{"name":"wp","href":"https:\/\/api.w.org\/{rel}","templated":true}]}}