{"id":9151,"date":"2017-01-10T14:34:17","date_gmt":"2017-01-10T13:34:17","guid":{"rendered":"http:\/\/agora-eoi.xtec.cat\/eoisabadell\/?page_id=9151"},"modified":"2017-01-10T14:34:17","modified_gmt":"2017-01-10T13:34:17","slug":"activitats-del-departament-de-frances","status":"publish","type":"page","link":"https:\/\/agora-eoi.xtec.cat\/eoisabadell\/frances-2\/activitats-del-departament-de-frances\/","title":{"rendered":"Activitats del departament de franc\u00e8s"},"content":{"rendered":"<ul>\n<li><a href=\"https:\/\/sites.google.com\/site\/eoisabadellsite\/departament-frances\/activitats-frances\/video-hommage-a-notre-collegue-maria-llopis-et-texte-lu-par-des-ex-eleves-au-moment-de-l-hommage-le-mercredi-5-decembre-a-la-sala-d-actes\">Hommage \u00e0 Maria Llopis \u00e0 l&#8217;occasion du Beaujolais Nouveau: Vid\u00e9o et texte lu par des ex-\u00e9l\u00e8ves (mercredi 5 d\u00e9cembre 2013)<\/a><\/li>\n<li><a href=\"https:\/\/sites.google.com\/site\/eoisabadellsite\/departament-frances\/activitats-frances\/visite-du-realisateur-ecrivain-et-producteur-gilbert-ndunga-nsangata\">Le r\u00e9alisateur, <\/a><a href=\"https:\/\/sites.google.com\/site\/eoisabadellsite\/departament-frances\/activitats-frances\/visite-du-realisateur-ecrivain-et-producteur-gilbert-ndunga-nsangata\">producteur<\/a><a href=\"https:\/\/sites.google.com\/site\/eoisabadellsite\/departament-frances\/activitats-frances\/visite-du-realisateur-ecrivain-et-producteur-gilbert-ndunga-nsangata\"> et \u00e9crivain Gilbert Ndunga Nsangata \u00e0 l&#8217;E.O.I. de Sabadell (F\u00e9vrier 2012)<\/a><\/li>\n<li><a href=\"http:\/\/www.xtec.es\/eoisabadell\/Beaujolais_nouveau_2011.htm\" target=\"_blank\" rel=\"nofollow\">Vid\u00e9o: Beaujolais nouveau (Cours 2011-2012)<\/a><\/li>\n<li><a href=\"https:\/\/picasaweb.google.com\/eoisabadell\/ActiviteBenin?authkey=Gv1sRgCI_48N2Kt5DpPw#5590209679614781794\" target=\"_blank\">Activit\u00e9 sur le B\u00e9nin pr\u00e9sent\u00e9 par Monsieur Ferdinand Biaou (Mars 2011) (Photos)<\/a><\/li>\n<li><a href=\"http:\/\/www.xtec.es\/eoisabadell\/beaujolais_nouveau_2010.htm\" target=\"_blank\" rel=\"nofollow\">Vid\u00e9o: Beaujolais nouveau (Cours 2010-2011)<\/a><\/li>\n<li><a href=\"http:\/\/www.xtec.es\/eoisabadell\/La_Chevelure.pdf\" target=\"_blank\" rel=\"nofollow\">La chevelure de Guy de Maupassant et 27 autres versions (Curs 2009-2010)<\/a><\/li>\n<li><a href=\"http:\/\/picasaweb.google.es\/eoisabadell\/Activite_yoga#5441569519112389186\" target=\"_blank\">Le 9 et le 10 f\u00e9vrier 2010 : Activit\u00e9 Relaxation Yoga Nidra en fran\u00e7ais par Elisatbeth Werlen <\/a><\/li>\n<li><a href=\"http:\/\/www.xtec.es\/eoisabadell\/beaujolais_09_2.htm\" target=\"_blank\" rel=\"nofollow\">Vid\u00e9o: Beaujolais nouveau (Cours 2009-2010)<\/a><\/li>\n<li><a href=\"http:\/\/www.xtec.es\/eoisabadell\/activitat_fran_09.htm\" target=\"_blank\" rel=\"nofollow\">Le 29 janvier 2009: Visite de la championne de natation synchronis\u00e9e<\/a><\/li>\n<li><a href=\"http:\/\/picasaweb.google.es\/abricio\/LeBeaujolaisNouveauEOIDeSabadell#\" target=\"_blank\">Fotos de l&#8217;activitat del &#8220;Beaujolais nouveau&#8221;(Curs 2008-2009)<\/a><\/li>\n<li><a href=\"http:\/\/www.xtec.es\/eoisabadell\/degusta_vin.htm\" target=\"_blank\" rel=\"nofollow\">Fotos de la degustaci\u00f3 de vins (curs 2006-2007)<\/a><\/li>\n<\/ul>\n","protected":false},"excerpt":{"rendered":"<ul>\n<li><a href=\"https:\/\/sites.google.com\/site\/eoisabadellsite\/departament-frances\/activitats-frances\/video-hommage-a-notre-collegue-maria-llopis-et-texte-lu-par-des-ex-eleves-au-moment-de-l-hommage-le-mercredi-5-decembre-a-la-sala-d-actes\">Hommage \u00e0 Maria Llopis \u00e0 l&#8217;occasion du Beaujolais Nouveau: Vid\u00e9o et texte lu par des ex-\u00e9l\u00e8ves (mercredi 5 d\u00e9cembre 2013)<\/a><\/li>\n<li><a href=\"https:\/\/sites.google.com\/site\/eoisabadellsite\/departament-frances\/activitats-frances\/visite-du-realisateur-ecrivain-et-producteur-gilbert-ndunga-nsangata\">Le r\u00e9alisateur, <\/a><a href=\"https:\/\/sites.google.com\/site\/eoisabadellsite\/departament-frances\/activitats-frances\/visite-du-realisateur-ecrivain-et-producteur-gilbert-ndunga-nsangata\">producteur<\/a><a href=\"https:\/\/sites.google.com\/site\/eoisabadellsite\/departament-frances\/activitats-frances\/visite-du-realisateur-ecrivain-et-producteur-gilbert-ndunga-nsangata\"> et \u00e9crivain Gilbert Ndunga Nsangata \u00e0 l&#8217;E.O.I. de Sabadell (F\u00e9vrier 2012)<\/a><\/li>\n<li><a href=\"http:\/\/www.xtec.es\/eoisabadell\/Beaujolais_nouveau_2011.htm\" target=\"_blank\" rel=\"nofollow\">Vid\u00e9o: Beaujolais nouveau (Cours 2011-2012)<\/a><\/li>\n<li><a href=\"https:\/\/picasaweb.google.com\/eoisabadell\/ActiviteBenin?authkey=Gv1sRgCI_48N2Kt5DpPw#5590209679614781794\"&hellip;  <a href=\"https:\/\/agora-eoi.xtec.cat\/eoisabadell\/frances-2\/activitats-del-departament-de-frances\/\" title=\"Read Activitats del departament de franc\u00e8s\">Llegeix m\u00e9s\u00bb<\/a><br \/>\n","protected":false},"author":1,"featured_media":0,"parent":9139,"menu_order":5,"comment_status":"closed","ping_status":"closed","template":"page-templates\/side-menu.php","meta":{"_bbp_topic_count":0,"_bbp_reply_count":0,"_bbp_total_topic_count":0,"_bbp_total_reply_count":0,"_bbp_voice_count":0,"_bbp_anonymous_reply_count":0,"_bbp_topic_count_hidden":0,"_bbp_reply_count_hidden":0,"_bbp_forum_subforum_count":0,"footnotes":""},"class_list":["post-9151","page","type-page","status-publish","hentry"],"post_mailing_queue_ids":[],"_links":{"self":[{"href":"https:\/\/agora-eoi.xtec.cat\/eoisabadell\/wp-json\/wp\/v2\/pages\/9151","targetHints":{"allow":["GET"]}}],"collection":[{"href":"https:\/\/agora-eoi.xtec.cat\/eoisabadell\/wp-json\/wp\/v2\/pages"}],"about":[{"href":"https:\/\/agora-eoi.xtec.cat\/eoisabadell\/wp-json\/wp\/v2\/types\/page"}],"author":[{"embeddable":true,"href":"https:\/\/agora-eoi.xtec.cat\/eoisabadell\/wp-json\/wp\/v2\/users\/1"}],"replies":[{"embeddable":true,"href":"https:\/\/agora-eoi.xtec.cat\/eoisabadell\/wp-json\/wp\/v2\/comments?post=9151"}],"version-history":[{"count":1,"href":"https:\/\/agora-eoi.xtec.cat\/eoisabadell\/wp-json\/wp\/v2\/pages\/9151\/revisions"}],"predecessor-version":[{"id":9152,"href":"https:\/\/agora-eoi.xtec.cat\/eoisabadell\/wp-json\/wp\/v2\/pages\/9151\/revisions\/9152"}],"up":[{"embeddable":true,"href":"https:\/\/agora-eoi.xtec.cat\/eoisabadell\/wp-json\/wp\/v2\/pages\/9139"}],"wp:attachment":[{"href":"https:\/\/agora-eoi.xtec.cat\/eoisabadell\/wp-json\/wp\/v2\/media?parent=9151"}],"curies":[{"name":"wp","href":"https:\/\/api.w.org\/{rel}","templated":true}]}}

Activitats del departament de francès

<ul>
<li><a href="https://sites.google.com/site/eoisabadellsite/departament-frances/activitats-frances/video-hommage-a-notre-collegue-maria-llopis-et-texte-lu-par-des-ex-eleves-au-moment-de-l-hommage-le-mercredi-5-decembre-a-la-sala-d-actes">Hommage à Maria Llopis à l&#8217;occasion du Beaujolais Nouveau: Vidéo et texte lu par des ex-élèves (mercredi 5 décembre 2013)</a></li>
<li><a href="https://sites.google.com/site/eoisabadellsite/departament-frances/activitats-frances/visite-du-realisateur-ecrivain-et-producteur-gilbert-ndunga-nsangata">Le réalisateur, </a><a href="https://sites.google.com/site/eoisabadellsite/departament-frances/activitats-frances/visite-du-realisateur-ecrivain-et-producteur-gilbert-ndunga-nsangata">producteur</a><a href="https://sites.google.com/site/eoisabadellsite/departament-frances/activitats-frances/visite-du-realisateur-ecrivain-et-producteur-gilbert-ndunga-nsangata"> et écrivain Gilbert Ndunga Nsangata à l&#8217;E.O.I. de Sabadell (Février 2012)</a></li>
<li><a href="http://www.xtec.es/eoisabadell/Beaujolais_nouveau_2011.htm" target="_blank" rel="nofollow">Vidéo: Beaujolais nouveau (Cours 2011-2012)</a></li>
<li><a href="https://picasaweb.google.com/eoisabadell/ActiviteBenin?authkey=Gv1sRgCI_48N2Kt5DpPw#5590209679614781794" target="_blank">Activité sur le Bénin présenté par Monsieur Ferdinand Biaou (Mars 2011) (Photos)</a></li>
<li><a href="http://www.xtec.es/eoisabadell/beaujolais_nouveau_2010.htm" target="_blank" rel="nofollow">Vidéo: Beaujolais nouveau (Cours 2010-2011)</a></li>
<li><a href="http://www.xtec.es/eoisabadell/La_Chevelure.pdf" target="_blank" rel="nofollow">La chevelure de Guy de Maupassant et 27 autres versions (Curs 2009-2010)</a></li>
<li><a href="http://picasaweb.google.es/eoisabadell/Activite_yoga#5441569519112389186" target="_blank">Le 9 et le 10 février 2010 : Activité Relaxation Yoga Nidra en français par Elisatbeth Werlen </a></li>
<li><a href="http://www.xtec.es/eoisabadell/beaujolais_09_2.htm" target="_blank" rel="nofollow">Vidéo: Beaujolais nouveau (Cours 2009-2010)</a></li>
<li><a href="http://www.xtec.es/eoisabadell/activitat_fran_09.htm" target="_blank" rel="nofollow">Le 29 janvier 2009: Visite de la championne de natation synchronisée</a></li>
<li><a href="http://picasaweb.google.es/abricio/LeBeaujolaisNouveauEOIDeSabadell#" target="_blank">Fotos de l&#8217;activitat del &#8220;Beaujolais nouveau&#8221;(Curs 2008-2009)</a></li>
<li><a href="http://www.xtec.es/eoisabadell/degusta_vin.htm" target="_blank" rel="nofollow">Fotos de la degustació de vins (curs 2006-2007)</a></li>
</ul>

<ul>
<li><a href="https://sites.google.com/site/eoisabadellsite/departament-frances/activitats-frances/video-hommage-a-notre-collegue-maria-llopis-et-texte-lu-par-des-ex-eleves-au-moment-de-l-hommage-le-mercredi-5-decembre-a-la-sala-d-actes">Hommage à Maria Llopis à l&#8217;occasion du Beaujolais Nouveau: Vidéo et texte lu par des ex-élèves (mercredi 5 décembre 2013)</a></li>
<li><a href="https://sites.google.com/site/eoisabadellsite/departament-frances/activitats-frances/visite-du-realisateur-ecrivain-et-producteur-gilbert-ndunga-nsangata">Le réalisateur, </a><a href="https://sites.google.com/site/eoisabadellsite/departament-frances/activitats-frances/visite-du-realisateur-ecrivain-et-producteur-gilbert-ndunga-nsangata">producteur</a><a href="https://sites.google.com/site/eoisabadellsite/departament-frances/activitats-frances/visite-du-realisateur-ecrivain-et-producteur-gilbert-ndunga-nsangata"> et écrivain Gilbert Ndunga Nsangata à l&#8217;E.O.I. de Sabadell (Février 2012)</a></li>
<li><a href="http://www.xtec.es/eoisabadell/Beaujolais_nouveau_2011.htm" target="_blank" rel="nofollow">Vidéo: Beaujolais nouveau (Cours 2011-2012)</a></li>
<li><a href="https://picasaweb.google.com/eoisabadell/ActiviteBenin?authkey=Gv1sRgCI_48N2Kt5DpPw#5590209679614781794"&hellip;  <a href="https://agora-eoi.xtec.cat/eoisabadell/frances-2/activitats-del-departament-de-frances/" title="Read Activitats del departament de francès">Llegeix més»</a><br />
