{"id":9067,"date":"2016-12-16T01:05:03","date_gmt":"2016-12-16T00:05:03","guid":{"rendered":"http:\/\/agora-eoi.xtec.cat\/eoisabadell\/?page_id=9067"},"modified":"2025-10-10T11:14:46","modified_gmt":"2025-10-10T09:14:46","slug":"professorat-dangles","status":"publish","type":"page","link":"https:\/\/agora-eoi.xtec.cat\/eoisabadell\/angles-2\/professorat-dangles\/","title":{"rendered":"Professorat d&#8217;angl\u00e8s"},"content":{"rendered":"<h4><strong>Curs 2025-2026<\/strong><\/h4>\n<h6><span style=\"color: #000000;\">Correu-e del departament: <\/span><strong><a href=\"mailto:angles@eoisabadell.cat\">angles<span class=\"\">@eoisabadell.cat<\/span><\/a>*<\/strong><\/h6>\n<table style=\"border-collapse: collapse; width: 100%; height: 512px;\">\n<tbody>\n<tr style=\"height: 32px;\">\n<td style=\"width: 13.1255%; height: 32px;\"><strong>Professorat<\/strong><\/td>\n<td style=\"width: 26.3234%; height: 32px;\"><strong>C\u00e0rrec al departament<\/strong><\/td>\n<td style=\"width: 36.3307%; height: 32px;\"><strong>Hores de visita<\/strong><\/td>\n<td style=\"width: 22.045%; height: 32px;\">\n<div>\n<div><strong>Adre\u00e7a electr\u00f2nica<\/strong><\/div>\n<\/div>\n<\/td>\n<td style=\"width: 2.10297%; height: 32px;\"><\/td>\n<\/tr>\n<tr style=\"height: 48px;\">\n<td style=\"width: 13.1255%; height: 48px;\">Carmen Aparicio<\/td>\n<td style=\"width: 26.3234%; height: 48px;\">Professora<\/td>\n<td style=\"width: 36.3307%; height: 48px;\">Dilluns i dimecres: 11:15-11:45<br \/>\nDimarts i dijous: 18:15-18:45<\/td>\n<td style=\"width: 22.045%; height: 48px;\"><a class=\"in-cell-link\" href=\"mailto:carmen.aparicio@eoisabadell.cat\" target=\"_blank\" rel=\"noopener\">carmen.aparicio@eoisabadell.cat<\/a><\/td>\n<td style=\"width: 2.10297%; height: 48px;\"><\/td>\n<\/tr>\n<tr style=\"height: 48px;\">\n<td style=\"width: 13.1255%; height: 48px;\">Consuelo Calder\u00f3n<\/td>\n<td style=\"width: 26.3234%; height: 48px;\">Professora i Cap de Departament<\/td>\n<td style=\"width: 36.3307%; height: 48px;\">Dilluns de 15:30 a 16:00 &amp; de 18:15 a 18:45<\/td>\n<td style=\"width: 22.045%; height: 48px;\"><a class=\"in-cell-link\" href=\"mailto:consol.calderon@eoisabadell.cat\" target=\"_blank\" rel=\"noopener\">consol.calderon@eoisabadell.cat<\/a><\/td>\n<td style=\"width: 2.10297%; height: 48px;\"><\/td>\n<\/tr>\n<tr style=\"height: 32px;\">\n<td style=\"width: 13.1255%; height: 32px;\">Salvador Faura<\/td>\n<td style=\"width: 26.3234%; height: 32px;\">Professor i Cap de Departament Adjunt<\/td>\n<td style=\"width: 36.3307%; height: 32px;\">Dijous d\u2019 11:15 a 11:45<\/td>\n<td style=\"width: 22.045%; height: 32px;\"><a href=\"mailto:sfaurai@xtec.cat\">sfaurai@xtec.cat<\/a><\/td>\n<td style=\"width: 2.10297%; height: 32px;\"><\/td>\n<\/tr>\n<tr style=\"height: 32px;\">\n<td style=\"width: 13.1255%; height: 32px;\">Elaine Higa<\/td>\n<td style=\"width: 26.3234%; height: 32px;\">Professora<\/td>\n<td style=\"width: 36.3307%; height: 32px;\">\u00a0Dilluns i dimecres de 18:15 a 18:45<\/td>\n<td style=\"width: 22.045%; height: 32px;\"><a class=\"in-cell-link\" href=\"elaine.higa@eoisabadell.cat\" target=\"_blank\" rel=\"noopener\">elaine.higa@eoisabadell.cat<\/a><\/td>\n<td style=\"width: 2.10297%; height: 32px;\"><\/td>\n<\/tr>\n<tr style=\"height: 32px;\">\n<td style=\"width: 13.1255%; height: 32px;\">Albert Mu\u00f1oz<\/td>\n<td style=\"width: 26.3234%; height: 32px;\">Professor<\/td>\n<td style=\"width: 36.3307%; height: 32px;\">De dilluns a dijous de 18:15 a 18:45<\/td>\n<td style=\"width: 22.045%; height: 32px;\"><a href=\"mailto:albert.munoz@eoisabadell.cat\">albert.munoz@eoisabadell.cat<\/a><\/td>\n<td style=\"width: 2.10297%; height: 32px;\"><\/td>\n<\/tr>\n<tr style=\"height: 48px;\">\n<td style=\"width: 13.1255%; height: 48px;\">Laia Pardo<\/td>\n<td style=\"width: 26.3234%; height: 48px;\">Professora<\/td>\n<td style=\"width: 36.3307%; height: 48px;\">Dilluns: 18:15 a 18.45 (C1) i dimecres: 18:15 a 18.45 (B1)<\/td>\n<td style=\"width: 22.045%; height: 48px;\"><a class=\"in-cell-link\" href=\"https:\/\/docs.google.com\/spreadsheets\/d\/1X1H9b6UwwkS8Rr-T47yNlL4PZjOPgstZhwlWnTud7eQ\/laia.pardo@eoisabadell.cat\" target=\"_blank\" rel=\"noopener\">laia.pardo@eoisabadell.cat<\/a><\/td>\n<td style=\"width: 2.10297%; height: 48px;\"><\/td>\n<\/tr>\n<tr style=\"height: 32px;\">\n<td style=\"width: 13.1255%; height: 32px;\">Ester Pujol<\/td>\n<td style=\"width: 26.3234%; height: 32px;\">Professora<\/td>\n<td style=\"width: 36.3307%; height: 32px;\">De dilluns a dijous de 18:15 a 18:45<\/td>\n<td style=\"width: 22.045%; height: 32px;\"><a href=\"mailto:ester.pujol@eoisabadell.cat\">ester.pujol<span class=\"\"><span class=\"\">@<\/span>eoisabadell.cat<\/span><\/a><\/td>\n<td style=\"width: 2.10297%; height: 32px;\"><\/td>\n<\/tr>\n<tr style=\"height: 32px;\">\n<td style=\"width: 13.1255%; height: 32px;\">Elisa Sancho<\/td>\n<td style=\"width: 26.3234%; height: 32px;\">Professora<\/td>\n<td style=\"width: 36.3307%; height: 32px;\">Dimecres i dijous: 15:30 a 16:00 i 18.15 a 18:45<\/td>\n<td style=\"width: 22.045%; height: 32px;\"><a href=\"mailto:esancho@xtec.cat\">esancho@xtec.cat<\/a><\/td>\n<td style=\"width: 2.10297%; height: 32px;\"><\/td>\n<\/tr>\n<tr style=\"height: 32px;\">\n<td style=\"width: 13.1255%; height: 32px;\">Marta Saperas<\/td>\n<td style=\"width: 26.3234%; height: 32px;\">Professora<\/td>\n<td style=\"width: 36.3307%; height: 32px;\">Dilluns: 18:30 a 19:00 i dijous: 15.30 a 16.00<\/td>\n<td style=\"width: 22.045%; height: 32px;\"><a class=\"in-cell-link\" href=\"mailto:marta.saperas@eoisabadell.cat\" target=\"_blank\" rel=\"noopener\">marta.saperas@eoisabadell.cat<\/a><\/td>\n<td style=\"width: 2.10297%; height: 32px;\"><\/td>\n<\/tr>\n<tr style=\"height: 48px;\">\n<td style=\"width: 13.1255%; height: 48px;\">Manoli Sim\u00f3<\/td>\n<td style=\"width: 26.3234%; height: 48px;\">Professora<\/td>\n<td style=\"width: 36.3307%; height: 48px;\">Dimecres: 15:30 a 16:00 i 18:15 a 18:45<\/td>\n<td style=\"width: 22.045%; height: 48px;\"><a class=\"in-cell-link\" href=\"mailto:manoli.simo@eoisabadell.cat\" target=\"_blank\" rel=\"noopener\">manoli.simo@eoisabadell.cat<\/a><\/td>\n<td style=\"width: 2.10297%; height: 48px;\"><\/td>\n<\/tr>\n<tr style=\"height: 48px;\">\n<td style=\"width: 13.1255%; height: 48px;\">Josep Sol\u00e9<\/td>\n<td style=\"width: 26.3234%; height: 48px;\">Professor i Cap de Departament Adjunt<\/td>\n<td style=\"width: 36.3307%; height: 48px;\">Dilluns i dimecres: 11:15 a 11:45<br \/>\nDimarts i dijous: 18.15 a 18.45<\/td>\n<td style=\"width: 22.045%; height: 48px;\"><a href=\"mailto:osep.solea2@eoisabadell.cat\">josep.solea2<span class=\"atwho-query\">@eoisabadell.cat<\/span><\/a><br \/>\n<a href=\"mailto:josep.soleb22@eoisabadell.cat\">josep.soleb22@eoisabadell.cat<\/a><\/td>\n<td style=\"width: 2.10297%; height: 48px;\"><\/td>\n<\/tr>\n<tr style=\"height: 48px;\">\n<td style=\"width: 13.1255%; height: 48px;\">Marta Planchart<\/td>\n<td style=\"width: 26.3234%; height: 48px;\">Professora<\/td>\n<td style=\"width: 36.3307%; height: 48px;\">Dilluns: 15:30-16:00 i 18:15-18:45<br \/>\nDimarts: 15:30-16:00 i 18:15-18:45<\/td>\n<td style=\"width: 22.045%; height: 48px;\"><a href=\"mailto:marta.planchart@eoisabadell.cat\">marta.planchart@eoisabadell.cat<\/a><\/td>\n<td style=\"width: 2.10297%; height: 48px;\"><\/td>\n<\/tr>\n<\/tbody>\n<\/table>\n<p><span style=\"color: #ff0000;\">(*) MOLT IMPORTANT:<\/span> en aquestes adreces de correu electr\u00f2nic <span style=\"color: #ff0000;\"><strong>no s&#8217;hi respondr\u00e0<\/strong>\u00a0durant els<\/span><strong><span style=\"color: #ff0000;\"> per\u00edodes de vacances ni tampoc s&#8217;hi respondr\u00e0 a q\u00fcestions administratives<\/span>,<\/strong> per a les quals caldr\u00e0 que us adreceu a la Secretaria del centre: <a href=\"secretaria@eoisabadell.cat\">secretaria@eoisabadell.cat<\/a><\/p>\n<p>&nbsp;<\/p>\n","protected":false},"excerpt":{"rendered":"<p>Curs 2025-2026<br \/>\nCorreu-e del departament: <a href=\"mailto:angles@eoisabadell.cat\">angles@eoisabadell.cat<\/a>*<\/p>\n<p>Professorat<br \/>\nC\u00e0rrec al departament<br \/>\nHores de visita<\/p>\n<p>Adre\u00e7a electr\u00f2nica<\/p>\n<p>Carmen Aparicio<br \/>\nProfessora<br \/>\nDilluns i dimecres: 11:15-11:45<br \/>\nDimarts i dijous: 18:15-18:45<br \/>\n<a class=\"in-cell-link\" href=\"mailto:carmen.aparicio@eoisabadell.cat\" target=\"_blank\" rel=\"noopener\">carmen.aparicio@eoisabadell.cat<\/a><\/p>\n<p>Consuelo Calder\u00f3n<br \/>\nProfessora i Cap de Departament<br \/>\nDilluns de 15:30 a 16:00 &amp; de 18:15 a 18:45<br \/>\n<a class=\"in-cell-link\" href=\"mailto:consol.calderon@eoisabadell.cat\" target=\"_blank\" rel=\"noopener\">consol.calderon@eoisabadell.cat<\/a><\/p>\n<p>Salvador Faura<br \/>\nProfessor i Cap de Departament&hellip;  <a href=\"https:\/\/agora-eoi.xtec.cat\/eoisabadell\/angles-2\/professorat-dangles\/\" title=\"Read Professorat d&#8217;angl\u00e8s\">Llegeix m\u00e9s\u00bb<\/a><\/p>\n","protected":false},"author":1,"featured_media":0,"parent":9066,"menu_order":1,"comment_status":"closed","ping_status":"closed","template":"page-templates\/side-menu.php","meta":{"_bbp_topic_count":0,"_bbp_reply_count":0,"_bbp_total_topic_count":0,"_bbp_total_reply_count":0,"_bbp_voice_count":0,"_bbp_anonymous_reply_count":0,"_bbp_topic_count_hidden":0,"_bbp_reply_count_hidden":0,"_bbp_forum_subforum_count":0,"footnotes":""},"class_list":["post-9067","page","type-page","status-publish","hentry"],"post_mailing_queue_ids":[],"_links":{"self":[{"href":"https:\/\/agora-eoi.xtec.cat\/eoisabadell\/wp-json\/wp\/v2\/pages\/9067","targetHints":{"allow":["GET"]}}],"collection":[{"href":"https:\/\/agora-eoi.xtec.cat\/eoisabadell\/wp-json\/wp\/v2\/pages"}],"about":[{"href":"https:\/\/agora-eoi.xtec.cat\/eoisabadell\/wp-json\/wp\/v2\/types\/page"}],"author":[{"embeddable":true,"href":"https:\/\/agora-eoi.xtec.cat\/eoisabadell\/wp-json\/wp\/v2\/users\/1"}],"replies":[{"embeddable":true,"href":"https:\/\/agora-eoi.xtec.cat\/eoisabadell\/wp-json\/wp\/v2\/comments?post=9067"}],"version-history":[{"count":6,"href":"https:\/\/agora-eoi.xtec.cat\/eoisabadell\/wp-json\/wp\/v2\/pages\/9067\/revisions"}],"predecessor-version":[{"id":9222,"href":"https:\/\/agora-eoi.xtec.cat\/eoisabadell\/wp-json\/wp\/v2\/pages\/9067\/revisions\/9222"}],"up":[{"embeddable":true,"href":"https:\/\/agora-eoi.xtec.cat\/eoisabadell\/wp-json\/wp\/v2\/pages\/9066"}],"wp:attachment":[{"href":"https:\/\/agora-eoi.xtec.cat\/eoisabadell\/wp-json\/wp\/v2\/media?parent=9067"}],"curies":[{"name":"wp","href":"https:\/\/api.w.org\/{rel}","templated":true}]}}