{"id":9010,"date":"2016-11-16T01:46:28","date_gmt":"2016-11-16T00:46:28","guid":{"rendered":"http:\/\/agora-eoi.xtec.cat\/eoisabadell\/?page_id=9010"},"modified":"2025-03-18T14:28:06","modified_gmt":"2025-03-18T13:28:06","slug":"grups-de-conversa","status":"publish","type":"page","link":"https:\/\/agora-eoi.xtec.cat\/eoisabadell\/altres-serveis\/grups-de-conversa\/","title":{"rendered":"Grups de conversa"},"content":{"rendered":"<p><strong><span style=\"color: #ff0000;\"> \u00a0 ****L&#8217;ESCOLA NO ORGANITZA AQUESTS GRUPS DE CONVERSA DES DEL CURS 23-24****<\/span><\/strong><\/p>\n<p>Si esteu interessats a continuar fent-los, envieu un e-mail a <a href=\"mailto:coordinaciopedagogica@eoisabadell.cat\">coordinaciopedagogica@eoisabadell.cat <\/a>i us farem arribar els contactes dels professors que estiguin interessats a continuar-los de forma privada.<\/p>\n<p>Disculpeu les mol\u00e8sties.<\/p>\n<p>&nbsp;<\/p>\n<p><strong><span style=\"color: #ff0000;\"><span style=\"color: #0000ff;\">2a edici\u00f3 Grups de Conversa curs 2022-23 MAR\u00c7-JUNY 2023<br \/>\n<\/span><\/span><\/strong><\/p>\n<p><strong><span style=\"color: #ff0000;\"><span style=\"color: #0000ff;\">INSCRIPCIONS OBERTES!<br \/>\n<\/span><\/span><\/strong><\/p>\n<p>Aqu\u00ed teniu l&#8217;oferta dels grups de conversa d&#8217;aquesta 2a edici\u00f3 que es far\u00e0 del <strong>dilluns 6 de mar\u00e7 fins al divendres 2 de juny de 2023 (grups de dilluns fins 19\/6.<\/strong> Seran <strong>12 sessions <span style=\"text-decoration: underline;\">en l\u00ednia<\/span> d&#8217;una hora a la setmana<\/strong> al mateix preu de sempre, <strong>5\u20ac cadascuna (60\u20ac<\/strong> en total, NO s&#8217;apliquen bonificacions ni exempcions).<\/p>\n<h5><b>Grups de conversa (catal\u00e0, alemany, angl\u00e8s i franc\u00e8s)<br \/>\n<\/b><\/h5>\n<p><span style=\"font-weight: 400;\">Aquest curs 2022-23, la nostra escola ofereix grups de conversa &#8220;online&#8221; en alemany, angl\u00e8s i franc\u00e8s per donar un servei for\u00e7a demandat tant pels alumnes d\u2019aquesta escola com per altres persones interessades per posar en pr\u00e0ctica i mantenir els seus coneixements de llengua estrangera (cal haver complert els 16 anys o fer-los l\u2019any natural en qu\u00e8 s\u2019efectua la inscripci\u00f3).<\/span><\/p>\n<p><span style=\"font-weight: 400;\"> Els grups de conversa no s\u00f3n classes, sin\u00f3 que s\u00f3n tallers, aprovats pel Consell Escolar que la nostra EOI ofereix de forma complement\u00e0ria.<\/span><\/p>\n<h5><b>Objectiu dels grups de conversa<\/b><\/h5>\n<p><span style=\"font-weight: 400;\">L\u2019objectiu d\u2019aquests grups de conversa \u00e9s donar la possibilitat als alumnes de treballar l\u2019expressi\u00f3 oral de manera m\u00e9s intensiva i millorar la compet\u00e8ncia comunicativa.<\/span><\/p>\n<h5><b>Hi ha algun grup de conversa que em pugui interessar?<\/b><\/h5>\n<ul>\n<li>\n<h6><span style=\"color: #0000ff;\">2a edici\u00f3 (mar\u00e7-juny 2023)<\/span><\/h6>\n<\/li>\n<\/ul>\n<p>Inscripcions durant el mes febrer i mar\u00e7 de 2023 per <span style=\"color: #0000ff;\">comen\u00e7ar a partir del dilluns 6 de mar\u00e7.<br \/>\n<\/span><\/p>\n<p><a href=\"https:\/\/agora-eoi.xtec.cat\/eoisabadell\/wp-content\/uploads\/usu2240\/2023\/03\/GrupsConversaDEF.jpg\"><img loading=\"lazy\" decoding=\"async\" class=\"aligncenter size-full wp-image-15828\" src=\"https:\/\/agora-eoi.xtec.cat\/eoisabadell\/wp-content\/uploads\/usu2240\/2023\/03\/GrupsConversaDEF.jpg\" alt=\"\" width=\"1280\" height=\"720\" srcset=\"https:\/\/agora-eoi.xtec.cat\/eoisabadell\/wp-content\/uploads\/usu2240\/2023\/03\/GrupsConversaDEF.jpg 1280w, https:\/\/agora-eoi.xtec.cat\/eoisabadell\/wp-content\/uploads\/usu2240\/2023\/03\/GrupsConversaDEF-300x169.jpg 300w, https:\/\/agora-eoi.xtec.cat\/eoisabadell\/wp-content\/uploads\/usu2240\/2023\/03\/GrupsConversaDEF-1024x576.jpg 1024w, https:\/\/agora-eoi.xtec.cat\/eoisabadell\/wp-content\/uploads\/usu2240\/2023\/03\/GrupsConversaDEF-768x432.jpg 768w\" sizes=\"auto, (max-width: 1280px) 100vw, 1280px\" \/><\/a><\/p>\n<p><strong>P<\/strong><b style=\"font-size: 1.125em;\">reu i pagament<\/b><\/p>\n<p><span style=\"font-weight: 400;\">El preu de la inscripci\u00f3 per aquesta 2a edici\u00f3 amb una durada de 12 sessions \u00e9s \u00fanic de 60\u20ac. NO s&#8217;aplican les bonificacions ni exempcions.<\/span><\/p>\n<p><span style=\"font-weight: 400;\">L\u2019escola es reserva el dret d\u2019anul\u00b7lar un grup si no s\u2019arriba al m\u00ednim d\u2019alumnes establert, en aquest cas es retornar\u00e0 l&#8217;import abonat. El m\u00ednim d\u2019alumnes per grup ser\u00e0 de 5 i el m\u00e0xim ser\u00e0 de 8. L\u2019assist\u00e8ncia als grups de conversa no d\u00f3na dret a cap certificat.<\/span><\/p>\n<p><span style=\"font-weight: 400;\">Nom\u00e9s es retornar\u00e0 l\u2019import de la matr\u00edcula en cas que l\u2019escola hagi d\u2019anul\u00b7lar un grup.<\/span><\/p>\n<h5><b>Professor\/a de conversa<\/b><\/h5>\n<p><span style=\"font-weight: 400;\">El professor\/a proposar\u00e0 temes i conduir\u00e0 la conversa fent que tothom hi participi. En cas de no haver sessi\u00f3 de conversa, el professor ser\u00e0 el responsable d\u2019avisar els alumnes i comunicar\u00e0 la forma de recuperar la sessi\u00f3.<\/span><\/p>\n<h5><b>Inscripci\u00f3 i documents imprescindibles per a la matr\u00edcula<\/b><\/h5>\n<p><span style=\"font-weight: 400;\">En el moment de formalitzar la inscripci\u00f3 caldr\u00e0 adjuntar el comprovant de pagament (transfer\u00e8ncia al n\u00famero de compte de CaixaBank: ES13 2100 1156 5102 0014 2127 indicant NOM i COGNOMS).<br \/>\n<\/span><\/p>\n<p><span style=\"font-weight: 400;\">Tamb\u00e9 una fotografia o pdf del DNI, NIE o passaport a secretaria@eoisabadell<br \/>\n<\/span><\/p>\n<h6><a href=\"https:\/\/forms.gle\/HVB6qtPNiEErym8r7\"><span style=\"color: #ff6600;\"><strong>FORMULARI D&#8217;INSCRIPCI\u00d3<\/strong><\/span><\/a><\/h6>\n<p><b>Criteris de prioritzaci\u00f3<\/b><\/p>\n<ol>\n<li style=\"font-weight: 400;\"><span style=\"font-weight: 400;\">Per ordre de sol\u00b7licitud en el\u00a0<\/span><b><a href=\"https:\/\/docs.google.com\/forms\/d\/e\/1FAIpQLSc3ztHAJ4EqrQMFUIYNR0RVbX6LpbAF6_cbqM6wxI_G69JOXQ\/viewform?usp=sf_link\">formulari d&#8217;inscripci\u00f3.<\/a><br \/>\n<\/b><\/li>\n<\/ol>\n<p>Per a qualsevol altre dubte pots enviar un correu a <a href=\"secretaria@eoisabadell.cat\">secretaria@eoisabadell.cat<\/a><\/p>\n","protected":false},"excerpt":{"rendered":"<p> \u00a0 ****L&#8217;ESCOLA NO ORGANITZA AQUESTS GRUPS DE CONVERSA DES DEL CURS 23-24****<br \/>\nSi esteu interessats a continuar fent-los, envieu un e-mail a <a href=\"mailto:coordinaciopedagogica@eoisabadell.cat\">coordinaciopedagogica@eoisabadell.cat <\/a>i us farem arribar els contactes dels professors que estiguin interessats a continuar-los de forma privada.<br \/>\nDisculpeu les mol\u00e8sties.<br \/>\n&nbsp;<br \/>\n2a edici\u00f3 Grups de&hellip;  <a href=\"https:\/\/agora-eoi.xtec.cat\/eoisabadell\/altres-serveis\/grups-de-conversa\/\" title=\"Read Grups de conversa\">Llegeix m\u00e9s\u00bb<\/a><\/p>\n","protected":false},"author":1,"featured_media":0,"parent":8996,"menu_order":4,"comment_status":"closed","ping_status":"closed","template":"","meta":{"_bbp_topic_count":0,"_bbp_reply_count":0,"_bbp_total_topic_count":0,"_bbp_total_reply_count":0,"_bbp_voice_count":0,"_bbp_anonymous_reply_count":0,"_bbp_topic_count_hidden":0,"_bbp_reply_count_hidden":0,"_bbp_forum_subforum_count":0,"footnotes":""},"class_list":["post-9010","page","type-page","status-publish","hentry"],"post_mailing_queue_ids":[],"_links":{"self":[{"href":"https:\/\/agora-eoi.xtec.cat\/eoisabadell\/wp-json\/wp\/v2\/pages\/9010","targetHints":{"allow":["GET"]}}],"collection":[{"href":"https:\/\/agora-eoi.xtec.cat\/eoisabadell\/wp-json\/wp\/v2\/pages"}],"about":[{"href":"https:\/\/agora-eoi.xtec.cat\/eoisabadell\/wp-json\/wp\/v2\/types\/page"}],"author":[{"embeddable":true,"href":"https:\/\/agora-eoi.xtec.cat\/eoisabadell\/wp-json\/wp\/v2\/users\/1"}],"replies":[{"embeddable":true,"href":"https:\/\/agora-eoi.xtec.cat\/eoisabadell\/wp-json\/wp\/v2\/comments?post=9010"}],"version-history":[{"count":5,"href":"https:\/\/agora-eoi.xtec.cat\/eoisabadell\/wp-json\/wp\/v2\/pages\/9010\/revisions"}],"predecessor-version":[{"id":17689,"href":"https:\/\/agora-eoi.xtec.cat\/eoisabadell\/wp-json\/wp\/v2\/pages\/9010\/revisions\/17689"}],"up":[{"embeddable":true,"href":"https:\/\/agora-eoi.xtec.cat\/eoisabadell\/wp-json\/wp\/v2\/pages\/8996"}],"wp:attachment":[{"href":"https:\/\/agora-eoi.xtec.cat\/eoisabadell\/wp-json\/wp\/v2\/media?parent=9010"}],"curies":[{"name":"wp","href":"https:\/\/api.w.org\/{rel}","templated":true}]}}