{"id":9003,"date":"2016-11-16T01:41:51","date_gmt":"2016-11-16T00:41:51","guid":{"rendered":"http:\/\/agora-eoi.xtec.cat\/eoisabadell\/?page_id=9003"},"modified":"2016-11-16T01:41:51","modified_gmt":"2016-11-16T00:41:51","slug":"classificacio-de-llibres-de-la-biblioteca","status":"publish","type":"page","link":"https:\/\/agora-eoi.xtec.cat\/eoisabadell\/altres-serveis\/biblioteca\/classificacio-de-llibres-de-la-biblioteca\/","title":{"rendered":"Classificaci\u00f3 de llibres de la biblioteca"},"content":{"rendered":"<p><strong>1er\u00a0D\u00cdGIT:<\/strong><br \/>\nIDIOMA<br \/>\n1 ANGL\u00c8S; 2 ALEMANY; 3 FRANC\u00c8S; 5 CATAL\u00c0; 6 CASTELL\u00c0<\/p>\n<p><strong>2n I 3r D\u00cdGIT:<br \/>\n<\/strong>TEMES<\/p>\n<p>01 Enciclop\u00e8dies i diccionaris<br \/>\n02 Gram\u00e0tiques<br \/>\n03 M\u00e8todes<br \/>\n04 Activitats i exercicis<\/p>\n<p style=\"padding-left: 30px;\">04.1 Exercicis Gramaticals<br \/>\n04.2 Exercicis de vocabulari<br \/>\n04.3 Activitats de lectura<br \/>\n04.5 Exercicis de comprensi\u00f3 oral<br \/>\n04.6 Exercicis de fon\u00e8tica<br \/>\n04.8 \u00c0rees tem\u00e0tiques de vocabulari<br \/>\n04.9 Redacci\u00f3 de cartes<br \/>\n04.10 Mostres d\u2019ex\u00e0mens<br \/>\n04.11 Publicacions en s\u00e8rie d\u2019autoaprenentatge<\/p>\n<p>05 Lectures simplificades<br \/>\n05.n n=N\u00famero de nivell<br \/>\n06 Literatura<\/p>\n<p style=\"padding-left: 30px;\">06.1 Antologies<br \/>\n06.2 C\u00f2mic<br \/>\n06.3 Novel\u00b7la curta \/\/ hist\u00f2ries curtes<br \/>\n06.4 Novel\u00b7la senzilla<br \/>\n06.5 Contes<br \/>\n06.6 Literatura infantil i juvenil<br \/>\n06.8 Novel\u00b7la cl\u00e0ssica i contempor\u00e0nea<br \/>\n06.9 Poesia<br \/>\n06.10 Biografies<br \/>\n06.11 Novel\u00b7la polic\u00edaca<br \/>\n06.12 Relats d\u2019aventures<br \/>\n06.13 Novel\u00b7la hist\u00f2rica<br \/>\n06.14 Teatre<br \/>\n06.15 Humor<br \/>\n06.16 Hist\u00f2ria de la literatura \/cr\u00edtica liter\u00e0ria<br \/>\n06.17 Relats sociol\u00f2gics<br \/>\n06.18 Assaig<\/p>\n<p>08 Geografia \/turisme<br \/>\n09 Pol\u00edtica \/ hist\u00f2ria<br \/>\n10 Psicologia<br \/>\n11 Cinema<br \/>\n12 Cuina<br \/>\n13 Art<br \/>\n14 M\u00fasica<br \/>\n15 Pedagogia<br \/>\n16 Filosofia<br \/>\n17 Acci\u00f3 social<br \/>\n19 Manualitats \/ Llar<br \/>\n18 Miscel\u00e0nia<\/p>\n<p><strong>El CDU <\/strong>\u00e9s aquest codi de 3 xifres i opcionalment .1, .2, etc<\/p>\n<p><strong>La Signatura<\/strong> \u00e9s el mateix codi amb les 3 primeres lletres del cognom de l\u2019autor (el 1r si n\u2019hi ha m\u00e9s d\u2019un).<\/p>\n","protected":false},"excerpt":{"rendered":"<p>1er\u00a0D\u00cdGIT:<br \/>\nIDIOMA<br \/>\n1 ANGL\u00c8S; 2 ALEMANY; 3 FRANC\u00c8S; 5 CATAL\u00c0; 6 CASTELL\u00c0<br \/>\n2n I 3r D\u00cdGIT:<br \/>\nTEMES<br \/>\n01 Enciclop\u00e8dies i diccionaris<br \/>\n02 Gram\u00e0tiques<br \/>\n03 M\u00e8todes<br \/>\n04 Activitats i exercicis<br \/>\n04.1 Exercicis Gramaticals<br \/>\n04.2 Exercicis de vocabulari<br \/>\n04.3 Activitats de lectura<br \/>\n04.5 Exercicis de comprensi\u00f3 oral<br \/>\n04.6 Exercicis de fon\u00e8tica<br \/>\n04.8 \u00c0rees tem\u00e0tiques de vocabulari<br \/>\n04.9 Redacci\u00f3 de cartes<br \/>\n04.10 Mostres d\u2019ex\u00e0mens<br \/>\n04.11&hellip;  <a href=\"https:\/\/agora-eoi.xtec.cat\/eoisabadell\/altres-serveis\/biblioteca\/classificacio-de-llibres-de-la-biblioteca\/\" title=\"Read Classificaci\u00f3 de llibres de la biblioteca\">Llegeix m\u00e9s\u00bb<\/a><\/p>\n","protected":false},"author":1,"featured_media":0,"parent":9001,"menu_order":1,"comment_status":"closed","ping_status":"closed","template":"page-templates\/side-menu.php","meta":{"_bbp_topic_count":0,"_bbp_reply_count":0,"_bbp_total_topic_count":0,"_bbp_total_reply_count":0,"_bbp_voice_count":0,"_bbp_anonymous_reply_count":0,"_bbp_topic_count_hidden":0,"_bbp_reply_count_hidden":0,"_bbp_forum_subforum_count":0,"footnotes":""},"class_list":["post-9003","page","type-page","status-publish","hentry"],"post_mailing_queue_ids":[],"_links":{"self":[{"href":"https:\/\/agora-eoi.xtec.cat\/eoisabadell\/wp-json\/wp\/v2\/pages\/9003","targetHints":{"allow":["GET"]}}],"collection":[{"href":"https:\/\/agora-eoi.xtec.cat\/eoisabadell\/wp-json\/wp\/v2\/pages"}],"about":[{"href":"https:\/\/agora-eoi.xtec.cat\/eoisabadell\/wp-json\/wp\/v2\/types\/page"}],"author":[{"embeddable":true,"href":"https:\/\/agora-eoi.xtec.cat\/eoisabadell\/wp-json\/wp\/v2\/users\/1"}],"replies":[{"embeddable":true,"href":"https:\/\/agora-eoi.xtec.cat\/eoisabadell\/wp-json\/wp\/v2\/comments?post=9003"}],"version-history":[{"count":1,"href":"https:\/\/agora-eoi.xtec.cat\/eoisabadell\/wp-json\/wp\/v2\/pages\/9003\/revisions"}],"predecessor-version":[{"id":9004,"href":"https:\/\/agora-eoi.xtec.cat\/eoisabadell\/wp-json\/wp\/v2\/pages\/9003\/revisions\/9004"}],"up":[{"embeddable":true,"href":"https:\/\/agora-eoi.xtec.cat\/eoisabadell\/wp-json\/wp\/v2\/pages\/9001"}],"wp:attachment":[{"href":"https:\/\/agora-eoi.xtec.cat\/eoisabadell\/wp-json\/wp\/v2\/media?parent=9003"}],"curies":[{"name":"wp","href":"https:\/\/api.w.org\/{rel}","templated":true}]}}