{"id":8998,"date":"2016-11-16T01:28:45","date_gmt":"2016-11-16T00:28:45","guid":{"rendered":"http:\/\/agora-eoi.xtec.cat\/eoisabadell\/?page_id=8998"},"modified":"2021-07-22T21:20:42","modified_gmt":"2021-07-22T19:20:42","slug":"aula-multimedia","status":"publish","type":"page","link":"https:\/\/agora-eoi.xtec.cat\/eoisabadell\/altres-serveis\/aula-multimedia\/","title":{"rendered":"Aula multim\u00e8dia"},"content":{"rendered":"<p style=\"text-align: center;\"><span style=\"color: #ff0000;\"><strong>NOTA: US RECORDEM QUE, DURANT EL CURS 2020\/2021, L&#8217;AULA MULTIM\u00c8DIA ROMANDR\u00c0 TANCADA PER Q\u00dcESTIONS SANIT\u00c0RIES<\/strong><\/span><\/p>\n<p>L&#8217;escola disposa d&#8217;una aula amb 30 ordinadors connectats en xarxa, la qual cosa afavoreix assolir molts dels objectius de l&#8217;\u00e0rea de lleng\u00fces estrangeres a trav\u00e9s de mitjans inform\u00e0tics i audiovisuals.<\/p>\n<p>\u00c9s un espai per treballar tant en grup-classe, a nivell individual i\/o en grups.<\/p>\n<p>La incorporaci\u00f3 de recursos tecnol\u00f2gics a l&#8217;aprenentatge i l&#8217;ensenyament de les lleng\u00fces estrangeres afavoreix l&#8217;autoaprenentatge, la iniciativa personal i el treball en grup.<\/p>\n<p>D&#8217;altra banda, la tecnologia multim\u00e8dia i Internet ofereixen facilitats d&#8217;acc\u00e9s a grans volums d&#8217;informaci\u00f3, que ajuden a enriquir el bagatge cultural.<\/p>\n<p>L&#8217;aula multim\u00e8dia cont\u00e9 el laboratori que ofereix la possibilitat de treballar aut\u00f2nomament.<\/p>\n<ul>\n<li>la monitoritzaci\u00f3 individual de l&#8217;activitat dels alumnes.<\/li>\n<li>la intercomunicaci\u00f3 individual o col\u00b7lectiva amb els alumnes.<\/li>\n<li>l&#8217;agrupament aleatori de l&#8217;alumnat.<\/li>\n<\/ul>\n<p>Cada alumne disposa d&#8217;auriculars per a la pr\u00e0ctica de l&#8217;expressi\u00f3 i comprensi\u00f3 oral amb la possibilitat d&#8217;autogravaci\u00f3 i de treball aut\u00f2nom.<\/p>\n<p><a href=\"http:\/\/agora-eoi.xtec.cat\/eoisabadell\/wp-content\/uploads\/usu2240\/2016\/11\/aula-multimedia_1.jpg\"><img loading=\"lazy\" decoding=\"async\" class=\"alignnone size-thumbnail wp-image-8999\" src=\"http:\/\/agora-eoi.xtec.cat\/eoisabadell\/wp-content\/uploads\/usu2240\/2016\/11\/aula-multimedia_1-150x150.jpg\" alt=\"aula-multimedia_1\" width=\"150\" height=\"150\" \/><\/a><\/p>\n","protected":false},"excerpt":{"rendered":"<p>NOTA: US RECORDEM QUE, DURANT EL CURS 2020\/2021, L&#8217;AULA MULTIM\u00c8DIA ROMANDR\u00c0 TANCADA PER Q\u00dcESTIONS SANIT\u00c0RIES<br \/>\nL&#8217;escola disposa d&#8217;una aula amb 30 ordinadors connectats en xarxa, la qual cosa afavoreix assolir molts dels objectius de l&#8217;\u00e0rea de lleng\u00fces estrangeres a trav\u00e9s de mitjans inform\u00e0tics i audiovisuals.<br \/>\n\u00c9s un&hellip;  <a href=\"https:\/\/agora-eoi.xtec.cat\/eoisabadell\/altres-serveis\/aula-multimedia\/\" title=\"Read Aula multim\u00e8dia\">Llegeix m\u00e9s\u00bb<\/a><\/p>\n","protected":false},"author":1,"featured_media":0,"parent":8996,"menu_order":1,"comment_status":"closed","ping_status":"closed","template":"page-templates\/side-menu.php","meta":{"_bbp_topic_count":0,"_bbp_reply_count":0,"_bbp_total_topic_count":0,"_bbp_total_reply_count":0,"_bbp_voice_count":0,"_bbp_anonymous_reply_count":0,"_bbp_topic_count_hidden":0,"_bbp_reply_count_hidden":0,"_bbp_forum_subforum_count":0,"footnotes":""},"class_list":["post-8998","page","type-page","status-publish","hentry"],"post_mailing_queue_ids":[],"_links":{"self":[{"href":"https:\/\/agora-eoi.xtec.cat\/eoisabadell\/wp-json\/wp\/v2\/pages\/8998","targetHints":{"allow":["GET"]}}],"collection":[{"href":"https:\/\/agora-eoi.xtec.cat\/eoisabadell\/wp-json\/wp\/v2\/pages"}],"about":[{"href":"https:\/\/agora-eoi.xtec.cat\/eoisabadell\/wp-json\/wp\/v2\/types\/page"}],"author":[{"embeddable":true,"href":"https:\/\/agora-eoi.xtec.cat\/eoisabadell\/wp-json\/wp\/v2\/users\/1"}],"replies":[{"embeddable":true,"href":"https:\/\/agora-eoi.xtec.cat\/eoisabadell\/wp-json\/wp\/v2\/comments?post=8998"}],"version-history":[{"count":3,"href":"https:\/\/agora-eoi.xtec.cat\/eoisabadell\/wp-json\/wp\/v2\/pages\/8998\/revisions"}],"predecessor-version":[{"id":13880,"href":"https:\/\/agora-eoi.xtec.cat\/eoisabadell\/wp-json\/wp\/v2\/pages\/8998\/revisions\/13880"}],"up":[{"embeddable":true,"href":"https:\/\/agora-eoi.xtec.cat\/eoisabadell\/wp-json\/wp\/v2\/pages\/8996"}],"wp:attachment":[{"href":"https:\/\/agora-eoi.xtec.cat\/eoisabadell\/wp-json\/wp\/v2\/media?parent=8998"}],"curies":[{"name":"wp","href":"https:\/\/api.w.org\/{rel}","templated":true}]}}

Aula multimèdia

<p style="text-align: center;"><span style="color: #ff0000;"><strong>NOTA: US RECORDEM QUE, DURANT EL CURS 2020/2021, L&#8217;AULA MULTIMÈDIA ROMANDRÀ TANCADA PER QÜESTIONS SANITÀRIES</strong></span></p>
<p>L&#8217;escola disposa d&#8217;una aula amb 30 ordinadors connectats en xarxa, la qual cosa afavoreix assolir molts dels objectius de l&#8217;àrea de llengües estrangeres a través de mitjans informàtics i audiovisuals.</p>
<p>És un espai per treballar tant en grup-classe, a nivell individual i/o en grups.</p>
<p>La incorporació de recursos tecnològics a l&#8217;aprenentatge i l&#8217;ensenyament de les llengües estrangeres afavoreix l&#8217;autoaprenentatge, la iniciativa personal i el treball en grup.</p>
<p>D&#8217;altra banda, la tecnologia multimèdia i Internet ofereixen facilitats d&#8217;accés a grans volums d&#8217;informació, que ajuden a enriquir el bagatge cultural.</p>
<p>L&#8217;aula multimèdia conté el laboratori que ofereix la possibilitat de treballar autònomament.</p>
<ul>
<li>la monitorització individual de l&#8217;activitat dels alumnes.</li>
<li>la intercomunicació individual o col·lectiva amb els alumnes.</li>
<li>l&#8217;agrupament aleatori de l&#8217;alumnat.</li>
</ul>
<p>Cada alumne disposa d&#8217;auriculars per a la pràctica de l&#8217;expressió i comprensió oral amb la possibilitat d&#8217;autogravació i de treball autònom.</p>
<p><a href="http://agora-eoi.xtec.cat/eoisabadell/wp-content/uploads/usu2240/2016/11/aula-multimedia_1.jpg"><img loading="lazy" decoding="async" class="alignnone size-thumbnail wp-image-8999" src="http://agora-eoi.xtec.cat/eoisabadell/wp-content/uploads/usu2240/2016/11/aula-multimedia_1-150x150.jpg" alt="aula-multimedia_1" width="150" height="150" /></a></p>

<p>NOTA: US RECORDEM QUE, DURANT EL CURS 2020/2021, L&#8217;AULA MULTIMÈDIA ROMANDRÀ TANCADA PER QÜESTIONS SANITÀRIES<br />
L&#8217;escola disposa d&#8217;una aula amb 30 ordinadors connectats en xarxa, la qual cosa afavoreix assolir molts dels objectius de l&#8217;àrea de llengües estrangeres a través de mitjans informàtics i audiovisuals.<br />
És un&hellip;  <a href="https://agora-eoi.xtec.cat/eoisabadell/altres-serveis/aula-multimedia/" title="Read Aula multimèdia">Llegeix més»</a></p>
