{"id":8956,"date":"2016-11-15T18:32:45","date_gmt":"2016-11-15T17:32:45","guid":{"rendered":"http:\/\/agora-eoi.xtec.cat\/eoisabadell\/?page_id=8956"},"modified":"2026-02-23T12:53:41","modified_gmt":"2026-02-23T11:53:41","slug":"tramits","status":"publish","type":"page","link":"https:\/\/agora-eoi.xtec.cat\/eoisabadell\/departament-dalumnat\/tramits\/","title":{"rendered":"Tr\u00e0mits de l&#8217;alumnat"},"content":{"rendered":"<p style=\"text-align: center;\">ATENCI\u00d3: Llegiu atentament les instruccions per al tr\u00e0mit que voleu fer i fixeu-vos en els terminis establerts:<\/p>\n<p><a href=\"https:\/\/agora-eoi.xtec.cat\/eoisabadell\/documentacio-obligatoria-alumnat\/\">Documentaci\u00f3 obligat\u00f2ria alumnat MENOR D&#8217;EDAT curs 25-26<\/a><\/p>\n<ol>\n<li><a href=\"http:\/\/agora-eoi.xtec.cat\/eoisabadell\/wp-content\/uploads\/usu2240\/2018\/04\/instancia.pdf\">Inst\u00e0ncia \/ sol\u00b7licitud: impr\u00e8s general <\/a>(per a q\u00fcestions administratives, adreceu-la a <a href=\"mailto:secretaria@eoisabadell.cat\">secretaria@eoisabadell.cat<\/a>. Per a altres q\u00fcestions, adreceu la vostra consulta\/petici\u00f3 a: <a href=\"mailto:eoisabadell@xtec.cat\">eoisabadell@xtec.cat)<\/a><\/li>\n<li><a style=\"color: #2795b6;\" href=\"https:\/\/drive.google.com\/file\/d\/1whFbkdgPy4Otc8dZ4kPR9BGK-sP-CpVr\/view?usp=sharing\">Autoritzaci\u00f3 per a gestions en nom d&#8217;una altra persona<\/a><\/li>\n<li><a href=\"https:\/\/agora-eoi.xtec.cat\/eoisabadell\/certificats-i-titols\/\">Certificats i t\u00edtols<\/a><\/li>\n<li><a href=\"https:\/\/agora-eoi.xtec.cat\/eoisabadell\/canvi-dhorari\/\">Canvi d&#8217;horari.<\/a><\/li>\n<li><a href=\"https:\/\/agora-eoi.xtec.cat\/eoisabadell\/sollicitud-trasllat-expedient-excepcional-al-juliol\/\">Trasllat d&#8217;expedient.<\/a><\/li>\n<li><a href=\"https:\/\/agora-eoi.xtec.cat\/eoisabadell\/renuncies\/\">Ren\u00fancia a la matr\u00edcula AMB reserva de pla\u00e7a i SENSE devoluci\u00f3 de taxes o preus p\u00fablics.<\/a><\/li>\n<li><a href=\"https:\/\/agora-eoi.xtec.cat\/eoisabadell\/devolucio-de-taxes\/\">Ren\u00fancia AMB devoluci\u00f3 de taxes o preus p\u00fablics SENSE reserva de pla\u00e7a, i d&#8217;altres sup\u00f2sits de devolucions<\/a><\/li>\n<li><a href=\"https:\/\/agora-eoi.xtec.cat\/eoisabadell\/matricula-dactualitzacio-2\/\">Matr\u00edcula d&#8217;actualitzaci\u00f3<\/a><\/li>\n<li><a href=\"https:\/\/agora-eoi.xtec.cat\/eoisabadell\/convocatoria-adicional-3a-matricula-dun-curs\/\">Convocat\u00f2ria addicional (3a matr\u00edcula d&#8217;un mateix curs)<\/a><\/li>\n<li><a href=\"https:\/\/agora-eoi.xtec.cat\/eoisabadell\/preus-matricula\/\">Taxes i preus p\u00fablics matr\u00edcula<\/a><\/li>\n<li><a href=\"https:\/\/agora-eoi.xtec.cat\/eoisabadell\/beques-i-ajuts-2\/\">Beques i ajuts<\/a><\/li>\n<li><a href=\"https:\/\/docs.google.com\/forms\/d\/e\/1FAIpQLScX7ntWsXWhuMXBfN52BecGQX5PkmB5yZ806Zxn0og3-dTmwA\/viewform\" target=\"_blank\" rel=\"noopener\">Formulari petici\u00f3 adaptaci\u00f3 proves finals per a <span style=\"text-decoration: underline;\">alumnes oficials<\/span> amb <span class=\"il\">NESE <\/span><\/a>(termini: fins al <strong>26 de mar\u00e7 de 2026<\/strong>)<\/li>\n<\/ol>\n","protected":false},"excerpt":{"rendered":"<p>ATENCI\u00d3: Llegiu atentament les instruccions per al tr\u00e0mit que voleu fer i fixeu-vos en els terminis establerts:<br \/>\n<a href=\"https:\/\/agora-eoi.xtec.cat\/eoisabadell\/documentacio-obligatoria-alumnat\/\">Documentaci\u00f3 obligat\u00f2ria alumnat MENOR D&#8217;EDAT curs 25-26<\/a><\/p>\n<ol>\n<li><a href=\"http:\/\/agora-eoi.xtec.cat\/eoisabadell\/wp-content\/uploads\/usu2240\/2018\/04\/instancia.pdf\">Inst\u00e0ncia \/ sol\u00b7licitud: impr\u00e8s general <\/a>(per a q\u00fcestions administratives, adreceu-la a <a href=\"mailto:secretaria@eoisabadell.cat\">secretaria@eoisabadell.cat<\/a>. Per a altres q\u00fcestions, adreceu la vostra consulta\/petici\u00f3&hellip;  <a href=\"https:\/\/agora-eoi.xtec.cat\/eoisabadell\/departament-dalumnat\/tramits\/\" title=\"Read Tr\u00e0mits de l&#8217;alumnat\">Llegeix m\u00e9s\u00bb<\/a><br \/>\n","protected":false},"author":1,"featured_media":0,"parent":8954,"menu_order":2,"comment_status":"closed","ping_status":"closed","template":"","meta":{"_bbp_topic_count":0,"_bbp_reply_count":0,"_bbp_total_topic_count":0,"_bbp_total_reply_count":0,"_bbp_voice_count":0,"_bbp_anonymous_reply_count":0,"_bbp_topic_count_hidden":0,"_bbp_reply_count_hidden":0,"_bbp_forum_subforum_count":0,"footnotes":""},"class_list":["post-8956","page","type-page","status-publish","hentry"],"post_mailing_queue_ids":[],"_links":{"self":[{"href":"https:\/\/agora-eoi.xtec.cat\/eoisabadell\/wp-json\/wp\/v2\/pages\/8956","targetHints":{"allow":["GET"]}}],"collection":[{"href":"https:\/\/agora-eoi.xtec.cat\/eoisabadell\/wp-json\/wp\/v2\/pages"}],"about":[{"href":"https:\/\/agora-eoi.xtec.cat\/eoisabadell\/wp-json\/wp\/v2\/types\/page"}],"author":[{"embeddable":true,"href":"https:\/\/agora-eoi.xtec.cat\/eoisabadell\/wp-json\/wp\/v2\/users\/1"}],"replies":[{"embeddable":true,"href":"https:\/\/agora-eoi.xtec.cat\/eoisabadell\/wp-json\/wp\/v2\/comments?post=8956"}],"version-history":[{"count":6,"href":"https:\/\/agora-eoi.xtec.cat\/eoisabadell\/wp-json\/wp\/v2\/pages\/8956\/revisions"}],"predecessor-version":[{"id":18397,"href":"https:\/\/agora-eoi.xtec.cat\/eoisabadell\/wp-json\/wp\/v2\/pages\/8956\/revisions\/18397"}],"up":[{"embeddable":true,"href":"https:\/\/agora-eoi.xtec.cat\/eoisabadell\/wp-json\/wp\/v2\/pages\/8954"}],"wp:attachment":[{"href":"https:\/\/agora-eoi.xtec.cat\/eoisabadell\/wp-json\/wp\/v2\/media?parent=8956"}],"curies":[{"name":"wp","href":"https:\/\/api.w.org\/{rel}","templated":true}]}}