{"id":318,"date":"2015-11-24T18:18:24","date_gmt":"2015-11-24T17:18:24","guid":{"rendered":"http:\/\/agora-eoi.xtec.cat\/eoisabadell\/?page_id=318"},"modified":"2016-11-15T17:00:58","modified_gmt":"2016-11-15T16:00:58","slug":"on-som","status":"publish","type":"page","link":"https:\/\/agora-eoi.xtec.cat\/eoisabadell\/el-servei-educatiu\/on-som\/","title":{"rendered":"On som"},"content":{"rendered":"<p><strong>Escola Oficial d&#8217;Idiomes XXXX<br \/>\n<\/strong>Pla\u00e7a de la Vila, 14<br \/>\n01234 Abella de Xerta<br \/>\ntel. 01234567<br \/>\neoi-larany@xtec.cat<\/p>\n<p><iframe loading=\"lazy\" style=\"border: 0;\" src=\"https:\/\/www.google.com\/maps\/embed?pb=!1m18!1m12!1m3!1d2985.999942861018!2d2.015358215430781!3d41.54759847924985!2m3!1f0!2f0!3f0!3m2!1i1024!2i768!4f13.1!3m3!1m2!1s0x12a492f758e7181b%3A0x2782c3dc7c8cd527!2sEOI+Terrassa!5e0!3m2!1sca!2ses!4v1465399276564\" width=\"600\" height=\"450\" frameborder=\"0\" allowfullscreen=\"allowfullscreen\"><\/iframe><\/p>\n<p><strong>Com arribar-hi:<br \/>\n<\/strong><\/p>\n<ul>\n<li><b>Busos<\/b>: V15, 19, 27, 60, 73, 76, 85 i 173.<\/li>\n<li><b>Metro<\/b>: L\u00ednia verda <strong>(L3)<\/strong> i l\u00ednia blava <strong>(L5)<\/strong>\u00a0 parada <strong>Vall d&#8217;Hebron\u00a0<\/strong>(sortida av. Jord\u00e0).<\/li>\n<li><b>Cotxe<\/b>: Ronda de Dalt des del Bes\u00f3s, sortida 4. Passeu per davant de la resid\u00e8ncia i tombeu a la dreta en arribar al sem\u00e0for al costat del metro.<br \/>\nRonda de Dalt des del Llobregat, sortida 5. Trenqueu a l&#8217;esquerra al sem\u00e0for i passeu per davant de la resid\u00e8ncia. Gireu de nou a la dreta en arribar al sem\u00e0for del metro.<\/li>\n<\/ul>\n","protected":false},"excerpt":{"rendered":"<p>Escola Oficial d&#8217;Idiomes XXXX<br \/>\nPla\u00e7a de la Vila, 14<br \/>\n01234 Abella de Xerta<br \/>\ntel. 01234567<br \/>\neoi-larany@xtec.cat<\/p>\n<p>Com arribar-hi:<\/p>\n<ul>\n<li>Busos: V15, 19, 27, 60, 73, 76, 85 i 173.<\/li>\n<li>Metro: L\u00ednia verda (L3) i l\u00ednia blava (L5)\u00a0 parada Vall d&#8217;Hebron\u00a0(sortida av. Jord\u00e0).<\/li>\n<li>Cotxe: Ronda de Dalt des del Bes\u00f3s, sortida 4. Passeu per davant&hellip;  <a href=\"https:\/\/agora-eoi.xtec.cat\/eoisabadell\/el-servei-educatiu\/on-som\/\" title=\"Read On som\">Llegeix m\u00e9s\u00bb<\/a><br \/>\n","protected":false},"author":1,"featured_media":0,"parent":806,"menu_order":70,"comment_status":"closed","ping_status":"closed","template":"page-templates\/side-menu.php","meta":{"_bbp_topic_count":0,"_bbp_reply_count":0,"_bbp_total_topic_count":0,"_bbp_total_reply_count":0,"_bbp_voice_count":0,"_bbp_anonymous_reply_count":0,"_bbp_topic_count_hidden":0,"_bbp_reply_count_hidden":0,"_bbp_forum_subforum_count":0,"footnotes":""},"class_list":["post-318","page","type-page","status-publish","hentry"],"post_mailing_queue_ids":[],"_links":{"self":[{"href":"https:\/\/agora-eoi.xtec.cat\/eoisabadell\/wp-json\/wp\/v2\/pages\/318","targetHints":{"allow":["GET"]}}],"collection":[{"href":"https:\/\/agora-eoi.xtec.cat\/eoisabadell\/wp-json\/wp\/v2\/pages"}],"about":[{"href":"https:\/\/agora-eoi.xtec.cat\/eoisabadell\/wp-json\/wp\/v2\/types\/page"}],"author":[{"embeddable":true,"href":"https:\/\/agora-eoi.xtec.cat\/eoisabadell\/wp-json\/wp\/v2\/users\/1"}],"replies":[{"embeddable":true,"href":"https:\/\/agora-eoi.xtec.cat\/eoisabadell\/wp-json\/wp\/v2\/comments?post=318"}],"version-history":[{"count":3,"href":"https:\/\/agora-eoi.xtec.cat\/eoisabadell\/wp-json\/wp\/v2\/pages\/318\/revisions"}],"predecessor-version":[{"id":8823,"href":"https:\/\/agora-eoi.xtec.cat\/eoisabadell\/wp-json\/wp\/v2\/pages\/318\/revisions\/8823"}],"up":[{"embeddable":true,"href":"https:\/\/agora-eoi.xtec.cat\/eoisabadell\/wp-json\/wp\/v2\/pages\/806"}],"wp:attachment":[{"href":"https:\/\/agora-eoi.xtec.cat\/eoisabadell\/wp-json\/wp\/v2\/media?parent=318"}],"curies":[{"name":"wp","href":"https:\/\/api.w.org\/{rel}","templated":true}]}}