{"id":14226,"date":"2021-10-19T20:33:35","date_gmt":"2021-10-19T18:33:35","guid":{"rendered":"https:\/\/agora-eoi.xtec.cat\/eoisabadell\/?page_id=14226"},"modified":"2025-02-17T11:36:22","modified_gmt":"2025-02-17T10:36:22","slug":"cursos-especials-dhivern","status":"publish","type":"page","link":"https:\/\/agora-eoi.xtec.cat\/eoisabadell\/cursos-especials-dhivern\/","title":{"rendered":"Cursos especials d&#8217;hivern"},"content":{"rendered":"<header class=\"entry-header\">Les Escoles Oficials d\u2019Idiomes ofereixen\u00a0<strong>cursos monogr\u00e0fics<\/strong>\u00a0per al perfeccionament de compet\u00e8ncies en idiomes i\u00a0<strong>cursos especials de llengua instrumental<\/strong>.<\/p>\n<p class=\"rtejustify\">Es consideren cursos monogr\u00e0fics els cursos de llengua d\u2019especialitat (negocis, llenguatge jur\u00eddic, m\u00e8dic, etc.), d\u2019aprofundiment en el coneixement de la realitat sociocultural dels pa\u00efsos on es parla la llengua objecte d\u2019estudi (literatura, hist\u00f2ria, civilitzaci\u00f3, costums, institucions, etc.), o b\u00e9 de treball d\u2019actualitzaci\u00f3 ling\u00fc\u00edstica o de treball espec\u00edfic per destreses.<br \/>\nAquests cursos es poden impartir al llarg de l\u2019any o b\u00e9 a l\u2019estiu, amb una durada m\u00ednima de 30 hores.<\/p>\n<h4><strong>Oferta durant el curs 2024-2025<\/strong><\/h4>\n<ul>\n<li>\n<h5>Curs de preparaci\u00f3 al Certificat C1 d\u2019angl\u00e8s (convocat\u00f2ria ordin\u00e0ria de 26 de maig de 2025)\u00a0 ***PLACES EXHAURIDES***<\/h5>\n<\/li>\n<\/ul>\n<p>Curs de 30 hores lectives (12 sessions)\u00a0 adre\u00e7at a persones interessades a preparar el <strong>Certificat Avan\u00e7at C1 d\u2019angl\u00e8s de les EOIs<\/strong> com a candidats lliures, al marge dels programes oficials*, i amb un nivell de llengua proper al nivell C1 del Marc Com\u00fa Europeu de Refer\u00e8ncia.<\/p>\n<p><a href=\"https:\/\/agora-eoi.xtec.cat\/eoisabadell\/curs-de-preparacio-al-certificat-intermedi-b2-dangles-convocatoria-ordinaria-del-9-de-juny-de-2023\/\" target=\"_blank\" rel=\"noopener\">M\u00e9s informaci\u00f3<\/a><\/p>\n<div>\n<ul>\n<li>\n<h5>Curs de preparaci\u00f3 al Certificat B2 d\u2019angl\u00e8s (convocat\u00f2ria ordin\u00e0ria de 28 de maig de 2025) ***PLACES EXHAURIDES***<\/h5>\n<\/li>\n<\/ul>\n<p>Curs de 30 hores lectives (12 sessions)\u00a0 adre\u00e7at a persones interessades a preparar el <strong>Certificat Intermedi B2 d\u2019angl\u00e8s de les EOIs<\/strong> com a candidats lliures, al marge dels programes oficials*, i amb un nivell de llengua proper al nivell B2 del Marc Com\u00fa Europeu de Refer\u00e8ncia.<\/p>\n<p><a href=\"https:\/\/agora-eoi.xtec.cat\/eoisabadell\/curs-de-preparacio-al-certificat-intermedi-b2-dangles-de-les-eois-convocatoria-ordinaria-examen-escrit-dv-31-de-maig-de-2024-matricula-oberta\/\" target=\"_blank\" rel=\"noopener\">M\u00e9s informaci\u00f3<\/a><\/p>\n<hr \/>\n<\/div>\n<\/header>\n<div class=\"entry-content\">\n<header class=\"entry-header\">\n<ul>\n<li class=\"entry-title\">\n<h5>***ANUL\u00b7LATS CURS 24-25*** Consolidation du B2 (franc\u00e8s B2+) i Beyond B2 (angl\u00e8s B2+)<\/h5>\n<\/li>\n<\/ul>\n<\/header>\n<div class=\"entry-content\">\n<p class=\"gmail_default\">Cursos de perfeccionament de 70 hores lectives adre\u00e7at a persones interessades a mantenir i actualitzar el seu coneixement de l\u2019idioma (amb un nivell de llengua de B2)<\/p>\n<div><a href=\"https:\/\/agora-eoi.xtec.cat\/eoisabadell\/general\/cursos-especials-b2-angles-i-frances\/\">M\u00e9s informaci\u00f3<\/a><\/div>\n<\/div>\n<\/div>\n<div><\/div>\n<div><\/div>\n<div class=\"entry-content\">\n<ul>\n<li>\n<h5>***ANUL\u00b7LAT CURS 24-25*** B1 Fran\u00e7ais sans peine i Take It Easy on B1<\/h5>\n<\/li>\n<\/ul>\n<p>Cursos de 70 hores lectives adre\u00e7ats a persones interessades a repassar i consolidar els seus coneixements de B1 de franc\u00e8s o angl\u00e8s, al marge dels programes oficials*, i amb un nivell de llengua proper al nivell B1 del Marc Com\u00fa Europeu de Refer\u00e8ncia.<\/p>\n<div><\/div>\n<div><a href=\"https:\/\/agora-eoi.xtec.cat\/eoisabadell\/general\/curs-de-preparacio-al-certificat-b1-dangles-convocatoria-de-febrer\/\">M\u00e9s informaci\u00f3<\/a><\/div>\n<\/div>\n","protected":false},"excerpt":{"rendered":"<p>Les Escoles Oficials d\u2019Idiomes ofereixen\u00a0cursos monogr\u00e0fics\u00a0per al perfeccionament de compet\u00e8ncies en idiomes i\u00a0cursos especials de llengua instrumental.<br \/>\nEs consideren cursos monogr\u00e0fics els cursos de llengua d\u2019especialitat (negocis, llenguatge jur\u00eddic, m\u00e8dic, etc.), d\u2019aprofundiment en el coneixement de la realitat sociocultural dels pa\u00efsos on es parla la llengua&hellip;  <a href=\"https:\/\/agora-eoi.xtec.cat\/eoisabadell\/cursos-especials-dhivern\/\" title=\"Read Cursos especials d&#8217;hivern\">Llegeix m\u00e9s\u00bb<\/a><\/p>\n","protected":false},"author":7,"featured_media":0,"parent":0,"menu_order":0,"comment_status":"closed","ping_status":"closed","template":"","meta":{"_bbp_topic_count":0,"_bbp_reply_count":0,"_bbp_total_topic_count":0,"_bbp_total_reply_count":0,"_bbp_voice_count":0,"_bbp_anonymous_reply_count":0,"_bbp_topic_count_hidden":0,"_bbp_reply_count_hidden":0,"_bbp_forum_subforum_count":0,"footnotes":""},"class_list":["post-14226","page","type-page","status-publish","hentry"],"post_mailing_queue_ids":[],"_links":{"self":[{"href":"https:\/\/agora-eoi.xtec.cat\/eoisabadell\/wp-json\/wp\/v2\/pages\/14226","targetHints":{"allow":["GET"]}}],"collection":[{"href":"https:\/\/agora-eoi.xtec.cat\/eoisabadell\/wp-json\/wp\/v2\/pages"}],"about":[{"href":"https:\/\/agora-eoi.xtec.cat\/eoisabadell\/wp-json\/wp\/v2\/types\/page"}],"author":[{"embeddable":true,"href":"https:\/\/agora-eoi.xtec.cat\/eoisabadell\/wp-json\/wp\/v2\/users\/7"}],"replies":[{"embeddable":true,"href":"https:\/\/agora-eoi.xtec.cat\/eoisabadell\/wp-json\/wp\/v2\/comments?post=14226"}],"version-history":[{"count":7,"href":"https:\/\/agora-eoi.xtec.cat\/eoisabadell\/wp-json\/wp\/v2\/pages\/14226\/revisions"}],"predecessor-version":[{"id":17611,"href":"https:\/\/agora-eoi.xtec.cat\/eoisabadell\/wp-json\/wp\/v2\/pages\/14226\/revisions\/17611"}],"wp:attachment":[{"href":"https:\/\/agora-eoi.xtec.cat\/eoisabadell\/wp-json\/wp\/v2\/media?parent=14226"}],"curies":[{"name":"wp","href":"https:\/\/api.w.org\/{rel}","templated":true}]}}