{"id":14136,"date":"2021-10-06T10:49:58","date_gmt":"2021-10-06T08:49:58","guid":{"rendered":"https:\/\/agora-eoi.xtec.cat\/eoisabadell\/?page_id=14136"},"modified":"2023-04-27T15:16:43","modified_gmt":"2023-04-27T13:16:43","slug":"coordinacio-informatica","status":"publish","type":"page","link":"https:\/\/agora-eoi.xtec.cat\/eoisabadell\/coordinacio-informatica\/","title":{"rendered":"Coordinaci\u00f3 inform\u00e0tica"},"content":{"rendered":"<p><a href=\"https:\/\/agora-eoi.xtec.cat\/eoisabadell\/wp-content\/uploads\/usu2240\/2021\/10\/computer.jpg\"><img loading=\"lazy\" decoding=\"async\" class=\"aligncenter wp-image-14140\" src=\"https:\/\/agora-eoi.xtec.cat\/eoisabadell\/wp-content\/uploads\/usu2240\/2021\/10\/computer.jpg\" alt=\"\" width=\"458\" height=\"258\" srcset=\"https:\/\/agora-eoi.xtec.cat\/eoisabadell\/wp-content\/uploads\/usu2240\/2021\/10\/computer.jpg 1920w, https:\/\/agora-eoi.xtec.cat\/eoisabadell\/wp-content\/uploads\/usu2240\/2021\/10\/computer-300x169.jpg 300w, https:\/\/agora-eoi.xtec.cat\/eoisabadell\/wp-content\/uploads\/usu2240\/2021\/10\/computer-1024x576.jpg 1024w, https:\/\/agora-eoi.xtec.cat\/eoisabadell\/wp-content\/uploads\/usu2240\/2021\/10\/computer-768x432.jpg 768w, https:\/\/agora-eoi.xtec.cat\/eoisabadell\/wp-content\/uploads\/usu2240\/2021\/10\/computer-1536x864.jpg 1536w\" sizes=\"auto, (max-width: 458px) 100vw, 458px\" \/><\/a><\/p>\n<p>&nbsp;<\/p>\n<p>L&#8217;escola compta amb un equip de coordinaci\u00f3 inform\u00e0tica, al qual podeu adre\u00e7ar les vostres consultes, peticions o dubtes relacionats amb:<\/p>\n<ul>\n<li>Comptes, contrasenyes pel que fa als correus del domini <a href=\"http:\/\/eoisabadell.cat\/\" target=\"_blank\" rel=\"noopener\">eoisabadell.cat<\/a>, problemes amb el Moodle, etc. En aquest cas, envieu l&#8217;email a <strong><a href=\"mailto:coordinacioinformatica@eoisabadell.cat\" target=\"_blank\" rel=\"noopener\">coordinacioinformatica@eoisabadell.cat<\/a>.<\/strong><\/li>\n<\/ul>\n<div><\/div>\n<div><\/div>\n<div>Us recordem on us podeu adre\u00e7ar per a d&#8217;altres q\u00fcestions:<\/div>\n<div><\/div>\n<ul>\n<li>Q\u00fcestions acad\u00e8miques, canvis de grup, matriculaci\u00f3, incid\u00e8ncies per accedir a l&#8217;aplicaciu de matriculac\u00edo i consulta expedient Centrosnet, etc. En aquest cas, envieu l&#8217;email a <a href=\"mailto:secretaria@eoisabadell.cat\" target=\"_blank\" rel=\"noopener\">secretaria@eoisabadell.cat<\/a>.<\/li>\n<li>Tamb\u00e9 podreu trobar la informaci\u00f3 que necessiteu consultant la nostra web: <a href=\"http:\/\/www.eoisabadell.cat\/\" target=\"_blank\" rel=\"noopener\">www.eoisabadell.cat<\/a> i, si no \u00e9s el cas, escriviu a <a href=\"mailto:secretaria@eoisabadell.cat\" target=\"_blank\" rel=\"noopener\">secretaria@eoisabadell.cat<\/a>.<\/li>\n<\/ul>\n","protected":false},"excerpt":{"rendered":"<p><a href=\"https:\/\/agora-eoi.xtec.cat\/eoisabadell\/wp-content\/uploads\/usu2240\/2021\/10\/computer.jpg\"><\/a><br \/>\n&nbsp;<br \/>\nL&#8217;escola compta amb un equip de coordinaci\u00f3 inform\u00e0tica, al qual podeu adre\u00e7ar les vostres consultes, peticions o dubtes relacionats amb:<\/p>\n<ul>\n<li>Comptes, contrasenyes pel que fa als correus del domini <a href=\"http:\/\/eoisabadell.cat\/\" target=\"_blank\" rel=\"noopener\">eoisabadell.cat<\/a>, problemes amb el Moodle, etc. En aquest cas, envieu l&#8217;email a <a&hellip;  <a href=\"https:\/\/agora-eoi.xtec.cat\/eoisabadell\/coordinacio-informatica\/\" title=\"Read Coordinaci\u00f3 inform\u00e0tica\">Llegeix m\u00e9s\u00bb<\/a><br \/>\n","protected":false},"author":7,"featured_media":0,"parent":0,"menu_order":0,"comment_status":"closed","ping_status":"closed","template":"","meta":{"_bbp_topic_count":0,"_bbp_reply_count":0,"_bbp_total_topic_count":0,"_bbp_total_reply_count":0,"_bbp_voice_count":0,"_bbp_anonymous_reply_count":0,"_bbp_topic_count_hidden":0,"_bbp_reply_count_hidden":0,"_bbp_forum_subforum_count":0,"footnotes":""},"class_list":["post-14136","page","type-page","status-publish","hentry"],"post_mailing_queue_ids":[],"_links":{"self":[{"href":"https:\/\/agora-eoi.xtec.cat\/eoisabadell\/wp-json\/wp\/v2\/pages\/14136","targetHints":{"allow":["GET"]}}],"collection":[{"href":"https:\/\/agora-eoi.xtec.cat\/eoisabadell\/wp-json\/wp\/v2\/pages"}],"about":[{"href":"https:\/\/agora-eoi.xtec.cat\/eoisabadell\/wp-json\/wp\/v2\/types\/page"}],"author":[{"embeddable":true,"href":"https:\/\/agora-eoi.xtec.cat\/eoisabadell\/wp-json\/wp\/v2\/users\/7"}],"replies":[{"embeddable":true,"href":"https:\/\/agora-eoi.xtec.cat\/eoisabadell\/wp-json\/wp\/v2\/comments?post=14136"}],"version-history":[{"count":4,"href":"https:\/\/agora-eoi.xtec.cat\/eoisabadell\/wp-json\/wp\/v2\/pages\/14136\/revisions"}],"predecessor-version":[{"id":14487,"href":"https:\/\/agora-eoi.xtec.cat\/eoisabadell\/wp-json\/wp\/v2\/pages\/14136\/revisions\/14487"}],"wp:attachment":[{"href":"https:\/\/agora-eoi.xtec.cat\/eoisabadell\/wp-json\/wp\/v2\/media?parent=14136"}],"curies":[{"name":"wp","href":"https:\/\/api.w.org\/{rel}","templated":true}]}}