{"id":14044,"date":"2021-09-23T17:28:34","date_gmt":"2021-09-23T15:28:34","guid":{"rendered":"https:\/\/agora-eoi.xtec.cat\/eoisabadell\/?page_id=14044"},"modified":"2021-09-23T17:38:27","modified_gmt":"2021-09-23T15:38:27","slug":"protocol-covid-de-seguretat-i-prevencio","status":"publish","type":"page","link":"https:\/\/agora-eoi.xtec.cat\/eoisabadell\/protocol-covid-de-seguretat-i-prevencio\/","title":{"rendered":"Protocol COVID de seguretat i prevenci\u00f3"},"content":{"rendered":"<p><a href=\"https:\/\/agora-eoi.xtec.cat\/eoisabadell\/wp-content\/uploads\/usu2240\/2020\/09\/Gencat_corona_2.png\"><img loading=\"lazy\" decoding=\"async\" class=\"aligncenter wp-image-12945\" src=\"https:\/\/agora-eoi.xtec.cat\/eoisabadell\/wp-content\/uploads\/usu2240\/2020\/09\/Gencat_corona_2.png\" alt=\"\" width=\"215\" height=\"167\" srcset=\"https:\/\/agora-eoi.xtec.cat\/eoisabadell\/wp-content\/uploads\/usu2240\/2020\/09\/Gencat_corona_2.png 555w, https:\/\/agora-eoi.xtec.cat\/eoisabadell\/wp-content\/uploads\/usu2240\/2020\/09\/Gencat_corona_2-300x233.png 300w\" sizes=\"auto, (max-width: 215px) 100vw, 215px\" \/><\/a><\/p>\n<ul>\n<li><strong>Protocol COVID de mesures de seguretat i prevenci\u00f3:<\/strong>\n<ul>\n<li>La <span style=\"color: #000000;\"><strong>mascareta<\/strong><\/span> ser\u00e0 d\u2019\u00fas obligatori en tot moment dins l\u2019edifici i, per tant, tamb\u00e9 durant les sessions de classe presencial.<\/li>\n<li>Caldr\u00e0 mantenir sempre les\u00a0<strong>dist\u00e0ncies de seguretat<\/strong>\u00a0d&#8217;1,5 metres a les escales, passadissos i lavabos. Es demana a tot l\u2019alumnat de no quedar-se en els espais de pas m\u00e9s temps del necessari.<\/li>\n<li><span style=\"font-weight: 400;\">Dirigiu-vos directament a l\u2019aula <strong>evitant aglomeracions<\/strong> i aturar-vos en els espais compartits de tr\u00e0nsit (entrada, escales, distribu\u00efdors\u2026).<\/span><\/li>\n<li>L\u2019\u00fas de <strong>gel hidroalcoh\u00f2lic<\/strong> ser\u00e0 obligatori per accedir al centre i a l\u2019aula, aix\u00ed com la neteja de les sabates a l&#8217;entrada de l&#8217;edifici.<\/li>\n<li>Es garantir\u00e0 la <strong>ventilaci\u00f3 creuada<\/strong> dins les aules.<\/li>\n<li>A l\u2019aula cada alumne-a disposar\u00e0 de <strong>material per higienitzar<\/strong> la seva taula i cadira durant la classe.<\/li>\n<li><span style=\"font-family: inherit; font-size: 1em;\">La capacitat dels <strong>ascensors<\/strong> queda limitada a dues persones, i tindran prioritat, com sempre, les persones amb mobilitat redu\u00efda.<\/span><\/li>\n<li>No es permet l\u2019acc\u00e9s al centre de cap persona que tingui<strong> s\u00edmptomes compatibles amb la COVID-19 <span style=\"font-weight: 400;\">(febre, tos, dificultat respirat\u00f2ria, malestar, diarrea\u2026)<\/span>,<\/strong> aix\u00ed com aquelles persones que es troben en a\u00efllament o en per\u00edode de quarantena domicili\u00e0ria.<\/li>\n<li>Ser\u00e0 obligat\u00f2ria la presentaci\u00f3 d\u2019una <strong>declaraci\u00f3 responsable<\/strong> que us proporcionar\u00e0 el vostre professorat i que tamb\u00e9 podeu descarregar <a href=\"https:\/\/agora-eoi.xtec.cat\/eoisabadell\/documentacio-obligatoria-alumnat-curs-20-21\/\">aqu\u00ed<\/a>.<\/li>\n<\/ul>\n<\/li>\n<\/ul>\n<p><span style=\"font-weight: 400;\">En el seg\u00fcent enlla\u00e7, <\/span><span style=\"font-weight: 400;\">hi trobareu el nostre <\/span><b><a href=\"https:\/\/docs.google.com\/document\/d\/16nGwrGALupXpyF4i3LKkYQl6SaMli73mki70FN_UqkM\/edit?usp=sharing\" target=\"_blank\" rel=\"noopener\">Pla d\u2019organitzaci\u00f3 del centre pel curs 21-22<\/a>.<\/b><\/p>\n<p>Gr\u00e0cies per la vostra col\u00b7laboraci\u00f3.<\/p>\n<p>&nbsp;<\/p>\n","protected":false},"excerpt":{"rendered":"<p><a href=\"https:\/\/agora-eoi.xtec.cat\/eoisabadell\/wp-content\/uploads\/usu2240\/2020\/09\/Gencat_corona_2.png\"><\/a><\/p>\n<ul>\n<li>Protocol COVID de mesures de seguretat i prevenci\u00f3:\n<ul>\n<li>La mascareta ser\u00e0 d\u2019\u00fas obligatori en tot moment dins l\u2019edifici i, per tant, tamb\u00e9 durant les sessions de classe presencial.<\/li>\n<li>Caldr\u00e0 mantenir sempre les\u00a0dist\u00e0ncies de seguretat\u00a0d&#8217;1,5 metres a les escales, passadissos i lavabos. Es demana a tot l\u2019alumnat&hellip;  <a href=\"https:\/\/agora-eoi.xtec.cat\/eoisabadell\/protocol-covid-de-seguretat-i-prevencio\/\" title=\"Read Protocol COVID de seguretat i prevenci\u00f3\">Llegeix m\u00e9s\u00bb<\/a><br \/>\n","protected":false},"author":7,"featured_media":0,"parent":0,"menu_order":0,"comment_status":"closed","ping_status":"closed","template":"","meta":{"_bbp_topic_count":0,"_bbp_reply_count":0,"_bbp_total_topic_count":0,"_bbp_total_reply_count":0,"_bbp_voice_count":0,"_bbp_anonymous_reply_count":0,"_bbp_topic_count_hidden":0,"_bbp_reply_count_hidden":0,"_bbp_forum_subforum_count":0,"footnotes":""},"class_list":["post-14044","page","type-page","status-publish","hentry"],"post_mailing_queue_ids":[],"_links":{"self":[{"href":"https:\/\/agora-eoi.xtec.cat\/eoisabadell\/wp-json\/wp\/v2\/pages\/14044","targetHints":{"allow":["GET"]}}],"collection":[{"href":"https:\/\/agora-eoi.xtec.cat\/eoisabadell\/wp-json\/wp\/v2\/pages"}],"about":[{"href":"https:\/\/agora-eoi.xtec.cat\/eoisabadell\/wp-json\/wp\/v2\/types\/page"}],"author":[{"embeddable":true,"href":"https:\/\/agora-eoi.xtec.cat\/eoisabadell\/wp-json\/wp\/v2\/users\/7"}],"replies":[{"embeddable":true,"href":"https:\/\/agora-eoi.xtec.cat\/eoisabadell\/wp-json\/wp\/v2\/comments?post=14044"}],"version-history":[{"count":3,"href":"https:\/\/agora-eoi.xtec.cat\/eoisabadell\/wp-json\/wp\/v2\/pages\/14044\/revisions"}],"predecessor-version":[{"id":14050,"href":"https:\/\/agora-eoi.xtec.cat\/eoisabadell\/wp-json\/wp\/v2\/pages\/14044\/revisions\/14050"}],"wp:attachment":[{"href":"https:\/\/agora-eoi.xtec.cat\/eoisabadell\/wp-json\/wp\/v2\/media?parent=14044"}],"curies":[{"name":"wp","href":"https:\/\/api.w.org\/{rel}","templated":true}]}}

Protocol COVID de seguretat i prevenció

<p><a href="https://agora-eoi.xtec.cat/eoisabadell/wp-content/uploads/usu2240/2020/09/Gencat_corona_2.png"><img loading="lazy" decoding="async" class="aligncenter wp-image-12945" src="https://agora-eoi.xtec.cat/eoisabadell/wp-content/uploads/usu2240/2020/09/Gencat_corona_2.png" alt="" width="215" height="167" srcset="https://agora-eoi.xtec.cat/eoisabadell/wp-content/uploads/usu2240/2020/09/Gencat_corona_2.png 555w, https://agora-eoi.xtec.cat/eoisabadell/wp-content/uploads/usu2240/2020/09/Gencat_corona_2-300x233.png 300w" sizes="auto, (max-width: 215px) 100vw, 215px" /></a></p>
<ul>
<li><strong>Protocol COVID de mesures de seguretat i prevenció:</strong>
<ul>
<li>La <span style="color: #000000;"><strong>mascareta</strong></span> serà d’ús obligatori en tot moment dins l’edifici i, per tant, també durant les sessions de classe presencial.</li>
<li>Caldrà mantenir sempre les <strong>distàncies de seguretat</strong> d&#8217;1,5 metres a les escales, passadissos i lavabos. Es demana a tot l’alumnat de no quedar-se en els espais de pas més temps del necessari.</li>
<li><span style="font-weight: 400;">Dirigiu-vos directament a l’aula <strong>evitant aglomeracions</strong> i aturar-vos en els espais compartits de trànsit (entrada, escales, distribuïdors…).</span></li>
<li>L’ús de <strong>gel hidroalcohòlic</strong> serà obligatori per accedir al centre i a l’aula, així com la neteja de les sabates a l&#8217;entrada de l&#8217;edifici.</li>
<li>Es garantirà la <strong>ventilació creuada</strong> dins les aules.</li>
<li>A l’aula cada alumne-a disposarà de <strong>material per higienitzar</strong> la seva taula i cadira durant la classe.</li>
<li><span style="font-family: inherit; font-size: 1em;">La capacitat dels <strong>ascensors</strong> queda limitada a dues persones, i tindran prioritat, com sempre, les persones amb mobilitat reduïda.</span></li>
<li>No es permet l’accés al centre de cap persona que tingui<strong> símptomes compatibles amb la COVID-19 <span style="font-weight: 400;">(febre, tos, dificultat respiratòria, malestar, diarrea…)</span>,</strong> així com aquelles persones que es troben en aïllament o en període de quarantena domiciliària.</li>
<li>Serà obligatòria la presentació d’una <strong>declaració responsable</strong> que us proporcionarà el vostre professorat i que també podeu descarregar <a href="https://agora-eoi.xtec.cat/eoisabadell/documentacio-obligatoria-alumnat-curs-20-21/">aquí</a>.</li>
</ul>
</li>
</ul>
<p><span style="font-weight: 400;">En el següent enllaç, </span><span style="font-weight: 400;">hi trobareu el nostre </span><b><a href="https://docs.google.com/document/d/16nGwrGALupXpyF4i3LKkYQl6SaMli73mki70FN_UqkM/edit?usp=sharing" target="_blank" rel="noopener">Pla d’organització del centre pel curs 21-22</a>.</b></p>
<p>Gràcies per la vostra col·laboració.</p>
<p>&nbsp;</p>

<p><a href="https://agora-eoi.xtec.cat/eoisabadell/wp-content/uploads/usu2240/2020/09/Gencat_corona_2.png"></a></p>
<ul>
<li>Protocol COVID de mesures de seguretat i prevenció:
<ul>
<li>La mascareta serà d’ús obligatori en tot moment dins l’edifici i, per tant, també durant les sessions de classe presencial.</li>
<li>Caldrà mantenir sempre les distàncies de seguretat d&#8217;1,5 metres a les escales, passadissos i lavabos. Es demana a tot l’alumnat&hellip;  <a href="https://agora-eoi.xtec.cat/eoisabadell/protocol-covid-de-seguretat-i-prevencio/" title="Read Protocol COVID de seguretat i prevenció">Llegeix més»</a><br />
