{"id":13691,"date":"2021-06-27T23:30:03","date_gmt":"2021-06-27T21:30:03","guid":{"rendered":"https:\/\/agora-eoi.xtec.cat\/eoisabadell\/?page_id=13691"},"modified":"2025-09-25T21:28:22","modified_gmt":"2025-09-25T19:28:22","slug":"preus-matricula","status":"publish","type":"page","link":"https:\/\/agora-eoi.xtec.cat\/eoisabadell\/preus-matricula\/","title":{"rendered":"Preus matr\u00edcula i bonificacions curs 2025-2026"},"content":{"rendered":"<div class=\"e439-12 x-section\">\n<div class=\"e439-13 x-container max width\">\n<div class=\"e439-14 x-column x-sm x-1-1\">\n<p>Aquests imports s\u00f3n una <strong>quota anual \u00fanica no fraccionable<\/strong> que es paguen en el moment de formalitzar la matr\u00edcula (tens un termini de 24 hores), i ja inclouen els drets d&#8217;examen de certificaci\u00f3 (nivells B1, B2.2, C1, C2 i C2.2), si \u00e9s el cas.<\/p>\n<p>Els cursos presencials (classes presencials 2 dies a la setmana) i semipresencials (classe presencial 1 dia a la setmana) tenen el mateix preu p\u00fablic o taxa.<\/p>\n<p>Per a m\u00e9s informaci\u00f3 sobre l<strong>&#8216;organitzaci\u00f3 dels estudis i nivells<\/strong>, cliqueu <a href=\"https:\/\/agora-eoi.xtec.cat\/eoisabadell\/informacio\/preguntes-frequents\/\">aqu\u00ed<\/a><\/p>\n<p>El Departament d&#8217;Educaci\u00f3 divideix\u00a0 les matr\u00edcules de les EOIs en dos tipus: <strong>TAXA<\/strong> (pels nivells B1, B2.1 i B2.2) i <strong>PREU P\u00daBLIC<\/strong> (pels nivells A1, A2, C1, C2, C2.1 i C2.2).<\/p>\n<p><strong>Aquests preus NO inclouen els llibres de text o de lectura que es puguin fer servir durant el curs.<\/strong><\/p>\n<div class=\"e439-15 x-text\">\n<div class=\"box\">\n<div class=\"info\">\n<div>\n<table style=\"width: 76.748%; height: 578px;\" width=\"0\">\n<tbody>\n<tr style=\"height: 33px;\">\n<td style=\"width: 15.9155%; height: 33px;\"><strong>MATR\u00cdCULA<\/strong><\/td>\n<td style=\"width: 28.5185%; height: 33px;\" colspan=\"2\">\n<h4><strong>Nivells B1, B2.1 i B2.2 (<span style=\"text-decoration: underline;\">TAXES<\/span>, <a href=\"https:\/\/portaldogc.gencat.cat\/utilsEADOP\/PDF\/8155\/1799333.pdf\">Ordre EDU 80\/2020<\/a>)<br \/>\n<\/strong><\/h4>\n<\/td>\n<td style=\"width: 32.9914%; height: 33px;\" colspan=\"2\">\n<h4><strong>Nivells A1, A2, C1 i C2\/C2.1\/C2.2<\/strong><strong> (<span style=\"text-decoration: underline;\">PREUS P\u00daBLICS<\/span>, <a href=\"http:\/\/cido.diba.cat\/legislacio\/10658692\/ordre-edu1552020-de-18-de-setembre-per-la-qual-se-suprimeixen-es-creen-i-sactualitzen-els-preus-publics-i-els-imports-de-determinats-ensenyaments-i-serveis-docents-de-les-escoles-oficials-didiomes-del-departament-deducacio-departament-deducacio\">Ordre ENS\/155\/2020<\/a> i\u00a0 <a href=\"https:\/\/dogc.gencat.cat\/ca\/document-del-dogc\/?documentId=902034\">114\/2021<\/a>)<br \/>\n<\/strong><\/h4>\n<\/td>\n<\/tr>\n<tr style=\"height: 33px;\">\n<td style=\"width: 15.9155%; height: 33px;\"><\/td>\n<td style=\"width: 14.399%; height: 33px; text-align: center;\"><strong>Matr\u00edcula ordin\u00e0ria<\/strong><\/td>\n<td style=\"width: 14.1195%; height: 33px; text-align: center;\"><strong>Bonificaci\u00f3 50%<\/strong><\/td>\n<td style=\"width: 16.8532%; height: 33px; text-align: center;\"><strong>Matr\u00edcula ordin\u00e0ria<\/strong><\/td>\n<td style=\"width: 16.1382%; height: 33px; text-align: center;\"><strong>Bonificaci\u00f3 50%<\/strong><\/td>\n<\/tr>\n<tr style=\"height: 33px;\">\n<td style=\"width: 15.9155%; height: 52px; text-align: center;\"><strong>1a Matr\u00edcula<\/strong><\/td>\n<td style=\"width: 14.399%; height: 52px; text-align: center;\">297,60 \u20ac<\/td>\n<td style=\"width: 14.1195%; height: 52px; text-align: center;\">148,80 \u20ac<\/td>\n<td style=\"width: 16.8532%; height: 52px; text-align: center;\">275\u20ac<\/td>\n<td style=\"width: 16.1382%; height: 52px; text-align: center;\">137,50 \u20ac<\/td>\n<\/tr>\n<tr style=\"height: 33px;\">\n<td style=\"width: 15.9155%; height: 33px; text-align: center;\"><em>* acc\u00e9s a plataforma i materials<\/em><\/td>\n<td style=\"width: 14.399%; height: 33px; text-align: center;\"><em>30\u20ac<\/em><\/td>\n<td style=\"width: 14.1195%; height: 33px; text-align: center;\"><em>15\u20ac<\/em><\/td>\n<td style=\"width: 16.8532%; height: 33px; text-align: center;\">30\u20ac<\/td>\n<td style=\"width: 16.1382%; height: 33px; text-align: center;\"><em>15\u20ac<\/em><\/td>\n<\/tr>\n<tr style=\"height: 33px;\">\n<td style=\"width: 15.9155%; text-align: center; height: 33px;\">\n<h5><strong>TOTAL<\/strong><\/h5>\n<\/td>\n<td style=\"width: 14.399%; text-align: center; height: 33px;\">\n<h5><strong>327,60\u20ac<\/strong><\/h5>\n<\/td>\n<td style=\"width: 14.1195%; text-align: center; height: 33px;\">\n<h5><strong>163,80\u20ac<\/strong><\/h5>\n<\/td>\n<td style=\"width: 16.8532%; text-align: center; height: 33px;\">\n<h5><strong>305\u20ac<\/strong><\/h5>\n<\/td>\n<td style=\"width: 16.1382%; text-align: center; height: 33px;\">\n<h5><strong>152,50\u20ac<\/strong><\/h5>\n<\/td>\n<\/tr>\n<tr style=\"height: 33px;\">\n<td style=\"width: 15.9155%; height: 33px; text-align: center;\"><strong>2a Matr\u00edcula (=repetidor\/a)<br \/>\n<\/strong><\/td>\n<td style=\"width: 14.399%; height: 33px; text-align: center;\">386,90 \u20ac<\/td>\n<td style=\"width: 14.1195%; height: 33px; text-align: center;\">193,44 \u20ac<\/td>\n<td style=\"width: 16.8532%; height: 33px; text-align: center;\">357,50\u20ac<\/td>\n<td style=\"width: 16.1382%; height: 33px; text-align: center;\">178,75 \u20ac<\/td>\n<\/tr>\n<tr style=\"height: 33px;\">\n<td style=\"width: 15.9155%; height: 33px; text-align: center;\"><em>* acc\u00e9s a plataforma i materials<\/em><\/td>\n<td style=\"width: 14.399%; height: 33px; text-align: center;\"><em>39\u20ac<\/em><\/td>\n<td style=\"width: 14.1195%; height: 33px; text-align: center;\"><em>19,50\u20ac<\/em><\/td>\n<td style=\"width: 16.8532%; height: 33px; text-align: center;\">39\u20ac<\/td>\n<td style=\"width: 16.1382%; height: 33px; text-align: center;\">19,50\u20ac<\/td>\n<\/tr>\n<tr style=\"height: 33px;\">\n<td style=\"width: 15.9155%; text-align: center; height: 33px;\">\n<h5><strong>TOTAL<\/strong><\/h5>\n<\/td>\n<td style=\"width: 14.399%; text-align: center; height: 33px;\">\n<h5><strong>425,90<\/strong><em><strong>\u20ac<\/strong><\/em><\/h5>\n<\/td>\n<td style=\"width: 14.1195%; text-align: center; height: 33px;\">\n<h5><strong>212,94\u20ac<\/strong><\/h5>\n<\/td>\n<td style=\"width: 16.8532%; text-align: center; height: 33px;\">\n<h5><strong>396,50\u20ac<\/strong><\/h5>\n<\/td>\n<td style=\"width: 16.1382%; text-align: center; height: 33px;\">\n<h5><strong>198,25\u20ac<\/strong><\/h5>\n<\/td>\n<\/tr>\n<tr style=\"height: 87px;\">\n<td style=\"width: 15.9155%; height: 87px; text-align: center;\"><strong>3a Matr\u00edcula (=tripitidor\/a)<\/strong>(subjecte a aprovaci\u00f3 per Cap d&#8217;Estudis o Secretaria, segons el cas. Mira <a href=\"https:\/\/agora-eoi.xtec.cat\/eoisabadell\/convocatoria-adicional-3a-matricula-dun-curs\/\" target=\"_blank\" rel=\"noopener\">normativa repetici\u00f3<\/a>)<\/td>\n<td style=\"width: 14.399%; height: 87px; text-align: center;\">535,70\u20ac<\/td>\n<td style=\"width: 14.1195%; height: 87px; text-align: center;\">267,84 \u20ac<\/td>\n<td style=\"width: 16.8532%; height: 87px; text-align: center;\">495\u20ac<\/td>\n<td style=\"width: 16.1382%; height: 87px; text-align: center;\">247,50 \u20ac<\/td>\n<\/tr>\n<tr style=\"height: 14px;\">\n<td style=\"width: 15.9155%; height: 14px;\">\n<p style=\"text-align: center;\"><em>* acc\u00e9s a plataforma i materials<\/em><\/p>\n<\/td>\n<td style=\"width: 14.399%; height: 14px; text-align: center;\">54\u20ac<\/td>\n<td style=\"width: 14.1195%; height: 14px; text-align: center;\">27\u20ac<\/td>\n<td style=\"width: 16.8532%; height: 14px; text-align: center;\">54\u20ac<\/td>\n<td style=\"width: 16.1382%; height: 14px; text-align: center;\">27\u20ac<\/td>\n<\/tr>\n<tr style=\"height: 48px;\">\n<td style=\"width: 15.9155%; text-align: center; height: 48px;\">\n<h5><strong>TOTAL<\/strong><\/h5>\n<\/td>\n<td style=\"width: 14.399%; height: 48px; text-align: center;\">\n<h5><strong>589,70\u20ac<\/strong><\/h5>\n<\/td>\n<td style=\"width: 14.1195%; height: 48px; text-align: center;\">\n<h5><strong>294,84\u20ac<\/strong><\/h5>\n<\/td>\n<td style=\"width: 16.8532%; height: 48px; text-align: center;\">\n<h5><strong>549\u20ac<\/strong><\/h5>\n<\/td>\n<td style=\"width: 16.1382%; height: 48px; text-align: center;\">\n<h5><strong>274,50\u20ac<\/strong><\/h5>\n<\/td>\n<\/tr>\n<tr style=\"height: 33px;\">\n<td style=\"width: 15.9155%; height: 33px;\"><\/td>\n<td style=\"width: 28.5185%; height: 33px;\" colspan=\"2\"><strong>Bonificacions o exempcions de taxes.\u00a0<a href=\"http:\/\/ensenyament.gencat.cat\/ca\/departament\/normativa\/taxes-preus-publics\/taxes\/\">Cliqueu aqu\u00ed &gt;&gt;<\/a><\/strong><\/td>\n<td style=\"width: 32.9914%; height: 33px;\" colspan=\"2\"><strong>Bonificacions o exempcions de preus p\u00fablics.\u00a0<a href=\"http:\/\/ensenyament.gencat.cat\/ca\/departament\/normativa\/taxes-preus-publics\/preu-public\/\">Cliqueu aqu\u00ed &gt;&gt;<\/a><\/strong><\/td>\n<\/tr>\n<tr style=\"height: 113px;\">\n<td style=\"width: 15.9155%; height: 113px;\"><span style=\"color: #0000ff;\"><span style=\"color: #0000ff;\"><strong>Per a tots el nivells, acc\u00e9s a la plataforma i materials did\u00e0ctics<\/strong><\/span><\/span><\/td>\n<td style=\"width: 61.5099%; height: 113px;\" colspan=\"4\"><em><em>(*) El pagament de la <strong>quota per seveis d&#8217;acc\u00e9s a la plataforma i materials did\u00e0ctics<\/strong> \u00e9s <strong>obligatori.<\/strong><\/em><\/em><\/p>\n<p>El preu dels serveis d&#8217;acc\u00e9s a la plataforma i materials did\u00e0ctics dels ensenyaments d&#8217;idiomes est\u00e0 subjecte a les bonificacions i exempcions i tamb\u00e9 a les penalitzacions per repetici\u00f3.<\/p>\n<p>Amb aquesta aportaci\u00f3 l\u2019alumne t\u00e9 dret a gaudir de tots els serveis i activitats complement\u00e0ries que el centre ofereix, com poden ser: fotoc\u00f2pies de classe, acc\u00e9s a la biblioteca,<span style=\"font-family: inherit; font-size: 0.875em;\">\u00a0<\/span><span style=\"font-family: inherit; font-size: 1em;\">xerrades, exposicions,\u00a0 carnet escolar amb els avantatges corresponents, etc, per\u00f2<\/span><b style=\"font-family: inherit; font-size: 1em;\"> NO inclou els llibres de text o de lectura que es puguin fer servir durant el curs.<\/b><\/td>\n<\/tr>\n<\/tbody>\n<\/table>\n<\/div>\n<p><strong>IMPORTANT:<\/strong>\u00a0En cas de no fer el pagament dins el termini establert en el moment de la matr\u00edcula, la cancel\u00b7laci\u00f3 ser\u00e0 autom\u00e0tica i no podr\u00e0 fer-se cap reclamaci\u00f3, nom\u00e9s podr\u00e0 accedir-se a una nova matr\u00edcula al final del proc\u00e9s sempre que quedin places vacants.<\/p>\n<\/div>\n<\/div>\n<\/div>\n<\/div>\n<\/div>\n<\/div>\n<p><strong><span style=\"color: #0000ff;\">NOVETATS I BONIFICACIONS DESTACABLES (a partir del curs 2021-22)<\/span><\/strong><\/p>\n<p><span style=\"color: #3366ff;\">L&#8217;ORDRE EDU\/155\/2020\u00a0 de 18 de setembre regula noves bonificacions per als nivells que tinguin la consideraci\u00f3 de <strong>preu p\u00fablic, \u00e9s a dir, cursos dels nivells A1, A2, C1\u00a0 i C2 de catal\u00e0, C2.1 i C2.2 d&#8217;angl\u00e8s<\/strong>. <\/span><\/p>\n<p><span style=\"color: #3366ff;\">Recordeu que per als nivells B1,B2.1 i B2.2, l\u2019import de la matr\u00edcula \u00e9s una <strong>taxa<\/strong>, per tant NO es beneficien d&#8217;aquestes bonificacions:<\/span><\/p>\n<ul>\n<li><strong><u>ALUMNES QUE ESTUDIEN DUES LLENG\u00dcES ESTRANGERES SIMULT\u00c0NIAMENT:<\/u><\/strong>\n<ul>\n<li><span style=\"font-family: inherit; font-size: 1em;\">\u201cEls alumnes matriculats en una escola oficial d&#8217;idiomes que cursen una llengua estrangera i volen estudiar una segona llengua estrangera en la mateixa o una altra escola oficial d&#8217;idiomes, tenen una\u00a0<\/span><strong style=\"font-family: inherit; font-size: 1em;\">bonificaci\u00f3 del 50%\u00a0<\/strong><span style=\"font-family: inherit; font-size: 1em;\">del preu p\u00fablic (\u00e9s a dir, pels cursos A1, A2, C1, C2.1 i C2.2) en una de les lleng\u00fces que es matriculin.\u201d. Per tant, <span style=\"text-decoration: underline;\">s&#8217;ha de fer primer la matr\u00edcula de la llengua que t\u00e9 taxa (B1, B2.1 o B2.2), si \u00e9s el cas.<\/span><br \/>\n<\/span><\/li>\n<\/ul>\n<\/li>\n<li><strong><u>ALUMNES QUE HAN CURSAT B2 I COMENCEN UNA SEGONA LLENGUA ESTRANGERA:<\/u><\/strong>\n<ul>\n<li>\u201cEls alumnes matriculats en una Escola Oficial d&#8217;Idiomes, que cursen una llengua estrangera en el nivell de 5\u00e8 (intermedi B2.2), que es matriculin en una <span style=\"text-decoration: underline;\">nova llengua estrangera<\/span> el <span style=\"text-decoration: underline;\">curs immediatament posterior<\/span>, tenen una\u00a0<strong>bonificaci\u00f3 del 50%\u00a0<\/strong>del preu p\u00fablic de la matr\u00edcula (\u00e9s a dir, per als cursos A1, A2, C1, C2.1 o C2.2) de la nova llengua.\u201d<\/li>\n<\/ul>\n<\/li>\n<li><strong><u>ALUMNES D\u2019ENSENYAMENTS SECUNDARIS: (durant la preinscripci\u00f3, s&#8217;ha d&#8217;adjuntar certificat em\u00e8s per l&#8217;institut on consta que fa com a 1a llengua estrangera, una llengua diferent a la demanada a l&#8217;EOI. La manca d&#8217;aquesta documentaci\u00f3 implica quedar excl\u00f2s del sorteig de places i llista d&#8217;espera)<\/u><\/strong>\n<ul>\n<li>\u201cEls alumnes dels centres sostinguts amb fons p\u00fablics, que es matriculen d&#8217;una segona llengua estrangera en una escola oficial d&#8217;idiomes, diferent a la llengua estrangera obligat\u00f2ria del curr\u00edculum que estudien en el centre educatiu, tenen una\u00a0<strong>bonificaci\u00f3 del 50%\u00a0del preu p\u00fablic<\/strong> (\u00e9s a dir, pels cursos A1, A2, C1, C2.1 i C2.2) de la nova llengua.\u201d.<\/li>\n<\/ul>\n<\/li>\n<li><strong><u>ACUMULACI\u00d3 DE BONIFICACIONS:<\/u><\/strong>\n<ul>\n<li style=\"list-style-type: none;\">\n<ul>\n<li>\u201cLa concurr\u00e8ncia en una mateixa persona de les condicions que donen dret a dues o m\u00e9s bonificacions iguals o superiors al 50%, comportar\u00e0 l&#8217;acumulaci\u00f3 d&#8217;aquestes bonificacions.\u201d *****Per\u00f2 NO s&#8217;acumulen les bonificacions de fam\u00edlia nombrosa general i monoparental, general o especial, en la mateixa persona.<\/li>\n<\/ul>\n<\/li>\n<\/ul>\n<\/li>\n<\/ul>\n<p>**\u00a0Podeu consultar tota la informaci\u00f3 sobre taxes, preus p\u00fablics, bonificacions i exempcions a\u00a0<a href=\"http:\/\/educacio.gencat.cat\/ca\/departament\/normativa\/taxes-preus-publics\" target=\"_blank\" rel=\"alternate noopener noreferrer\">http:\/\/educacio.gencat.cat\/ca\/departament\/normativa\/taxes-preus-publics<\/a><\/p>\n<p><span style=\"color: #0000ff;\"><strong>ALUMNAT DE CATAL\u00c0<\/strong><\/span><\/p>\n<p>-Totes les persones que vulguin estudiar els nivells <strong>C1 i C2 de catal\u00e0<\/strong>\u00a0tenen una reducci\u00f3 del\u00a0<strong>50% del preu de la matr\u00edcula (no pas a la quota de material), que ja s&#8217;aplica directament en el full de pagament.<\/strong><\/p>\n<p><span style=\"color: #0000ff;\"><strong>REN\u00daNCIA AMB DEVOLUCI\u00d3 DE TAXES SENSE RESERVA DE PLA\u00c7A<\/strong><\/span><\/p>\n<p>Per sol\u00b7licitar-la, <a href=\"https:\/\/agora-eoi.xtec.cat\/eoisabadell\/devolucio-de-taxes\/\">consulteu aqu\u00ed procediment i sup\u00f2sits.<\/a><\/p>\n<p><span style=\"color: #0000ff;\"><strong>NORMATIVA<\/strong><\/span><\/p>\n<ul>\n<li><strong>Taxes<\/strong> ORDRE EDU\/90\/2023, de 21 d&#8217;abril, per la qual es dona publicitat de les taxes vigents que gestiona el Departament d&#8217;Educaci\u00f3..\u00a0<a href=\"https:\/\/educacio.gencat.cat\/ca\/departament\/normativa\/taxes-preus-publics\/taxes\/\" target=\"_blank\" rel=\"noopener\">Enlla\u00e7<\/a><\/li>\n<li><strong>Preus p\u00fablics<\/strong> ORDRE ENS\/155\/2020, de 18 de setembre, per la qual se suprimeixen, es creen i s&#8217;actualitzen els preus p\u00fablics i els imports de determinats ensenyaments i serveis docents de les escoles oficials d&#8217;idiomes del Departament d&#8217;Educaci\u00f3.\u00a0<a href=\"https:\/\/dogc.gencat.cat\/ca\/document-del-dogc\/?documentId=882082\" target=\"_blank\" rel=\"noopener\">Enlla<\/a><\/li>\n<li>ORDRE EDU\/114\/2021, de 25 de maig, per la qual es modifica l&#8217;Ordre EDU\/155\/2020, de 18 de setembre, per la qual se suprimeixen, es creen i s&#8217;actualitzen els preus p\u00fablics i els imports de determinats ensenyaments i serveis docents de les escoles oficials d&#8217;idiomes del Departament d&#8217;Educaci\u00f3.\u00a0<a href=\"https:\/\/dogc.gencat.cat\/ca\/document-del-dogc\/?documentId=902034\" target=\"_blank\" rel=\"noopener\">Enlla\u00e7<\/a><\/li>\n<\/ul>\n","protected":false},"excerpt":{"rendered":"<p>Aquests imports s\u00f3n una quota anual \u00fanica no fraccionable que es paguen en el moment de formalitzar la matr\u00edcula (tens un termini de 24 hores), i ja inclouen els drets d&#8217;examen de certificaci\u00f3 (nivells B1, B2.2, C1, C2 i C2.2), si \u00e9s el cas.<br \/>\nEls cursos&hellip;  <a href=\"https:\/\/agora-eoi.xtec.cat\/eoisabadell\/preus-matricula\/\" title=\"Read Preus matr\u00edcula i bonificacions curs 2025-2026\">Llegeix m\u00e9s\u00bb<\/a><\/p>\n","protected":false},"author":7,"featured_media":0,"parent":0,"menu_order":0,"comment_status":"closed","ping_status":"closed","template":"","meta":{"_bbp_topic_count":0,"_bbp_reply_count":0,"_bbp_total_topic_count":0,"_bbp_total_reply_count":0,"_bbp_voice_count":0,"_bbp_anonymous_reply_count":0,"_bbp_topic_count_hidden":0,"_bbp_reply_count_hidden":0,"_bbp_forum_subforum_count":0,"footnotes":""},"class_list":["post-13691","page","type-page","status-publish","hentry"],"post_mailing_queue_ids":[],"_links":{"self":[{"href":"https:\/\/agora-eoi.xtec.cat\/eoisabadell\/wp-json\/wp\/v2\/pages\/13691","targetHints":{"allow":["GET"]}}],"collection":[{"href":"https:\/\/agora-eoi.xtec.cat\/eoisabadell\/wp-json\/wp\/v2\/pages"}],"about":[{"href":"https:\/\/agora-eoi.xtec.cat\/eoisabadell\/wp-json\/wp\/v2\/types\/page"}],"author":[{"embeddable":true,"href":"https:\/\/agora-eoi.xtec.cat\/eoisabadell\/wp-json\/wp\/v2\/users\/7"}],"replies":[{"embeddable":true,"href":"https:\/\/agora-eoi.xtec.cat\/eoisabadell\/wp-json\/wp\/v2\/comments?post=13691"}],"version-history":[{"count":6,"href":"https:\/\/agora-eoi.xtec.cat\/eoisabadell\/wp-json\/wp\/v2\/pages\/13691\/revisions"}],"predecessor-version":[{"id":18079,"href":"https:\/\/agora-eoi.xtec.cat\/eoisabadell\/wp-json\/wp\/v2\/pages\/13691\/revisions\/18079"}],"wp:attachment":[{"href":"https:\/\/agora-eoi.xtec.cat\/eoisabadell\/wp-json\/wp\/v2\/media?parent=13691"}],"curies":[{"name":"wp","href":"https:\/\/api.w.org\/{rel}","templated":true}]}}