{"id":13675,"date":"2021-06-25T20:20:35","date_gmt":"2021-06-25T18:20:35","guid":{"rendered":"https:\/\/agora-eoi.xtec.cat\/eoisabadell\/?page_id=13675"},"modified":"2025-09-09T08:07:41","modified_gmt":"2025-09-09T06:07:41","slug":"sollicitud-trasllat-expedient-excepcional-al-juliol","status":"publish","type":"page","link":"https:\/\/agora-eoi.xtec.cat\/eoisabadell\/sollicitud-trasllat-expedient-excepcional-al-juliol\/","title":{"rendered":"Trasllats d&#8217;expedient"},"content":{"rendered":"<h5><span style=\"color: #0000ff;\"><strong>SOL\u00b7LICITUD TRASLLAT MATR\u00cdCULA EXTRAORDIN\u00c0RIA<\/strong><\/span><\/h5>\n<ul>\n<li style=\"font-weight: 400;\" aria-level=\"1\"><span style=\"font-weight: 400;\">Despr\u00e9s de formalitzar la matr\u00edcula al juliol, els alumnes poden demanar un trasllat a una altra escola els dies <\/span><b>que marqui el <a href=\"https:\/\/agora-eoi.xtec.cat\/eoisabadell\/matricula-antics-alumnes\/\">calendari corresponent de matriculaci\u00f3 per a antics alumnes al juliol.<\/a><\/b><\/li>\n<li style=\"font-weight: 400;\" aria-level=\"1\"><span style=\"font-weight: 400;\">Cal posar-se en contacte amb l\u2019escola de destinaci\u00f3, la qual notificar\u00e0 l\u2019acceptaci\u00f3 o la denegaci\u00f3 del trasllat (el trasllat est\u00e0 subjecte a disponibilitat de places) abans de la data que marqui el <b><a href=\"https:\/\/agora-eoi.xtec.cat\/eoisabadell\/matricula-antics-alumnes\/\">calendari corresponent de matriculaci\u00f3 per a antics alumnes al juliol.<\/a><\/b><br \/>\n<\/span><\/li>\n<li style=\"font-weight: 400;\" aria-level=\"1\"><span style=\"font-weight: 400;\">En el cas de demanar trasllat a la nostra escola, caldr\u00e0 aportar per email (secretaria@eoisabadell.cat) la documentaci\u00f3 seg\u00fcent:<\/span>\n<ul>\n<li style=\"font-weight: 400;\" aria-level=\"2\"><a href=\"https:\/\/drive.google.com\/file\/d\/1IRxSLcbt0IJ7ooLlE4OBM_zlz5nSekMB\/view\">full de sol\u00b7licitud<\/a> de trasllat cap a la nostra escola, l&#8217;EOI de Sabadell emplenat.<\/li>\n<li><span style=\"font-weight: 400;\">full de pagament de la matr\u00edcula (el del codi de barres) de l&#8217;escola d\u2019origen.<\/span><\/li>\n<li>comprovant bancari de pagament del curs.<\/li>\n<li aria-level=\"2\"><span style=\"font-weight: 400;\">fotoc\u00f2pia del DNI, NIE o passaport, per les dues bandes.<\/span><\/li>\n<li>Justificant de bonificaci\u00f3 o exempci\u00f3 de pagament (si s&#8217;escau).<\/li>\n<\/ul>\n<\/li>\n<li style=\"font-weight: 400;\" aria-level=\"1\"><span style=\"font-weight: 400;\">Si l\u2019escola de destinaci\u00f3 accepta la petici\u00f3, tramitar\u00e0 el trasllat d\u2019expedient.<\/span><\/li>\n<\/ul>\n<p><span style=\"font-weight: 400;\">Els alumnes que es matriculin el mes de juliol <\/span><b>no<\/b><span style=\"font-weight: 400;\"> podran preinscriure\u2019s el mes de setembre de la mateixa llengua i curs en una altra escola amb la intenci\u00f3 de traslladar-hi la matr\u00edcula feta. El trasllat de matr\u00edcula d\u2019una escola a una altra es fa, de manera ordin\u00e0ria, durant el curs i en el cas que l\u2019escola a la qual es vulgui traslladar la matr\u00edcula disposi de places.<\/span><\/p>\n<h5><span style=\"color: #0000ff;\"><strong>SOL\u00b7LICITUD TRASLLAT EXPEDIENT DURANT EL CURS (TRASLLAT DE MATR\u00cdCULA VIVA)<\/strong><\/span><\/h5>\n<p>Procediment:<\/p>\n<ol>\n<li>Informar-se abans en l\u2019EOI de destinaci\u00f3 si accepta aquest tipus de trasllat.<\/li>\n<li>Si us voleu traslladar a l&#8217;EOI de Sabadell, fer la sol\u00b7licitud de trasllat omplint <a href=\"https:\/\/drive.google.com\/file\/d\/16Exq_CJ0Rnm0XqKO98zNiwus4P0uWTB4\/view?usp=sharing\" target=\"_blank\" rel=\"noopener noreferrer\">aquest\u00a0formulari. <\/a>En el moment del trasllat, caldr\u00e0 aportar per e-mail (secretaria@eoisabadell.cat) la documentaci\u00f3 seg\u00fcent:\n<ul>\n<li aria-level=\"2\"><a href=\"https:\/\/drive.google.com\/file\/d\/1rQPZ0OG4MO_sEFW0EU6MmoZvGT_aGqgY\/view?usp=sharing\" target=\"_blank\" rel=\"noopener\">full de sol\u00b7licitud <\/a>de trasllat cap a la nostra escola, l&#8217;EOI de Sabadell, emplenat.<\/li>\n<li>full de pagament de la matr\u00edcula (el que porta el logo de l&#8217;EOI d\u2019origen), on es veuen les dades personals, idioma, curs i grup matriculat<\/li>\n<li>comprovant bancari de pagament del curs actual.<\/li>\n<li aria-level=\"2\">fotoc\u00f2pia del DNI, NIE o passaport, per <span style=\"text-decoration: underline;\">les dues bandes<\/span>.<\/li>\n<li>Justificant de bonificaci\u00f3 o exempci\u00f3 de pagament (si s&#8217;escau).<\/li>\n<\/ul>\n<\/li>\n<li>Si sou admesos ser\u00e0 l\u2019escola de destinaci\u00f3 qui ens demani el trasllat.<\/li>\n<\/ol>\n<p>ATENCI\u00d3:<\/p>\n<ul>\n<li>Si marxeu a una EOI de Catalunya, no haureu de tornar a pagar,<\/li>\n<li>Si marxeu a una altra Comunitat Aut\u00f2noma, haureu de consultar amb la Comunitat de destinaci\u00f3.<\/li>\n<\/ul>\n<p>El termini per fer trasllats de matr\u00edcula viva del curs 25-26 finalitza el <strong>30 d&#8217;abril de 2026<\/strong>.<\/p>\n<p>En el cas que hagueu de pagar un altre cop, podreu sol\u00b7licitar la devoluci\u00f3 de la taxa o preu p\u00fablic sempre que sigui abans que acabi el termini (consulteu <a href=\"https:\/\/agora-eoi.xtec.cat\/eoisabadell\/devolucio-de-taxes\/\">terminis sol\u00b7licitud ren\u00fancia amb retorn de taxes aqu\u00ed<\/a>)<\/p>\n<p>&nbsp;<\/p>\n","protected":false},"excerpt":{"rendered":"<p>SOL\u00b7LICITUD TRASLLAT MATR\u00cdCULA EXTRAORDIN\u00c0RIA<\/p>\n<ul>\n<li style=\"font-weight: 400;\" aria-level=\"1\">Despr\u00e9s de formalitzar la matr\u00edcula al juliol, els alumnes poden demanar un trasllat a una altra escola els dies que marqui el <a href=\"https:\/\/agora-eoi.xtec.cat\/eoisabadell\/matricula-antics-alumnes\/\">calendari corresponent de matriculaci\u00f3 per a antics alumnes al juliol.<\/a><\/li>\n<li style=\"font-weight: 400;\" aria-level=\"1\">Cal posar-se en contacte&hellip;  <a href=\"https:\/\/agora-eoi.xtec.cat\/eoisabadell\/sollicitud-trasllat-expedient-excepcional-al-juliol\/\" title=\"Read Trasllats d&#8217;expedient\">Llegeix m\u00e9s\u00bb<\/a><br \/>\n","protected":false},"author":7,"featured_media":0,"parent":0,"menu_order":0,"comment_status":"closed","ping_status":"closed","template":"","meta":{"_bbp_topic_count":0,"_bbp_reply_count":0,"_bbp_total_topic_count":0,"_bbp_total_reply_count":0,"_bbp_voice_count":0,"_bbp_anonymous_reply_count":0,"_bbp_topic_count_hidden":0,"_bbp_reply_count_hidden":0,"_bbp_forum_subforum_count":0,"footnotes":""},"class_list":["post-13675","page","type-page","status-publish","hentry"],"post_mailing_queue_ids":[],"_links":{"self":[{"href":"https:\/\/agora-eoi.xtec.cat\/eoisabadell\/wp-json\/wp\/v2\/pages\/13675","targetHints":{"allow":["GET"]}}],"collection":[{"href":"https:\/\/agora-eoi.xtec.cat\/eoisabadell\/wp-json\/wp\/v2\/pages"}],"about":[{"href":"https:\/\/agora-eoi.xtec.cat\/eoisabadell\/wp-json\/wp\/v2\/types\/page"}],"author":[{"embeddable":true,"href":"https:\/\/agora-eoi.xtec.cat\/eoisabadell\/wp-json\/wp\/v2\/users\/7"}],"replies":[{"embeddable":true,"href":"https:\/\/agora-eoi.xtec.cat\/eoisabadell\/wp-json\/wp\/v2\/comments?post=13675"}],"version-history":[{"count":6,"href":"https:\/\/agora-eoi.xtec.cat\/eoisabadell\/wp-json\/wp\/v2\/pages\/13675\/revisions"}],"predecessor-version":[{"id":18018,"href":"https:\/\/agora-eoi.xtec.cat\/eoisabadell\/wp-json\/wp\/v2\/pages\/13675\/revisions\/18018"}],"wp:attachment":[{"href":"https:\/\/agora-eoi.xtec.cat\/eoisabadell\/wp-json\/wp\/v2\/media?parent=13675"}],"curies":[{"name":"wp","href":"https:\/\/api.w.org\/{rel}","templated":true}]}}