{"id":12941,"date":"2020-09-16T22:29:02","date_gmt":"2020-09-16T20:29:02","guid":{"rendered":"https:\/\/agora-eoi.xtec.cat\/eoisabadell\/?page_id=12941"},"modified":"2021-09-13T10:05:23","modified_gmt":"2021-09-13T08:05:23","slug":"matricula-del-nou-alumnat-2020-21-que-ha-fet-la-preinscripcio-i-esta-a-la-llista-despera","status":"publish","type":"page","link":"https:\/\/agora-eoi.xtec.cat\/eoisabadell\/matricula-del-nou-alumnat-2020-21-que-ha-fet-la-preinscripcio-i-esta-a-la-llista-despera\/","title":{"rendered":"MATR\u00cdCULA del Nou alumnat 2021-22 que ha fet la preinscripci\u00f3 i est\u00e0 a la LLISTA D`ESPERA"},"content":{"rendered":"<p>Estic a la LLISTA D\u2019ESPERA, qu\u00e8 haig de fer ara per formalitzar la matr\u00edcula?<\/p>\n<p><strong>T\u2019has de connectar a l\u2019<\/strong><strong><a href=\"https:\/\/www.eoidigital.com\/eoicat\/alumnes\/principal.php?I=C\">aplicaci\u00f3 de preinscripci\u00f3<\/a> (identificaci\u00f3).<\/strong><\/p>\n<p>Per a una de les vacants d\u2019<strong>ANGL\u00c8S , entra a la mateixa <a href=\"https:\/\/www.eoidigital.com\/eoicat\/alumnes\/principal.php?I=C\">aplicaci\u00f3 de preinscripci\u00f3<\/a> (identificaci\u00f3), els dies 21 i 22 de setembre <\/strong>i\u00a0 <strong>si queda alguna vacant disponible<\/strong>, formalitza la matr\u00edcula al m\u00e9s aviat possible, a partir de l\u2019hora que t\u2019apareix a l\u2019aplicaci\u00f3<strong> fins les 23:59h del dia 22 de setembre.<\/strong><\/p>\n<p>Per a una de les vacants\u00a0<strong>de la RESTA D\u2019IDIOMES , entra a la mateixa <a href=\"https:\/\/www.eoidigital.com\/eoicat\/alumnes\/principal.php?I=C\">aplicaci\u00f3 de preinscripci\u00f3<\/a> (identificaci\u00f3), el dia 22 de setembre <\/strong>i <strong>si queda alguna vacant disponible, <\/strong>formalitza la matr\u00edcula al m\u00e9s aviat possible, a partir de l\u2019hora que t\u2019apareix a l\u2019aplicaci\u00f3 <strong>fins les 23:59h del mateix dia 22 de setembre<\/strong>.<\/p>\n","protected":false},"excerpt":{"rendered":"<p>Estic a la LLISTA D\u2019ESPERA, qu\u00e8 haig de fer ara per formalitzar la matr\u00edcula?<br \/>\nT\u2019has de connectar a l\u2019<a href=\"https:\/\/www.eoidigital.com\/eoicat\/alumnes\/principal.php?I=C\">aplicaci\u00f3 de preinscripci\u00f3<\/a> (identificaci\u00f3).<br \/>\nPer a una de les vacants d\u2019ANGL\u00c8S , entra a la mateixa <a href=\"https:\/\/www.eoidigital.com\/eoicat\/alumnes\/principal.php?I=C\">aplicaci\u00f3 de preinscripci\u00f3<\/a> (identificaci\u00f3), els dies 21 i 22 de setembre&hellip;  <a href=\"https:\/\/agora-eoi.xtec.cat\/eoisabadell\/matricula-del-nou-alumnat-2020-21-que-ha-fet-la-preinscripcio-i-esta-a-la-llista-despera\/\" title=\"Read MATR\u00cdCULA del Nou alumnat 2021-22 que ha fet la preinscripci\u00f3 i est\u00e0 a la LLISTA D`ESPERA\">Llegeix m\u00e9s\u00bb<\/a><\/p>\n","protected":false},"author":7,"featured_media":0,"parent":0,"menu_order":0,"comment_status":"closed","ping_status":"closed","template":"","meta":{"_bbp_topic_count":0,"_bbp_reply_count":0,"_bbp_total_topic_count":0,"_bbp_total_reply_count":0,"_bbp_voice_count":0,"_bbp_anonymous_reply_count":0,"_bbp_topic_count_hidden":0,"_bbp_reply_count_hidden":0,"_bbp_forum_subforum_count":0,"footnotes":""},"class_list":["post-12941","page","type-page","status-publish","hentry"],"post_mailing_queue_ids":[],"_links":{"self":[{"href":"https:\/\/agora-eoi.xtec.cat\/eoisabadell\/wp-json\/wp\/v2\/pages\/12941","targetHints":{"allow":["GET"]}}],"collection":[{"href":"https:\/\/agora-eoi.xtec.cat\/eoisabadell\/wp-json\/wp\/v2\/pages"}],"about":[{"href":"https:\/\/agora-eoi.xtec.cat\/eoisabadell\/wp-json\/wp\/v2\/types\/page"}],"author":[{"embeddable":true,"href":"https:\/\/agora-eoi.xtec.cat\/eoisabadell\/wp-json\/wp\/v2\/users\/7"}],"replies":[{"embeddable":true,"href":"https:\/\/agora-eoi.xtec.cat\/eoisabadell\/wp-json\/wp\/v2\/comments?post=12941"}],"version-history":[{"count":2,"href":"https:\/\/agora-eoi.xtec.cat\/eoisabadell\/wp-json\/wp\/v2\/pages\/12941\/revisions"}],"predecessor-version":[{"id":13992,"href":"https:\/\/agora-eoi.xtec.cat\/eoisabadell\/wp-json\/wp\/v2\/pages\/12941\/revisions\/13992"}],"wp:attachment":[{"href":"https:\/\/agora-eoi.xtec.cat\/eoisabadell\/wp-json\/wp\/v2\/media?parent=12941"}],"curies":[{"name":"wp","href":"https:\/\/api.w.org\/{rel}","templated":true}]}}

MATRÍCULA del Nou alumnat 2021-22 que ha fet la preinscripció i està a la LLISTA D`ESPERA

<p>Estic a la LLISTA D’ESPERA, què haig de fer ara per formalitzar la matrícula?</p>
<p><strong>T’has de connectar a l’</strong><strong><a href="https://www.eoidigital.com/eoicat/alumnes/principal.php?I=C">aplicació de preinscripció</a> (identificació).</strong></p>
<p>Per a una de les vacants d’<strong>ANGLÈS , entra a la mateixa <a href="https://www.eoidigital.com/eoicat/alumnes/principal.php?I=C">aplicació de preinscripció</a> (identificació), els dies 21 i 22 de setembre </strong>i  <strong>si queda alguna vacant disponible</strong>, formalitza la matrícula al més aviat possible, a partir de l’hora que t’apareix a l’aplicació<strong> fins les 23:59h del dia 22 de setembre.</strong></p>
<p>Per a una de les vacants <strong>de la RESTA D’IDIOMES , entra a la mateixa <a href="https://www.eoidigital.com/eoicat/alumnes/principal.php?I=C">aplicació de preinscripció</a> (identificació), el dia 22 de setembre </strong>i <strong>si queda alguna vacant disponible, </strong>formalitza la matrícula al més aviat possible, a partir de l’hora que t’apareix a l’aplicació <strong>fins les 23:59h del mateix dia 22 de setembre</strong>.</p>

<p>Estic a la LLISTA D’ESPERA, què haig de fer ara per formalitzar la matrícula?<br />
T’has de connectar a l’<a href="https://www.eoidigital.com/eoicat/alumnes/principal.php?I=C">aplicació de preinscripció</a> (identificació).<br />
Per a una de les vacants d’ANGLÈS , entra a la mateixa <a href="https://www.eoidigital.com/eoicat/alumnes/principal.php?I=C">aplicació de preinscripció</a> (identificació), els dies 21 i 22 de setembre&hellip;  <a href="https://agora-eoi.xtec.cat/eoisabadell/matricula-del-nou-alumnat-2020-21-que-ha-fet-la-preinscripcio-i-esta-a-la-llista-despera/" title="Read MATRÍCULA del Nou alumnat 2021-22 que ha fet la preinscripció i està a la LLISTA D`ESPERA">Llegeix més»</a></p>
