{"id":12883,"date":"2020-09-13T20:36:56","date_gmt":"2020-09-13T18:36:56","guid":{"rendered":"https:\/\/agora-eoi.xtec.cat\/eoisabadell\/?page_id=12883"},"modified":"2025-09-17T20:44:18","modified_gmt":"2025-09-17T18:44:18","slug":"canvi-dhorari","status":"publish","type":"page","link":"https:\/\/agora-eoi.xtec.cat\/eoisabadell\/canvi-dhorari\/","title":{"rendered":"Canvi d&#8217;horari"},"content":{"rendered":"<p><strong>1. Canvi oficial d\u2019horari<\/strong><\/p>\n<p>Podran demanar canvi d\u2019horari les persones que, una vegada feta la matr\u00edcula a l\u2019EOI, s\u2019hagin matriculat en un altre centre docent oficial i que tinguin un horari incompatible, o b\u00e9 les persones a les quals s&#8217;hagi canviat l\u2019horari laboral amb posterioritat a la matr\u00edcula a l\u2019EOI.<\/p>\n<p>El termini per sol\u00b7licitar aquest canvi ser\u00e0 <strong>el dia abans de les vacances de Setmana Santa (divendres 27 mar\u00e7 de 2026)<\/strong>.<\/p>\n<h5><span style=\"text-decoration: underline;\"><strong>La resposta pot trigar moltes setmanes, perqu\u00e8 est\u00e0 subjecte a disponibilitat de places i vistiplau de Cap d&#8217;Estudis.<\/strong><\/span><\/h5>\n<p>Les persones interessades presentaran al Departament d\u2019Alumnat, a l&#8217;email\u00a0<a href=\"secretaria@eoisabadell.cat\">secretaria@eoisabadell.cat<\/a>, els seg\u00fcents documents:<\/p>\n<ul>\n<li>Model d&#8217;inst\u00e0ncia\u00a0 (<a href=\"https:\/\/drive.google.com\/file\/d\/1dDxX0U-dArGmV4Z5OwSnFnBz2D73fCCr\/view?usp=sharing\" target=\"_blank\" rel=\"noopener\">que podeu trobar al seg\u00fcent enlla\u00e7<\/a>) \u00a0\u00a0en\u00a0 \u00a0el\u00a0 \u00a0qual \u00a0\u00a0se \u00a0\u00a0sol\u00b7licitar\u00e0 \u00a0\u00a0el \u00a0\u00a0nou \u00a0horari (cal donar dues opcions sempre que sigui possible).<\/li>\n<li>Justificants de\u00a0 les\u00a0 causes\u00a0 al\u00b7legades: fotoc\u00f2pia de matr\u00edcula, contracte de treball amb data posterior a la matr\u00edcula a l\u2019 EOI o certificat d\u2019empresa.<\/li>\n<\/ul>\n<p><strong>Nom\u00e9s s\u2019atendran les sol\u00b7licituds que vagin acompanyades de justificants. Aquest canvi es podr\u00e0 concedir sempre i quan hi hagi places vacants en els grups demanats. El\u00a0<\/strong><strong>canvi, que es comunicar\u00e0 a l\u2019interessat\/ada, ser\u00e0 oficial i definitiu.<\/strong><\/p>\n<p><strong>2. Permuta<\/strong><\/p>\n<p>Es \u00a0tracta \u00a0de \u00a0l\u2019intercanvi \u00a0de \u00a0pla\u00e7a \u00a0entre \u00a0dues \u00a0persones \u00a0matriculades \u00a0en \u00a0dos \u00a0horaris diferents \u00a0del mateix idioma i curs.\u00a0<strong>Es pot fer fins el dia abans de les vacances de Setmana Santa (divendres 27 mar\u00e7 de 2026).;<\/strong>\u00a0nom\u00e9s cal que els dos alumnes es presentin al Departament d\u2019alumnat i comuniquin la seva intenci\u00f3 de permutar els seus horaris. Caldr\u00e0, a m\u00e9s, notificar els canvis als professors respectius.<\/p>\n<p>Els alumnes sol\u00b7licitants es podran posar en contacte entre ells a trav\u00e9s del taul\u00f3 d\u2019anuncis que hi ha al costat de l&#8217;antiga cafeteria.<\/p>\n","protected":false},"excerpt":{"rendered":"<p>1. Canvi oficial d\u2019horari<br \/>\nPodran demanar canvi d\u2019horari les persones que, una vegada feta la matr\u00edcula a l\u2019EOI, s\u2019hagin matriculat en un altre centre docent oficial i que tinguin un horari incompatible, o b\u00e9 les persones a les quals s&#8217;hagi canviat l\u2019horari laboral amb posterioritat a&hellip;  <a href=\"https:\/\/agora-eoi.xtec.cat\/eoisabadell\/canvi-dhorari\/\" title=\"Read Canvi d&#8217;horari\">Llegeix m\u00e9s\u00bb<\/a><\/p>\n","protected":false},"author":7,"featured_media":0,"parent":0,"menu_order":0,"comment_status":"closed","ping_status":"closed","template":"","meta":{"_bbp_topic_count":0,"_bbp_reply_count":0,"_bbp_total_topic_count":0,"_bbp_total_reply_count":0,"_bbp_voice_count":0,"_bbp_anonymous_reply_count":0,"_bbp_topic_count_hidden":0,"_bbp_reply_count_hidden":0,"_bbp_forum_subforum_count":0,"footnotes":""},"class_list":["post-12883","page","type-page","status-publish","hentry"],"post_mailing_queue_ids":[],"_links":{"self":[{"href":"https:\/\/agora-eoi.xtec.cat\/eoisabadell\/wp-json\/wp\/v2\/pages\/12883","targetHints":{"allow":["GET"]}}],"collection":[{"href":"https:\/\/agora-eoi.xtec.cat\/eoisabadell\/wp-json\/wp\/v2\/pages"}],"about":[{"href":"https:\/\/agora-eoi.xtec.cat\/eoisabadell\/wp-json\/wp\/v2\/types\/page"}],"author":[{"embeddable":true,"href":"https:\/\/agora-eoi.xtec.cat\/eoisabadell\/wp-json\/wp\/v2\/users\/7"}],"replies":[{"embeddable":true,"href":"https:\/\/agora-eoi.xtec.cat\/eoisabadell\/wp-json\/wp\/v2\/comments?post=12883"}],"version-history":[{"count":7,"href":"https:\/\/agora-eoi.xtec.cat\/eoisabadell\/wp-json\/wp\/v2\/pages\/12883\/revisions"}],"predecessor-version":[{"id":18037,"href":"https:\/\/agora-eoi.xtec.cat\/eoisabadell\/wp-json\/wp\/v2\/pages\/12883\/revisions\/18037"}],"wp:attachment":[{"href":"https:\/\/agora-eoi.xtec.cat\/eoisabadell\/wp-json\/wp\/v2\/media?parent=12883"}],"curies":[{"name":"wp","href":"https:\/\/api.w.org\/{rel}","templated":true}]}}