{"id":12816,"date":"2020-07-29T01:35:11","date_gmt":"2020-07-28T23:35:11","guid":{"rendered":"https:\/\/agora-eoi.xtec.cat\/eoisabadell\/?page_id=12816"},"modified":"2020-07-29T01:35:11","modified_gmt":"2020-07-28T23:35:11","slug":"novetat-3-7-2020-alumnat-repetidor-del-curs-2019-2020-taxes-i-convocatories","status":"publish","type":"page","link":"https:\/\/agora-eoi.xtec.cat\/eoisabadell\/novetat-3-7-2020-alumnat-repetidor-del-curs-2019-2020-taxes-i-convocatories\/","title":{"rendered":"NOVETAT 3\/7\/2020!! alumnat REPETIDOR del curs 2019-2020 (TAXES I CONVOCAT\u00d2RIES)"},"content":{"rendered":"<div class=\"entry-content\">\n<p>En relaci\u00f3 amb les mesures derivades de la pand\u00e8mia CoViD-19 per a les taxes i preus p\u00fablics i a la perman\u00e8ncia en els estudis vinculats a serveis educatius a les Escoles Oficials d\u2019Idiomes, s\u2019han acordat les propostes seg\u00fcents:<\/p>\n<ul>\n<li>Pel que fa les\u00a0<strong>taxes i preus p\u00fablics<\/strong><br \/>\nA l\u2019alumnat que no hagin superat l\u2019avaluaci\u00f3 del curs 2019-2020 (NO APTE\/A, NO QUALIFICAT\/DA, NO PRESENTAT\/DA), i que per al curs 2020-2021 es vulgui matricular per segona o tercera vegada en el mateix curs, bloc o m\u00f2dul del mateix idioma no se li aplicar\u00e0 a la quota el coeficient de 1,3 o 1,8, respectivament, que estableixen les ordres ENS\/186\/2017 de 28 de juliol i ENS\/161\/2015 de 29 de maig, i\u00a0<strong>pagar\u00e0, per tant, el mateix import que una primera matr\u00edcula.<\/strong><\/li>\n<\/ul>\n<ul>\n<li>Pel que fa la\u00a0<strong>perman\u00e8ncia als estudis<\/strong><br \/>\nA l\u2019alumnat que no hagi superat l\u2019avaluaci\u00f3 del curs 2019-2020, (NO APTE\/A, NO QUALIFICAT\/DA, NO PRESENTAT\/DA),\u00a0<strong>no se li computar\u00e0 la convocat\u00f2ria esgotada<\/strong>\u00a0a efectes de perman\u00e8ncia en els estudis. Aix\u00ed doncs el nombre m\u00e0xim de cursos als quals l\u2019alumnat t\u00e9 dret a romandre matriculat en el r\u00e8gim d\u2019ensenyament oficial no es veur\u00e0 afectat per aquesta circumst\u00e0ncia.<\/li>\n<\/ul>\n<\/div>\n","protected":false},"excerpt":{"rendered":"<p>En relaci\u00f3 amb les mesures derivades de la pand\u00e8mia CoViD-19 per a les taxes i preus p\u00fablics i a la perman\u00e8ncia en els estudis vinculats a serveis educatius a les Escoles Oficials d\u2019Idiomes, s\u2019han acordat les propostes seg\u00fcents:<\/p>\n<ul>\n<li>Pel que fa les\u00a0taxes i preus p\u00fablics<br \/>\nA l\u2019alumnat&hellip;  <a href=\"https:\/\/agora-eoi.xtec.cat\/eoisabadell\/novetat-3-7-2020-alumnat-repetidor-del-curs-2019-2020-taxes-i-convocatories\/\" title=\"Read NOVETAT 3\/7\/2020!! alumnat REPETIDOR del curs 2019-2020 (TAXES I CONVOCAT\u00d2RIES)\">Llegeix m\u00e9s\u00bb<\/a><\/p>\n","protected":false},"author":7,"featured_media":0,"parent":0,"menu_order":0,"comment_status":"closed","ping_status":"closed","template":"","meta":{"_bbp_topic_count":0,"_bbp_reply_count":0,"_bbp_total_topic_count":0,"_bbp_total_reply_count":0,"_bbp_voice_count":0,"_bbp_anonymous_reply_count":0,"_bbp_topic_count_hidden":0,"_bbp_reply_count_hidden":0,"_bbp_forum_subforum_count":0,"footnotes":""},"class_list":["post-12816","page","type-page","status-publish","hentry"],"post_mailing_queue_ids":[],"_links":{"self":[{"href":"https:\/\/agora-eoi.xtec.cat\/eoisabadell\/wp-json\/wp\/v2\/pages\/12816","targetHints":{"allow":["GET"]}}],"collection":[{"href":"https:\/\/agora-eoi.xtec.cat\/eoisabadell\/wp-json\/wp\/v2\/pages"}],"about":[{"href":"https:\/\/agora-eoi.xtec.cat\/eoisabadell\/wp-json\/wp\/v2\/types\/page"}],"author":[{"embeddable":true,"href":"https:\/\/agora-eoi.xtec.cat\/eoisabadell\/wp-json\/wp\/v2\/users\/7"}],"replies":[{"embeddable":true,"href":"https:\/\/agora-eoi.xtec.cat\/eoisabadell\/wp-json\/wp\/v2\/comments?post=12816"}],"version-history":[{"count":1,"href":"https:\/\/agora-eoi.xtec.cat\/eoisabadell\/wp-json\/wp\/v2\/pages\/12816\/revisions"}],"predecessor-version":[{"id":12817,"href":"https:\/\/agora-eoi.xtec.cat\/eoisabadell\/wp-json\/wp\/v2\/pages\/12816\/revisions\/12817"}],"wp:attachment":[{"href":"https:\/\/agora-eoi.xtec.cat\/eoisabadell\/wp-json\/wp\/v2\/media?parent=12816"}],"curies":[{"name":"wp","href":"https:\/\/api.w.org\/{rel}","templated":true}]}}

NOVETAT 3/7/2020!! alumnat REPETIDOR del curs 2019-2020 (TAXES I CONVOCATÒRIES)

<div class="entry-content">
<p>En relació amb les mesures derivades de la pandèmia CoViD-19 per a les taxes i preus públics i a la permanència en els estudis vinculats a serveis educatius a les Escoles Oficials d’Idiomes, s’han acordat les propostes següents:</p>
<ul>
<li>Pel que fa les <strong>taxes i preus públics</strong><br />
A l’alumnat que no hagin superat l’avaluació del curs 2019-2020 (NO APTE/A, NO QUALIFICAT/DA, NO PRESENTAT/DA), i que per al curs 2020-2021 es vulgui matricular per segona o tercera vegada en el mateix curs, bloc o mòdul del mateix idioma no se li aplicarà a la quota el coeficient de 1,3 o 1,8, respectivament, que estableixen les ordres ENS/186/2017 de 28 de juliol i ENS/161/2015 de 29 de maig, i <strong>pagarà, per tant, el mateix import que una primera matrícula.</strong></li>
</ul>
<ul>
<li>Pel que fa la <strong>permanència als estudis</strong><br />
A l’alumnat que no hagi superat l’avaluació del curs 2019-2020, (NO APTE/A, NO QUALIFICAT/DA, NO PRESENTAT/DA), <strong>no se li computarà la convocatòria esgotada</strong> a efectes de permanència en els estudis. Així doncs el nombre màxim de cursos als quals l’alumnat té dret a romandre matriculat en el règim d’ensenyament oficial no es veurà afectat per aquesta circumstància.</li>
</ul>
</div>

<p>En relació amb les mesures derivades de la pandèmia CoViD-19 per a les taxes i preus públics i a la permanència en els estudis vinculats a serveis educatius a les Escoles Oficials d’Idiomes, s’han acordat les propostes següents:</p>
<ul>
<li>Pel que fa les taxes i preus públics<br />
A l’alumnat&hellip;  <a href="https://agora-eoi.xtec.cat/eoisabadell/novetat-3-7-2020-alumnat-repetidor-del-curs-2019-2020-taxes-i-convocatories/" title="Read NOVETAT 3/7/2020!! alumnat REPETIDOR del curs 2019-2020 (TAXES I CONVOCATÒRIES)">Llegeix més»</a></p>
