{"id":12600,"date":"2020-05-22T12:30:57","date_gmt":"2020-05-22T10:30:57","guid":{"rendered":"https:\/\/agora-eoi.xtec.cat\/eoisabadell\/?page_id=12600"},"modified":"2024-06-18T12:05:16","modified_gmt":"2024-06-18T10:05:16","slug":"antics-alumnes","status":"publish","type":"page","link":"https:\/\/agora-eoi.xtec.cat\/eoisabadell\/departament-dalumnat\/matricula\/antics-alumnes\/","title":{"rendered":"Antics alumnes"},"content":{"rendered":"<p>Les persones matriculades en un curs oficial del mateix idioma, en aquesta escola l\u2019any acad\u00e8mic immediatament anterior s\u00f3n antic alumnat i tenen prefer\u00e8ncia per matricular-se el curs seg\u00fcent.<\/p>\n<h3>Normes i procediment abreujat<\/h3>\n<ol>\n<li>La matr\u00edcula s\u2019efectuar\u00e0 telem\u00e0ticament durant la primera quinzena del mes de juliol. Hi haur\u00e0 diferents dies i franges hor\u00e0ries en funci\u00f3 del nivell i de la qualificaci\u00f3 obtinguda en el curs que s\u2019ha acabat de realitzar.<\/li>\n<li>Per fer aquesta matr\u00edcula, l\u2019alumnat haur\u00e0 d\u2019entrar a l\u2019<a href=\"https:\/\/www.informaticacentros.com\/centrosnet\/ultralogin.php?tcentro=EOI&amp;centro=B03\">aplicatiu<\/a>\u00a0des del qual far\u00e0 la gesti\u00f3. Aquest aplicatiu obrir\u00e0 cada nou termini el dia i hora que s\u2019indica al calendari, sense tancar l\u2019anterior franja.<\/li>\n<li>No est\u00e0 perm\u00e8s matricular-se com a alumne oficial i lliure del mateix idioma, el mateix any acad\u00e8mic.<\/li>\n<li>Per saber les vegades que est\u00e0 perm\u00e8s matricular-se en un curs consulteu\u00a0<a href=\"https:\/\/agora-eoi.xtec.cat\/eoisabadell\/convocatoria-adicional-3a-matricula-dun-curs\/\" target=\"_blank\" rel=\"noopener\">aqu\u00ed.<\/a><\/li>\n<li>Els canvis d\u2019horari nom\u00e9s s\u2019acceptaran segons la disponibilitat de places i en casos especials i justificats documentalment, per un canvi de circumst\u00e0ncies vitals posteriors a la data de matr\u00edcula.<\/li>\n<\/ol>\n<p><strong>Pagament<\/strong><\/p>\n<p>El pagament s\u2019ha de fer mitjan\u00e7ant el resguard que l\u2019aplicaci\u00f3 proporciona o de forma electr\u00f2nica. El resguard s\u2019ha d\u2019imprimir i s\u2019ha de pagar la matr\u00edcula al banc o caixa especificat en el mateix resguard, en el termini de 24 h. a partir de la formalitzaci\u00f3 de la matr\u00edcula telem\u00e0tica. En cas d\u2019haver al\u00b7legat una reducci\u00f3 o exempci\u00f3 de la matr\u00edcula, cal aportar la documentaci\u00f3 acreditativa al centre en el termini d\u2019una setmana des de l\u2019inici de les classes. La manca d\u2019acreditaci\u00f3 d\u00f3na lloc a la baixa d\u2019ofici.<\/p>\n<p><a href=\"https:\/\/agora-eoi.xtec.cat\/eoisabadell\/matricula-antics-alumnes\/\">Informaci\u00f3 detallada matr\u00edcula d&#8217;alumnes del curs actual pel proper curs.\u00a0<\/a><\/p>\n","protected":false},"excerpt":{"rendered":"<p>Les persones matriculades en un curs oficial del mateix idioma, en aquesta escola l\u2019any acad\u00e8mic immediatament anterior s\u00f3n antic alumnat i tenen prefer\u00e8ncia per matricular-se el curs seg\u00fcent.<br \/>\nNormes i procediment abreujat<\/p>\n<ol>\n<li>La matr\u00edcula s\u2019efectuar\u00e0 telem\u00e0ticament durant la primera quinzena del mes de juliol. Hi haur\u00e0 diferents&hellip;  <a href=\"https:\/\/agora-eoi.xtec.cat\/eoisabadell\/departament-dalumnat\/matricula\/antics-alumnes\/\" title=\"Read Antics alumnes\">Llegeix m\u00e9s\u00bb<\/a><br \/>\n","protected":false},"author":7,"featured_media":0,"parent":12591,"menu_order":1,"comment_status":"closed","ping_status":"closed","template":"","meta":{"_bbp_topic_count":0,"_bbp_reply_count":0,"_bbp_total_topic_count":0,"_bbp_total_reply_count":0,"_bbp_voice_count":0,"_bbp_anonymous_reply_count":0,"_bbp_topic_count_hidden":0,"_bbp_reply_count_hidden":0,"_bbp_forum_subforum_count":0,"footnotes":""},"class_list":["post-12600","page","type-page","status-publish","hentry"],"post_mailing_queue_ids":[],"_links":{"self":[{"href":"https:\/\/agora-eoi.xtec.cat\/eoisabadell\/wp-json\/wp\/v2\/pages\/12600","targetHints":{"allow":["GET"]}}],"collection":[{"href":"https:\/\/agora-eoi.xtec.cat\/eoisabadell\/wp-json\/wp\/v2\/pages"}],"about":[{"href":"https:\/\/agora-eoi.xtec.cat\/eoisabadell\/wp-json\/wp\/v2\/types\/page"}],"author":[{"embeddable":true,"href":"https:\/\/agora-eoi.xtec.cat\/eoisabadell\/wp-json\/wp\/v2\/users\/7"}],"replies":[{"embeddable":true,"href":"https:\/\/agora-eoi.xtec.cat\/eoisabadell\/wp-json\/wp\/v2\/comments?post=12600"}],"version-history":[{"count":5,"href":"https:\/\/agora-eoi.xtec.cat\/eoisabadell\/wp-json\/wp\/v2\/pages\/12600\/revisions"}],"predecessor-version":[{"id":17070,"href":"https:\/\/agora-eoi.xtec.cat\/eoisabadell\/wp-json\/wp\/v2\/pages\/12600\/revisions\/17070"}],"up":[{"embeddable":true,"href":"https:\/\/agora-eoi.xtec.cat\/eoisabadell\/wp-json\/wp\/v2\/pages\/12591"}],"wp:attachment":[{"href":"https:\/\/agora-eoi.xtec.cat\/eoisabadell\/wp-json\/wp\/v2\/media?parent=12600"}],"curies":[{"name":"wp","href":"https:\/\/api.w.org\/{rel}","templated":true}]}}