{"id":11652,"date":"2019-05-29T15:59:05","date_gmt":"2019-05-29T13:59:05","guid":{"rendered":"http:\/\/agora-eoi.xtec.cat\/eoisabadell\/?page_id=11652"},"modified":"2019-09-19T20:53:52","modified_gmt":"2019-09-19T18:53:52","slug":"preinscripcio-curs-2019-2020-i-novetats-c2-angles","status":"publish","type":"page","link":"https:\/\/agora-eoi.xtec.cat\/eoisabadell\/preinscripcio\/preinscripcio-curs-2019-2020-i-novetats-c2-angles\/","title":{"rendered":"Preinscripci\u00f3 curs 2019\/2020 i novetats C2 angl\u00e8s"},"content":{"rendered":"<h4><span style=\"text-decoration: underline;\"><em><strong>Informaci\u00f3 de matr\u00edcula<\/strong><\/em><\/span><\/h4>\n<h5><strong>Nou alumnat<\/strong><\/h5>\n<p>Es considera nou alumnat qualsevol persona no matriculada en un curs oficial d&#8217;un idioma en aquesta escola i l&#8217;any acad\u00e8mic immediatament anterior.<\/p>\n<ul>\n<li><strong>Preinscripci\u00f3 telem\u00e0tica:<\/strong> del 2 al 5 de setembre de 2019. <a href=\"https:\/\/www.eoidigital.com\/eoicat\/alumnes\/principal.php?I=C\">Enlla\u00e7 a l&#8217;aplicatiu<\/a> (disponible del 2 de setembre a les 9h al 5 de setembre a les 15h). IMPORTANT <span style=\"text-decoration: underline;\">requisits<\/span>:\n<ul>\n<li style=\"list-style-type: none;\">\n<ul>\n<li>Tenir 16 anys (complerts el 31 de desembre de 2019)<\/li>\n<li>A partir dels 14 anys (complerts el 31 de desembre de 2019) per a idiomes diferents del cursat com a primera<br \/>\nllengua estrangera a l\u2019ESO.<\/li>\n<\/ul>\n<\/li>\n<\/ul>\n<\/li>\n<li><strong>Test de nivell:<\/strong>\n<ul>\n<li>presencialment del 10 al 13 de setembre de 2019 (caldr\u00e0 consultar el dia i l&#8217;hora per fer el test de nivell al web, sortir\u00e0 publicat el divendres dia 6 a les 18h)<\/li>\n<li>resultat test de nivell: consulta a l&#8217;aplicatiu de preinscripci\u00f3 el 16 setembre (a partir de les 12 h) i TRIA grup\/horari del curs assignat, del 16 al 18 de setembre (fins a les 13 h).<\/li>\n<\/ul>\n<\/li>\n<li><strong>Sorteig:<\/strong> 18 de setembre de 2019 (a partir de les 18 h)<\/li>\n<li><strong>Matr\u00edcula en l\u00ednia dels alumnes admesos:<\/strong> del 18 (a partir de les 18 h) al 20 de setembre (fins les 23.59h) de 2019.<\/li>\n<\/ul>\n<p><span style=\"text-decoration: underline;\"><strong>Per a m\u00e9s informaci\u00f3:<\/strong><\/span><\/p>\n<ul>\n<li><a href=\"http:\/\/ensenyament.gencat.cat\/web\/.content\/home\/departament\/publicacions\/a-cop-ull\/10-eoi.pdf\" target=\"_blank\" rel=\"noopener noreferrer\">Preinscripci\u00f3 i matriculaci\u00f3 pas a pas<\/a><\/li>\n<li><strong><a href=\"http:\/\/queestudiar.gencat.cat\/ca\/preinscripcio\/estudis\/idiomes\/\" target=\"_blank\" rel=\"noopener noreferrer\">Informaci\u00f3 oficial del curs 2019\/2020<\/a><\/strong><\/li>\n<\/ul>\n<h4><span style=\"text-decoration: underline;\"><em><strong>NOVETAT!<\/strong><\/em><\/span><\/h4>\n<p>Durant el curs 2019\/20 s&#8217;impartir\u00e0 per primera vegada el <strong>nivell C2 d&#8217;angl\u00e8s <\/strong>nom\u00e9s en algunes escoles (<span style=\"text-decoration: underline;\">l&#8217;EOI de Sabadell NO hi \u00e9s inclosa<\/span>)<\/p>\n<p>Les condicions d&#8217;acc\u00e9s s\u00f3n diferents a la resta.<\/p>\n<p>Segons l&#8217;annex 2 de <a href=\"https:\/\/dogc.gencat.cat\/ca\/pdogc_canals_interns\/pdogc_resultats_fitxa\/index.html?action=fitxa&amp;documentId=847657&amp;language=ca_ES&amp;newLang=ca_ES\">resoluci\u00f3 EDU\/1041\/2019, de 15 d&#8217;abril\u00a0\u00a0<\/a>&#8220;<strong>Podran accedir al primer curs del nivell C2 els alumnes que hagin aprovat el Certificat de Nivell C1 durant l&#8217;any 2019, tant en convocat\u00f2ria ordin\u00e0ria com extraordin\u00e0ria, tant en r\u00e8gim oficial com lliure, seguint l&#8217;ordre decreixent de la nota obtinguda&#8221;<\/strong><\/p>\n<p>Les EOI de Drassanes, Vall d&#8217;Hebron, L&#8217;Hospitalet, Girona, Lleida i Tarragona seran els centres on s&#8217;impartir\u00e0 el C2 d&#8217;angl\u00e8s.<\/p>\n<p>Per a m\u00e9s informaci\u00f3 cliqueu <a href=\"http:\/\/queestudiar.gencat.cat\/ca\/preinscripcio\/estudis\/idiomes\/cursos-actualitzacio-c2-angles\/\" target=\"_blank\" rel=\"noopener noreferrer\">aqu\u00ed\u00a0<\/a><\/p>\n<p>&nbsp;<\/p>\n","protected":false},"excerpt":{"rendered":"<p>Informaci\u00f3 de matr\u00edcula<br \/>\nNou alumnat<br \/>\nEs considera nou alumnat qualsevol persona no matriculada en un curs oficial d&#8217;un idioma en aquesta escola i l&#8217;any acad\u00e8mic immediatament anterior.<\/p>\n<ul>\n<li>Preinscripci\u00f3 telem\u00e0tica: del 2 al 5 de setembre de 2019. <a href=\"https:\/\/www.eoidigital.com\/eoicat\/alumnes\/principal.php?I=C\">Enlla\u00e7 a l&#8217;aplicatiu<\/a> (disponible del 2 de setembre a les&hellip;  <a href=\"https:\/\/agora-eoi.xtec.cat\/eoisabadell\/preinscripcio\/preinscripcio-curs-2019-2020-i-novetats-c2-angles\/\" title=\"Read Preinscripci\u00f3 curs 2019\/2020 i novetats C2 angl\u00e8s\">Llegeix m\u00e9s\u00bb<\/a><br \/>\n","protected":false},"author":7,"featured_media":0,"parent":8472,"menu_order":0,"comment_status":"closed","ping_status":"closed","template":"","meta":{"_bbp_topic_count":0,"_bbp_reply_count":0,"_bbp_total_topic_count":0,"_bbp_total_reply_count":0,"_bbp_voice_count":0,"_bbp_anonymous_reply_count":0,"_bbp_topic_count_hidden":0,"_bbp_reply_count_hidden":0,"_bbp_forum_subforum_count":0,"footnotes":""},"class_list":["post-11652","page","type-page","status-publish","hentry"],"post_mailing_queue_ids":[],"_links":{"self":[{"href":"https:\/\/agora-eoi.xtec.cat\/eoisabadell\/wp-json\/wp\/v2\/pages\/11652","targetHints":{"allow":["GET"]}}],"collection":[{"href":"https:\/\/agora-eoi.xtec.cat\/eoisabadell\/wp-json\/wp\/v2\/pages"}],"about":[{"href":"https:\/\/agora-eoi.xtec.cat\/eoisabadell\/wp-json\/wp\/v2\/types\/page"}],"author":[{"embeddable":true,"href":"https:\/\/agora-eoi.xtec.cat\/eoisabadell\/wp-json\/wp\/v2\/users\/7"}],"replies":[{"embeddable":true,"href":"https:\/\/agora-eoi.xtec.cat\/eoisabadell\/wp-json\/wp\/v2\/comments?post=11652"}],"version-history":[{"count":4,"href":"https:\/\/agora-eoi.xtec.cat\/eoisabadell\/wp-json\/wp\/v2\/pages\/11652\/revisions"}],"predecessor-version":[{"id":11979,"href":"https:\/\/agora-eoi.xtec.cat\/eoisabadell\/wp-json\/wp\/v2\/pages\/11652\/revisions\/11979"}],"up":[{"embeddable":true,"href":"https:\/\/agora-eoi.xtec.cat\/eoisabadell\/wp-json\/wp\/v2\/pages\/8472"}],"wp:attachment":[{"href":"https:\/\/agora-eoi.xtec.cat\/eoisabadell\/wp-json\/wp\/v2\/media?parent=11652"}],"curies":[{"name":"wp","href":"https:\/\/api.w.org\/{rel}","templated":true}]}}

Preinscripció curs 2019/2020 i novetats C2 anglès

<h4><span style="text-decoration: underline;"><em><strong>Informació de matrícula</strong></em></span></h4>
<h5><strong>Nou alumnat</strong></h5>
<p>Es considera nou alumnat qualsevol persona no matriculada en un curs oficial d&#8217;un idioma en aquesta escola i l&#8217;any acadèmic immediatament anterior.</p>
<ul>
<li><strong>Preinscripció telemàtica:</strong> del 2 al 5 de setembre de 2019. <a href="https://www.eoidigital.com/eoicat/alumnes/principal.php?I=C">Enllaç a l&#8217;aplicatiu</a> (disponible del 2 de setembre a les 9h al 5 de setembre a les 15h). IMPORTANT <span style="text-decoration: underline;">requisits</span>:
<ul>
<li style="list-style-type: none;">
<ul>
<li>Tenir 16 anys (complerts el 31 de desembre de 2019)</li>
<li>A partir dels 14 anys (complerts el 31 de desembre de 2019) per a idiomes diferents del cursat com a primera<br />
llengua estrangera a l’ESO.</li>
</ul>
</li>
</ul>
</li>
<li><strong>Test de nivell:</strong>
<ul>
<li>presencialment del 10 al 13 de setembre de 2019 (caldrà consultar el dia i l&#8217;hora per fer el test de nivell al web, sortirà publicat el divendres dia 6 a les 18h)</li>
<li>resultat test de nivell: consulta a l&#8217;aplicatiu de preinscripció el 16 setembre (a partir de les 12 h) i TRIA grup/horari del curs assignat, del 16 al 18 de setembre (fins a les 13 h).</li>
</ul>
</li>
<li><strong>Sorteig:</strong> 18 de setembre de 2019 (a partir de les 18 h)</li>
<li><strong>Matrícula en línia dels alumnes admesos:</strong> del 18 (a partir de les 18 h) al 20 de setembre (fins les 23.59h) de 2019.</li>
</ul>
<p><span style="text-decoration: underline;"><strong>Per a més informació:</strong></span></p>
<ul>
<li><a href="http://ensenyament.gencat.cat/web/.content/home/departament/publicacions/a-cop-ull/10-eoi.pdf" target="_blank" rel="noopener noreferrer">Preinscripció i matriculació pas a pas</a></li>
<li><strong><a href="http://queestudiar.gencat.cat/ca/preinscripcio/estudis/idiomes/" target="_blank" rel="noopener noreferrer">Informació oficial del curs 2019/2020</a></strong></li>
</ul>
<h4><span style="text-decoration: underline;"><em><strong>NOVETAT!</strong></em></span></h4>
<p>Durant el curs 2019/20 s&#8217;impartirà per primera vegada el <strong>nivell C2 d&#8217;anglès </strong>només en algunes escoles (<span style="text-decoration: underline;">l&#8217;EOI de Sabadell NO hi és inclosa</span>)</p>
<p>Les condicions d&#8217;accés són diferents a la resta.</p>
<p>Segons l&#8217;annex 2 de <a href="https://dogc.gencat.cat/ca/pdogc_canals_interns/pdogc_resultats_fitxa/index.html?action=fitxa&amp;documentId=847657&amp;language=ca_ES&amp;newLang=ca_ES">resolució EDU/1041/2019, de 15 d&#8217;abril  </a>&#8220;<strong>Podran accedir al primer curs del nivell C2 els alumnes que hagin aprovat el Certificat de Nivell C1 durant l&#8217;any 2019, tant en convocatòria ordinària com extraordinària, tant en règim oficial com lliure, seguint l&#8217;ordre decreixent de la nota obtinguda&#8221;</strong></p>
<p>Les EOI de Drassanes, Vall d&#8217;Hebron, L&#8217;Hospitalet, Girona, Lleida i Tarragona seran els centres on s&#8217;impartirà el C2 d&#8217;anglès.</p>
<p>Per a més informació cliqueu <a href="http://queestudiar.gencat.cat/ca/preinscripcio/estudis/idiomes/cursos-actualitzacio-c2-angles/" target="_blank" rel="noopener noreferrer">aquí </a></p>
<p>&nbsp;</p>

<p>Informació de matrícula<br />
Nou alumnat<br />
Es considera nou alumnat qualsevol persona no matriculada en un curs oficial d&#8217;un idioma en aquesta escola i l&#8217;any acadèmic immediatament anterior.</p>
<ul>
<li>Preinscripció telemàtica: del 2 al 5 de setembre de 2019. <a href="https://www.eoidigital.com/eoicat/alumnes/principal.php?I=C">Enllaç a l&#8217;aplicatiu</a> (disponible del 2 de setembre a les&hellip;  <a href="https://agora-eoi.xtec.cat/eoisabadell/preinscripcio/preinscripcio-curs-2019-2020-i-novetats-c2-angles/" title="Read Preinscripció curs 2019/2020 i novetats C2 anglès">Llegeix més»</a><br />
