{"id":11566,"date":"2019-04-30T13:08:39","date_gmt":"2019-04-30T11:08:39","guid":{"rendered":"http:\/\/agora-eoi.xtec.cat\/eoisabadell\/?page_id=11566"},"modified":"2019-04-30T13:08:39","modified_gmt":"2019-04-30T11:08:39","slug":"guanyadores-concurs-sant-jordi-2019","status":"publish","type":"page","link":"https:\/\/agora-eoi.xtec.cat\/eoisabadell\/guanyadores-concurs-sant-jordi-2019\/","title":{"rendered":"Guanyadores concurs Sant Jordi 2019"},"content":{"rendered":"<p><a href=\"https:\/\/agora-eoi.xtec.cat\/eoisabadell\/wp-content\/uploads\/usu2240\/2019\/04\/DSC_8185-prova.jpg\"><img loading=\"lazy\" decoding=\"async\" class=\"aligncenter size-large wp-image-11553\" src=\"https:\/\/agora-eoi.xtec.cat\/eoisabadell\/wp-content\/uploads\/usu2240\/2019\/04\/DSC_8185-prova-1024x576.jpg\" alt=\"\" width=\"1024\" height=\"576\" srcset=\"https:\/\/agora-eoi.xtec.cat\/eoisabadell\/wp-content\/uploads\/usu2240\/2019\/04\/DSC_8185-prova.jpg 1024w, https:\/\/agora-eoi.xtec.cat\/eoisabadell\/wp-content\/uploads\/usu2240\/2019\/04\/DSC_8185-prova-300x169.jpg 300w, https:\/\/agora-eoi.xtec.cat\/eoisabadell\/wp-content\/uploads\/usu2240\/2019\/04\/DSC_8185-prova-768x432.jpg 768w\" sizes=\"auto, (max-width: 1024px) 100vw, 1024px\" \/><\/a><\/p>\n<p>L&#8217;enhorabona a les guanyadores dels concursos de Sant Jordi\u00a0 2019!!!<\/p>\n<p>-Concurs fotogr\u00e0fic:<br \/>\n1r. premi: Maribel Lacasa (4t de franc\u00e8s)<br \/>\n2n premi: Camila Salda\u00f1a (1r d&#8217;alemany)<br \/>\n3r premi: L\u00eddia Playa (1r de franc\u00e8s)<\/p>\n<p>-Concurs de refranys (sorteig):<br \/>\nAlemany: J\u00falia Rosado (1r d&#8217;alemany).<br \/>\nAngl\u00e8s: Francisca S\u00e1nchez (5\u00e8 d&#8217;angl\u00e8s)<br \/>\nFranc\u00e8s: Rosa Candela (2n de franc\u00e8s)<br \/>\nCatal\u00e0: Marina Iniesta (C2 de catal\u00e0).<\/p>\n","protected":false},"excerpt":{"rendered":"<p><a href=\"https:\/\/agora-eoi.xtec.cat\/eoisabadell\/wp-content\/uploads\/usu2240\/2019\/04\/DSC_8185-prova.jpg\"><\/a><br \/>\nL&#8217;enhorabona a les guanyadores dels concursos de Sant Jordi\u00a0 2019!!!<br \/>\n-Concurs fotogr\u00e0fic:<br \/>\n1r. premi: Maribel Lacasa (4t de franc\u00e8s)<br \/>\n2n premi: Camila Salda\u00f1a (1r d&#8217;alemany)<br \/>\n3r premi: L\u00eddia Playa (1r de franc\u00e8s)<br \/>\n-Concurs de refranys (sorteig):<br \/>\nAlemany: J\u00falia Rosado (1r d&#8217;alemany).<br \/>\nAngl\u00e8s: Francisca S\u00e1nchez (5\u00e8 d&#8217;angl\u00e8s)<br \/>\nFranc\u00e8s: Rosa Candela (2n de franc\u00e8s)<br \/>\nCatal\u00e0:&hellip;  <a href=\"https:\/\/agora-eoi.xtec.cat\/eoisabadell\/guanyadores-concurs-sant-jordi-2019\/\" title=\"Read Guanyadores concurs Sant Jordi 2019\">Llegeix m\u00e9s\u00bb<\/a><\/p>\n","protected":false},"author":7,"featured_media":0,"parent":0,"menu_order":0,"comment_status":"closed","ping_status":"closed","template":"","meta":{"_bbp_topic_count":0,"_bbp_reply_count":0,"_bbp_total_topic_count":0,"_bbp_total_reply_count":0,"_bbp_voice_count":0,"_bbp_anonymous_reply_count":0,"_bbp_topic_count_hidden":0,"_bbp_reply_count_hidden":0,"_bbp_forum_subforum_count":0,"footnotes":""},"class_list":["post-11566","page","type-page","status-publish","hentry"],"post_mailing_queue_ids":[],"_links":{"self":[{"href":"https:\/\/agora-eoi.xtec.cat\/eoisabadell\/wp-json\/wp\/v2\/pages\/11566","targetHints":{"allow":["GET"]}}],"collection":[{"href":"https:\/\/agora-eoi.xtec.cat\/eoisabadell\/wp-json\/wp\/v2\/pages"}],"about":[{"href":"https:\/\/agora-eoi.xtec.cat\/eoisabadell\/wp-json\/wp\/v2\/types\/page"}],"author":[{"embeddable":true,"href":"https:\/\/agora-eoi.xtec.cat\/eoisabadell\/wp-json\/wp\/v2\/users\/7"}],"replies":[{"embeddable":true,"href":"https:\/\/agora-eoi.xtec.cat\/eoisabadell\/wp-json\/wp\/v2\/comments?post=11566"}],"version-history":[{"count":1,"href":"https:\/\/agora-eoi.xtec.cat\/eoisabadell\/wp-json\/wp\/v2\/pages\/11566\/revisions"}],"predecessor-version":[{"id":11567,"href":"https:\/\/agora-eoi.xtec.cat\/eoisabadell\/wp-json\/wp\/v2\/pages\/11566\/revisions\/11567"}],"wp:attachment":[{"href":"https:\/\/agora-eoi.xtec.cat\/eoisabadell\/wp-json\/wp\/v2\/media?parent=11566"}],"curies":[{"name":"wp","href":"https:\/\/api.w.org\/{rel}","templated":true}]}}

<p><a href="https://agora-eoi.xtec.cat/eoisabadell/wp-content/uploads/usu2240/2019/04/DSC_8185-prova.jpg"><img loading="lazy" decoding="async" class="aligncenter size-large wp-image-11553" src="https://agora-eoi.xtec.cat/eoisabadell/wp-content/uploads/usu2240/2019/04/DSC_8185-prova-1024x576.jpg" alt="" width="1024" height="576" srcset="https://agora-eoi.xtec.cat/eoisabadell/wp-content/uploads/usu2240/2019/04/DSC_8185-prova.jpg 1024w, https://agora-eoi.xtec.cat/eoisabadell/wp-content/uploads/usu2240/2019/04/DSC_8185-prova-300x169.jpg 300w, https://agora-eoi.xtec.cat/eoisabadell/wp-content/uploads/usu2240/2019/04/DSC_8185-prova-768x432.jpg 768w" sizes="auto, (max-width: 1024px) 100vw, 1024px" /></a></p>
<p>L&#8217;enhorabona a les guanyadores dels concursos de Sant Jordi  2019!!!</p>
<p>-Concurs fotogràfic:<br />
1r. premi: Maribel Lacasa (4t de francès)<br />
2n premi: Camila Saldaña (1r d&#8217;alemany)<br />
3r premi: Lídia Playa (1r de francès)</p>
<p>-Concurs de refranys (sorteig):<br />
Alemany: Júlia Rosado (1r d&#8217;alemany).<br />
Anglès: Francisca Sánchez (5è d&#8217;anglès)<br />
Francès: Rosa Candela (2n de francès)<br />
Català: Marina Iniesta (C2 de català).</p>

<p><a href="https://agora-eoi.xtec.cat/eoisabadell/wp-content/uploads/usu2240/2019/04/DSC_8185-prova.jpg"></a><br />
L&#8217;enhorabona a les guanyadores dels concursos de Sant Jordi  2019!!!<br />
-Concurs fotogràfic:<br />
1r. premi: Maribel Lacasa (4t de francès)<br />
2n premi: Camila Saldaña (1r d&#8217;alemany)<br />
3r premi: Lídia Playa (1r de francès)<br />
-Concurs de refranys (sorteig):<br />
Alemany: Júlia Rosado (1r d&#8217;alemany).<br />
Anglès: Francisca Sánchez (5è d&#8217;anglès)<br />
Francès: Rosa Candela (2n de francès)<br />
Català:&hellip;  <a href="https://agora-eoi.xtec.cat/eoisabadell/guanyadores-concurs-sant-jordi-2019/" title="Read Guanyadores concurs Sant Jordi 2019">Llegeix més»</a></p>
