{"id":8970,"date":"2019-02-26T16:58:16","date_gmt":"2019-02-26T15:58:16","guid":{"rendered":"http:\/\/agora-eoi.xtec.cat\/eoiriberadebre\/?page_id=8970"},"modified":"2019-02-26T16:58:54","modified_gmt":"2019-02-26T15:58:54","slug":"informacion-pels-pares","status":"publish","type":"page","link":"https:\/\/agora-eoi.xtec.cat\/eoiriberadebre\/el-servei-educatiu\/informacion-pels-pares\/","title":{"rendered":"Informaci\u00f3n pels pares"},"content":{"rendered":"<h2>Informaci\u00f3 per als pares d&#8217;alumnes menors d&#8217;edat<\/h2>\n<p><span lang=\"CA\">Les Escoles Oficials d\u2019Idiomes s\u00f3n centres d\u2019ensenyament de r\u00e8gim especial no obligatori. No obstant, l\u2019assist\u00e8ncia a classe \u00e9s obligat\u00f2ria i les faltes d\u2019assist\u00e8ncia dels alumnes menors d\u2019edat han de ser degudament justificades. <\/span><\/p>\n<p><span lang=\"CA\">El professorat porta un control diari de les faltes d\u2019assist\u00e8ncia que \u00e9s pot consultar mensualment a la web de <a href=\"https:\/\/www.informaticacentros.com\/centrosnet\/ultralogin.php?tcentro=EOI&amp;centro=T09\" target=\"_blank\" rel=\"noopener\">Centrosnet<\/a>.<\/span><\/p>\n<p><span lang=\"CA\">Els pares\/tutors legals de l\u2019alumnat poden justificar les faltes. Podeu trobar els justificants a la web de la nostra escola (a l\u2019apartat Secretaria &gt; <a href=\"https:\/\/agora-eoi.xtec.cat\/eoiriberadebre\/secretaria\/instancies-i-solicituts\/\" target=\"_blank\" rel=\"noopener\">Inst\u00e0ncies i sol\u00b7licituts<\/a>)<\/span><\/p>\n<p><span lang=\"CA\">En el cas d\u2019abs\u00e8ncia imprevisible del professorat aquesta es notifica a trav\u00e9s de la nostra p\u00e0gina web), per\u00f2 tots aquells alumnes que se n\u2019assabentin un cop ja s\u00f3n a l\u2019escola poden abandonar el centre. Per aquest motiu \u00e9s important que signeu l\u2019autoritzaci\u00f3 per la qual els alumnes poden abandonar el centre en cas d\u2019abs\u00e8ncia del seu professor i la feu arribar a la\u00a0Secretaria del centre el m\u00e9s aviat possible, ja sigui en persona o b\u00e9 per correu, juntament amb una c\u00f2pia del DNI de la persona que signa l\u2019autoritzaci\u00f3. O tamb\u00e9 podeu lliurar aquesta autoritzaci\u00f3 directament al professor.<\/span><\/p>\n","protected":false},"excerpt":{"rendered":"<p>Informaci\u00f3 per als pares d&#8217;alumnes menors d&#8217;edat<br \/>\nLes Escoles Oficials d\u2019Idiomes s\u00f3n centres d\u2019ensenyament de r\u00e8gim especial no obligatori. No obstant, l\u2019assist\u00e8ncia a classe \u00e9s obligat\u00f2ria i les faltes d\u2019assist\u00e8ncia dels alumnes menors d\u2019edat han de ser degudament justificades.<br \/>\nEl professorat porta un control diari de&hellip;  <a href=\"https:\/\/agora-eoi.xtec.cat\/eoiriberadebre\/el-servei-educatiu\/informacion-pels-pares\/\" title=\"Read Informaci\u00f3n pels pares\">Llegeix m\u00e9s\u00bb<\/a><\/p>\n","protected":false},"author":1,"featured_media":0,"parent":806,"menu_order":0,"comment_status":"closed","ping_status":"closed","template":"page-templates\/front-page.php","meta":{"_bbp_topic_count":0,"_bbp_reply_count":0,"_bbp_total_topic_count":0,"_bbp_total_reply_count":0,"_bbp_voice_count":0,"_bbp_anonymous_reply_count":0,"_bbp_topic_count_hidden":0,"_bbp_reply_count_hidden":0,"_bbp_forum_subforum_count":0,"footnotes":""},"class_list":["post-8970","page","type-page","status-publish","hentry"],"post_mailing_queue_ids":[],"_links":{"self":[{"href":"https:\/\/agora-eoi.xtec.cat\/eoiriberadebre\/wp-json\/wp\/v2\/pages\/8970","targetHints":{"allow":["GET"]}}],"collection":[{"href":"https:\/\/agora-eoi.xtec.cat\/eoiriberadebre\/wp-json\/wp\/v2\/pages"}],"about":[{"href":"https:\/\/agora-eoi.xtec.cat\/eoiriberadebre\/wp-json\/wp\/v2\/types\/page"}],"author":[{"embeddable":true,"href":"https:\/\/agora-eoi.xtec.cat\/eoiriberadebre\/wp-json\/wp\/v2\/users\/1"}],"replies":[{"embeddable":true,"href":"https:\/\/agora-eoi.xtec.cat\/eoiriberadebre\/wp-json\/wp\/v2\/comments?post=8970"}],"version-history":[{"count":1,"href":"https:\/\/agora-eoi.xtec.cat\/eoiriberadebre\/wp-json\/wp\/v2\/pages\/8970\/revisions"}],"predecessor-version":[{"id":8971,"href":"https:\/\/agora-eoi.xtec.cat\/eoiriberadebre\/wp-json\/wp\/v2\/pages\/8970\/revisions\/8971"}],"up":[{"embeddable":true,"href":"https:\/\/agora-eoi.xtec.cat\/eoiriberadebre\/wp-json\/wp\/v2\/pages\/806"}],"wp:attachment":[{"href":"https:\/\/agora-eoi.xtec.cat\/eoiriberadebre\/wp-json\/wp\/v2\/media?parent=8970"}],"curies":[{"name":"wp","href":"https:\/\/api.w.org\/{rel}","templated":true}]}}