{"id":8635,"date":"2016-06-20T11:48:09","date_gmt":"2016-06-20T10:48:09","guid":{"rendered":"http:\/\/agora-eoi.xtec.cat\/eoiriberadebre\/?page_id=8635"},"modified":"2025-08-07T11:49:59","modified_gmt":"2025-08-07T09:49:59","slug":"projecte-educatiu-de-centre-pec","status":"publish","type":"page","link":"https:\/\/agora-eoi.xtec.cat\/eoiriberadebre\/el-servei-educatiu\/projecte-educatiu-de-centre-pec\/","title":{"rendered":"Projecte educatiu de centre (PEC)"},"content":{"rendered":"<h4>EL PEC DE L&#8217;ESCOLA\u00a0OFICIAL D&#8217;IDIOMES RIBERA D\u2019EBRE<\/h4>\n<p style=\"text-align: justify;\">El Projecte Educatiu de Centre o PEC, \u00e9s el document que parla dels plantejaments educatius de l\u2019EOI Ribera d\u2019Ebre i la seva organitzaci\u00f3 pedag\u00f2gica. Aix\u00ed mateix, cont\u00e9 el sistema d&#8217;avaluaci\u00f3, orientaci\u00f3 i tutoria de l&#8217;alumnat per una banda, i l&#8217;avaluaci\u00f3 interna com a centre, per una altra. Tamb\u00e9 podem trobar <span style=\"font-family: inherit; font-size: 1em;\">al\u00a0<\/span>PEC informaci\u00f3 sobre els objectius per nivell, certificats i perman\u00e8ncia en els estudis.<\/p>\n<p style=\"text-align: justify;\">Seguint les directrius del Departament d\u2019Educaci\u00f3 de la Generalitat, el PEC de l\u2019EOIRdE ha estat elaborat per l&#8217;equip directiu i el Claustre i aprovat pel Consell Escolar, a petici\u00f3 de la directora.<\/p>\n<div style=\"text-align: justify;\">Podeu accedir al document complet del Projecte Educatiu de Centre des d&#8217;aquest <a href=\"https:\/\/drive.google.com\/file\/d\/189B4-vqcCv5Wjaq0FBdOTMi63HX5oG67\/view?usp=sharing\">enlla\u00e7<\/a>.<\/div>\n<div><\/div>\n<div><\/div>\n","protected":false},"excerpt":{"rendered":"<p>EL PEC DE L&#8217;ESCOLA\u00a0OFICIAL D&#8217;IDIOMES RIBERA D\u2019EBRE<br \/>\nEl Projecte Educatiu de Centre o PEC, \u00e9s el document que parla dels plantejaments educatius de l\u2019EOI Ribera d\u2019Ebre i la seva organitzaci\u00f3 pedag\u00f2gica. Aix\u00ed mateix, cont\u00e9 el sistema d&#8217;avaluaci\u00f3, orientaci\u00f3 i tutoria de l&#8217;alumnat per una banda, i&hellip;  <a href=\"https:\/\/agora-eoi.xtec.cat\/eoiriberadebre\/el-servei-educatiu\/projecte-educatiu-de-centre-pec\/\" title=\"Read Projecte educatiu de centre (PEC)\">Llegeix m\u00e9s\u00bb<\/a><\/p>\n","protected":false},"author":1,"featured_media":0,"parent":806,"menu_order":70,"comment_status":"closed","ping_status":"closed","template":"","meta":{"_bbp_topic_count":0,"_bbp_reply_count":0,"_bbp_total_topic_count":0,"_bbp_total_reply_count":0,"_bbp_voice_count":0,"_bbp_anonymous_reply_count":0,"_bbp_topic_count_hidden":0,"_bbp_reply_count_hidden":0,"_bbp_forum_subforum_count":0,"footnotes":""},"class_list":["post-8635","page","type-page","status-publish","hentry"],"post_mailing_queue_ids":[],"_links":{"self":[{"href":"https:\/\/agora-eoi.xtec.cat\/eoiriberadebre\/wp-json\/wp\/v2\/pages\/8635","targetHints":{"allow":["GET"]}}],"collection":[{"href":"https:\/\/agora-eoi.xtec.cat\/eoiriberadebre\/wp-json\/wp\/v2\/pages"}],"about":[{"href":"https:\/\/agora-eoi.xtec.cat\/eoiriberadebre\/wp-json\/wp\/v2\/types\/page"}],"author":[{"embeddable":true,"href":"https:\/\/agora-eoi.xtec.cat\/eoiriberadebre\/wp-json\/wp\/v2\/users\/1"}],"replies":[{"embeddable":true,"href":"https:\/\/agora-eoi.xtec.cat\/eoiriberadebre\/wp-json\/wp\/v2\/comments?post=8635"}],"version-history":[{"count":7,"href":"https:\/\/agora-eoi.xtec.cat\/eoiriberadebre\/wp-json\/wp\/v2\/pages\/8635\/revisions"}],"predecessor-version":[{"id":10955,"href":"https:\/\/agora-eoi.xtec.cat\/eoiriberadebre\/wp-json\/wp\/v2\/pages\/8635\/revisions\/10955"}],"up":[{"embeddable":true,"href":"https:\/\/agora-eoi.xtec.cat\/eoiriberadebre\/wp-json\/wp\/v2\/pages\/806"}],"wp:attachment":[{"href":"https:\/\/agora-eoi.xtec.cat\/eoiriberadebre\/wp-json\/wp\/v2\/media?parent=8635"}],"curies":[{"name":"wp","href":"https:\/\/api.w.org\/{rel}","templated":true}]}}