{"id":8151,"date":"2016-06-08T16:42:13","date_gmt":"2016-06-08T15:42:13","guid":{"rendered":"http:\/\/agora-eoi.xtec.cat\/eoiriberadebre\/?page_id=8151"},"modified":"2024-10-02T12:55:13","modified_gmt":"2024-10-02T10:55:13","slug":"cursos-oficials","status":"publish","type":"page","link":"https:\/\/agora-eoi.xtec.cat\/eoiriberadebre\/cursos\/cursos-oficials\/","title":{"rendered":"Cursos Oficials"},"content":{"rendered":"<p>&nbsp;<\/p>\n<h3>DURADA DEL CURS<\/h3>\n<p>En aquesta EOI s\u2019imparteixen els idiomes d\u2019<strong>angl\u00e8s <\/strong>i<strong>\u00a0franc\u00e8s.<\/strong><\/p>\n<p><strong>La matr\u00edcula oficial<\/strong> dona dret a assistir com a m\u00ednim a <strong>130 hores de classe per curs <\/strong>i als ex\u00e0mens corresponents.<\/p>\n<p>L&#8217;<strong>EOI Ribera d&#8217;Ebre<\/strong> imparteix <strong>el curs oficial extensiu en horari altern. <\/strong>Les classes dels dilluns i dimarts seran de 2 h 30 m i les classes dels dimecres i dijous de 2 h 15 m.<\/p>\n<ul>\n<li><strong>GRUPS A: <\/strong>dilluns i dimecres<\/li>\n<li><strong>GRUPS B:<\/strong> dimarts i dijous<\/li>\n<\/ul>\n<p>&nbsp;<\/p>\n<h3>HORARI DE CLASSE<\/h3>\n<p>Les classes es fan en horari de tarda-vespre.<br \/>\nLa franja hor\u00e0ria de classe \u00e9s de 16.00 a 21.00 hores.<br \/>\nLa tria de l\u2019horari de classe es fa en el moment de formalitzar la matr\u00edcula.<\/p>\n<h3>PROGRAMA D\u2019ESTUDIS<\/h3>\n<p>La LOMCE (Reial Decret 1041\/2017) estableix una nova ordenaci\u00f3 del programa d\u2019estudis de les escoles oficials d\u2019idiomes, que queda dividit en tres nivells, que corresponen als nivells definits en el MECR (Marc europeu com\u00fa de refer\u00e8ncia per a les lleng\u00fces).<\/p>\n<p>Els ensenyaments especialitzats d\u2019idiomes s\u2019imparteixen en 7 cursos:<\/p>\n<ul>\n<li><strong>Nivell B\u00e0sic:<\/strong> 1r i 2n curs (A2)<\/li>\n<li><strong>Nivell Intermedi<\/strong><strong>:<\/strong> 3r curs (B1), 4t i 5\u00e8 curs (B2)<\/li>\n<li><strong>Nivell Avan\u00e7at:<\/strong> Nivells C1 i C2<\/li>\n<\/ul>\n<table border=\"1\" cellspacing=\"1\" cellpadding=\"1\">\n<tbody>\n<tr>\n<td><strong>CURSOS<\/strong><\/td>\n<td><strong>NIVELL<\/strong><\/td>\n<td><strong>EQUIVAL\u00c8NCIA MECR<\/strong><\/td>\n<\/tr>\n<tr>\n<td>1r<\/td>\n<td>B\u00c0SIC<\/td>\n<td>A1<\/td>\n<\/tr>\n<tr>\n<td>2n<\/td>\n<td>B\u00c0SIC<\/td>\n<td>A2<\/td>\n<\/tr>\n<tr>\n<td>3r<\/td>\n<td>INTERMEDI<\/td>\n<td>B1<\/td>\n<\/tr>\n<tr>\n<td>4t<\/td>\n<td>INTERMEDI<\/td>\n<td>B2.1<\/td>\n<\/tr>\n<tr>\n<td>5\u00e8<\/td>\n<td>INTERMEDI<\/td>\n<td>B2.2<\/td>\n<\/tr>\n<tr>\n<td>C1<\/td>\n<td>AVAN\u00c7AT<\/td>\n<td>C1<\/td>\n<\/tr>\n<\/tbody>\n<\/table>\n<p>A l&#8217;<strong>EOI Ribera d&#8217;Ebre<\/strong> s&#8217;imparteixen els cursos d&#8217;angl\u00e8s d&#8217;A1 a C1 i franc\u00e8s d&#8217;A1 a B1.<\/p>\n<p style=\"text-align: justify;\">Els nivells dels dos certificats d\u2019escola oficial d\u2019idiomes poden comparar-se als nivells descrits en els documents publicats pel Consell d\u2019Europa, en especial el Marc Europeu de Refer\u00e8ncia. Al final del nivell intermedi B1, del nivell intermedi B2, i del nivell avan\u00e7at C1 i C2 els alumnes han de superar una prova de certificat, dissenyada des del Centre de Recursos de Lleng\u00fces Estrangeres del Departament d\u2019Ensenyament de la Generalitat (\u00c0rea de Certificacions), amb uns criteris unificats per a tota Catalunya.<\/p>\n<p>Els alumnes que obtenen al certificat de <strong>nivell intermedi<\/strong> <strong>B1 <\/strong>es poden considerar dins la franja B1 del Consell d\u2019Europa \u2013 usuari independent B1.<\/p>\n<p>Els alumnes que obtenen al certificat de <strong>nivell intermedi B2<\/strong> es poden considerar dins la franja B2 del Consell d\u2019Europa \u2013 usuari independent B2.<\/p>\n<p>Els alumnes que obtenen al certificat de <strong>nivell avan\u00e7at C1<\/strong> es poden considerar dins la franja C1 del Consell d\u2019Europa \u2013 usuari experimentat C1.<\/p>\n<h3>PLA D\u2019ESTUDIS<\/h3>\n<p style=\"text-align: justify;\">El pla d\u2019estudis de les EOI desenvolupa la finalitat dels ensenyaments d\u2019idiomes que s\u2019hi imparteixen, que \u00e9s la capacitat de l\u2019alumnat en l\u2019\u00fas efectiu de l\u2019idioma com a vehicle de comunicaci\u00f3 general.<\/p>\n<p>Per assolir aquesta finalitat, a les EOI es treballa per tal que l\u2019alumnat:<\/p>\n<ul>\n<li>Adquireixi les habilitats b\u00e0siques receptives i productives, tant del llenguatge oral com de l\u2019escrit;<\/li>\n<li>Desenvolupi estrat\u00e8gies comunicatives en diferents \u00e0rees de comunicaci\u00f3;<\/li>\n<li>Desenvolupi estrat\u00e8gies per a l\u2019aprenentatge aut\u00f2nom i continu de lleng\u00fces, que puguin facilitar l\u2019\u00fas de l\u2019idioma en l\u2019exercici d\u2019activitats professionals i en altres \u00e0mbits de la cultura o d\u2019inter\u00e8s personal;<\/li>\n<li>Desenvolupi actituds positives envers la diversitat ling\u00fc\u00edstica i el pluralisme cultural del m\u00f3n actual.<\/li>\n<\/ul>\n","protected":false},"excerpt":{"rendered":"<p>&nbsp;<br \/>\nDURADA DEL CURS<br \/>\nEn aquesta EOI s\u2019imparteixen els idiomes d\u2019angl\u00e8s i\u00a0franc\u00e8s.<br \/>\nLa matr\u00edcula oficial dona dret a assistir com a m\u00ednim a 130 hores de classe per curs i als ex\u00e0mens corresponents.<br \/>\nL&#8217;EOI Ribera d&#8217;Ebre imparteix el curs oficial extensiu en horari altern. Les classes dels dilluns i&hellip;  <a href=\"https:\/\/agora-eoi.xtec.cat\/eoiriberadebre\/cursos\/cursos-oficials\/\" title=\"Read Cursos Oficials\">Llegeix m\u00e9s\u00bb<\/a><\/p>\n","protected":false},"author":1,"featured_media":0,"parent":8149,"menu_order":10,"comment_status":"closed","ping_status":"closed","template":"page-templates\/side-menu.php","meta":{"_bbp_topic_count":0,"_bbp_reply_count":0,"_bbp_total_topic_count":0,"_bbp_total_reply_count":0,"_bbp_voice_count":0,"_bbp_anonymous_reply_count":0,"_bbp_topic_count_hidden":0,"_bbp_reply_count_hidden":0,"_bbp_forum_subforum_count":0,"footnotes":""},"class_list":["post-8151","page","type-page","status-publish","hentry"],"post_mailing_queue_ids":[],"_links":{"self":[{"href":"https:\/\/agora-eoi.xtec.cat\/eoiriberadebre\/wp-json\/wp\/v2\/pages\/8151","targetHints":{"allow":["GET"]}}],"collection":[{"href":"https:\/\/agora-eoi.xtec.cat\/eoiriberadebre\/wp-json\/wp\/v2\/pages"}],"about":[{"href":"https:\/\/agora-eoi.xtec.cat\/eoiriberadebre\/wp-json\/wp\/v2\/types\/page"}],"author":[{"embeddable":true,"href":"https:\/\/agora-eoi.xtec.cat\/eoiriberadebre\/wp-json\/wp\/v2\/users\/1"}],"replies":[{"embeddable":true,"href":"https:\/\/agora-eoi.xtec.cat\/eoiriberadebre\/wp-json\/wp\/v2\/comments?post=8151"}],"version-history":[{"count":5,"href":"https:\/\/agora-eoi.xtec.cat\/eoiriberadebre\/wp-json\/wp\/v2\/pages\/8151\/revisions"}],"predecessor-version":[{"id":10815,"href":"https:\/\/agora-eoi.xtec.cat\/eoiriberadebre\/wp-json\/wp\/v2\/pages\/8151\/revisions\/10815"}],"up":[{"embeddable":true,"href":"https:\/\/agora-eoi.xtec.cat\/eoiriberadebre\/wp-json\/wp\/v2\/pages\/8149"}],"wp:attachment":[{"href":"https:\/\/agora-eoi.xtec.cat\/eoiriberadebre\/wp-json\/wp\/v2\/media?parent=8151"}],"curies":[{"name":"wp","href":"https:\/\/api.w.org\/{rel}","templated":true}]}}