{"id":9381,"date":"2023-07-19T11:49:11","date_gmt":"2023-07-19T09:49:11","guid":{"rendered":"https:\/\/agora-eoi.xtec.cat\/eoireus\/?page_id=9381"},"modified":"2025-07-03T10:29:04","modified_gmt":"2025-07-03T08:29:04","slug":"catala","status":"publish","type":"page","link":"https:\/\/agora-eoi.xtec.cat\/eoireus\/catala\/","title":{"rendered":"Catal\u00e0"},"content":{"rendered":"<p>En aquesta opci\u00f3 podreu trobar informaci\u00f3 sobre els estudis de CATAL\u00c0:<\/p>\n<ul>\n<li><a href=\"https:\/\/agora-eoi.xtec.cat\/eoireus\/horaris-de-catala\/\">Horaris<\/a><\/li>\n<li><a href=\"https:\/\/agora-eoi.xtec.cat\/eoireus\/horaris-datencio-professorat\/\">Horaris d\u2019atenci\u00f3 professorat<\/a><\/li>\n<li><a href=\"https:\/\/agora-eoi.xtec.cat\/eoireus\/llibres-i-lectures-2\/\">Llibres i lectures<\/a><\/li>\n<li><a href=\"https:\/\/agora-eoi.xtec.cat\/eoireus\/enllacos-dinteres\/\">Enlla\u00e7os d\u2019inter\u00e8s<\/a><\/li>\n<\/ul>\n","protected":false},"excerpt":{"rendered":"<p>En aquesta opci\u00f3 podreu trobar informaci\u00f3 sobre els estudis de CATAL\u00c0:<\/p>\n<ul>\n<li><a href=\"https:\/\/agora-eoi.xtec.cat\/eoireus\/horaris-de-catala\/\">Horaris<\/a><\/li>\n<li><a href=\"https:\/\/agora-eoi.xtec.cat\/eoireus\/horaris-datencio-professorat\/\">Horaris d\u2019atenci\u00f3 professorat<\/a><\/li>\n<li><a href=\"https:\/\/agora-eoi.xtec.cat\/eoireus\/llibres-i-lectures-2\/\">Llibres i lectures<\/a><\/li>\n<li><a href=\"https:\/\/agora-eoi.xtec.cat\/eoireus\/enllacos-dinteres\/\">Enlla\u00e7os d\u2019inter\u00e8s<\/a><\/li>\n<\/ul>\n","protected":false},"author":1,"featured_media":0,"parent":0,"menu_order":25,"comment_status":"closed","ping_status":"closed","template":"page-templates\/side-menu.php","meta":{"_bbp_topic_count":0,"_bbp_reply_count":0,"_bbp_total_topic_count":0,"_bbp_total_reply_count":0,"_bbp_voice_count":0,"_bbp_anonymous_reply_count":0,"_bbp_topic_count_hidden":0,"_bbp_reply_count_hidden":0,"_bbp_forum_subforum_count":0,"footnotes":""},"class_list":["post-9381","page","type-page","status-publish","hentry"],"post_mailing_queue_ids":[],"_links":{"self":[{"href":"https:\/\/agora-eoi.xtec.cat\/eoireus\/wp-json\/wp\/v2\/pages\/9381","targetHints":{"allow":["GET"]}}],"collection":[{"href":"https:\/\/agora-eoi.xtec.cat\/eoireus\/wp-json\/wp\/v2\/pages"}],"about":[{"href":"https:\/\/agora-eoi.xtec.cat\/eoireus\/wp-json\/wp\/v2\/types\/page"}],"author":[{"embeddable":true,"href":"https:\/\/agora-eoi.xtec.cat\/eoireus\/wp-json\/wp\/v2\/users\/1"}],"replies":[{"embeddable":true,"href":"https:\/\/agora-eoi.xtec.cat\/eoireus\/wp-json\/wp\/v2\/comments?post=9381"}],"version-history":[{"count":3,"href":"https:\/\/agora-eoi.xtec.cat\/eoireus\/wp-json\/wp\/v2\/pages\/9381\/revisions"}],"predecessor-version":[{"id":10147,"href":"https:\/\/agora-eoi.xtec.cat\/eoireus\/wp-json\/wp\/v2\/pages\/9381\/revisions\/10147"}],"wp:attachment":[{"href":"https:\/\/agora-eoi.xtec.cat\/eoireus\/wp-json\/wp\/v2\/media?parent=9381"}],"curies":[{"name":"wp","href":"https:\/\/api.w.org\/{rel}","templated":true}]}}