{"id":8377,"date":"2016-06-13T13:50:10","date_gmt":"2016-06-13T12:50:10","guid":{"rendered":"https:\/\/agora-eoi.xtec.cat\/eoireus\/?page_id=8377"},"modified":"2026-03-03T13:21:32","modified_gmt":"2026-03-03T12:21:32","slug":"expedicio-de-titols","status":"publish","type":"page","link":"https:\/\/agora-eoi.xtec.cat\/eoireus\/secretaria\/tramits\/expedicio-de-titols\/","title":{"rendered":"Expedici\u00f3 de t\u00edtols"},"content":{"rendered":"<h4>RECOLLIDA DE CERTIFICATS I SOL\u00b7LICITUD DE T\u00cdTOLS<\/h4>\n<p><img loading=\"lazy\" decoding=\"async\" class=\"alignright size-full wp-image-8968\" src=\"https:\/\/agora-eoi.xtec.cat\/eoireus\/wp-content\/uploads\/usu2224\/2022\/07\/certificat.jpg\" alt=\"\" width=\"80\" height=\"57\" \/>L\u2019alumnat que ha obtingut el\u00a0<strong>nivell A2, nivell B1,\u00a0<\/strong><strong>nivell B2, nivell C1 i nivell C2<\/strong> fins la convocat\u00f2ria <strong>de febrer de 2026<\/strong>, ja poden demanar certificat o tramitar el t\u00edtol.<\/p>\n<p>Per demanar el\u00a0<strong>certificat<\/strong> (A2, B1) cal que ho feu per email (<span id=\"cloak237ada24b5b7b6ee8e2fd7fc63c73771\"><a href=\"mailto:eoireus@xtec.cat\" target=\"_blank\" rel=\"noopener\">eoireus@xtec.cat<\/a><\/span>) adjuntant imatge del vostre DNI.<\/p>\n<p>Per la tramitaci\u00f3 del t\u00edtol dels nivells B2, C1 o C2 cal que entreu al seg\u00fcent <a href=\"https:\/\/tramits.gencat.cat\/ca\/tramits\/tramits-temes\/titols-academics-no-universitaris?category=742b7874-a82c-11e3-a972-000c29052e2c\" target=\"_blank\" rel=\"noopener\">enlla\u00e7. <\/a><\/p>\n<h6><b>Recorda:<\/b>\u00a0has d&#8217;avisar el centre un cop envi\u00efs la sol\u00b7licitud del t\u00edtol.<\/h6>\n<p>____________<\/p>\n<p>Per<strong> recollir <\/strong>qualsevol t\u00edtol o certificat (A2, B1, B2, C1, C2):<\/p>\n<ul>\n<li>DNI original<\/li>\n<li>Cas que la persona que reculli el t\u00edtol no sigui l&#8217;interessat\/ada, caldr\u00e0 que presenti una <a href=\"https:\/\/drive.google.com\/file\/d\/1WIM35q5edoXH_2GTld9hzcQ7A_dRdv0H\/view?usp=share_link\" target=\"_blank\" rel=\"noopener\"><strong>autoritzaci\u00f3<\/strong><\/a> i una fotoc\u00f2pia del DNI, carnet de conduir o passaport de l&#8217;alume\/a al nom del qual s&#8217;ha expedit el t\u00edtol.<\/li>\n<\/ul>\n","protected":false},"excerpt":{"rendered":"<p>RECOLLIDA DE CERTIFICATS I SOL\u00b7LICITUD DE T\u00cdTOLS<br \/>\nL\u2019alumnat que ha obtingut el\u00a0nivell A2, nivell B1,\u00a0nivell B2, nivell C1 i nivell C2 fins la convocat\u00f2ria de febrer de 2026, ja poden demanar certificat o tramitar el t\u00edtol.<br \/>\nPer demanar el\u00a0certificat (A2, B1) cal que ho feu per email&hellip;  <a href=\"https:\/\/agora-eoi.xtec.cat\/eoireus\/secretaria\/tramits\/expedicio-de-titols\/\" title=\"Read Expedici\u00f3 de t\u00edtols\">Llegeix m\u00e9s\u00bb<\/a><\/p>\n","protected":false},"author":1,"featured_media":0,"parent":8956,"menu_order":20,"comment_status":"closed","ping_status":"closed","template":"page-templates\/side-menu.php","meta":{"_bbp_topic_count":0,"_bbp_reply_count":0,"_bbp_total_topic_count":0,"_bbp_total_reply_count":0,"_bbp_voice_count":0,"_bbp_anonymous_reply_count":0,"_bbp_topic_count_hidden":0,"_bbp_reply_count_hidden":0,"_bbp_forum_subforum_count":0,"footnotes":""},"class_list":["post-8377","page","type-page","status-publish","hentry"],"post_mailing_queue_ids":[],"_links":{"self":[{"href":"https:\/\/agora-eoi.xtec.cat\/eoireus\/wp-json\/wp\/v2\/pages\/8377","targetHints":{"allow":["GET"]}}],"collection":[{"href":"https:\/\/agora-eoi.xtec.cat\/eoireus\/wp-json\/wp\/v2\/pages"}],"about":[{"href":"https:\/\/agora-eoi.xtec.cat\/eoireus\/wp-json\/wp\/v2\/types\/page"}],"author":[{"embeddable":true,"href":"https:\/\/agora-eoi.xtec.cat\/eoireus\/wp-json\/wp\/v2\/users\/1"}],"replies":[{"embeddable":true,"href":"https:\/\/agora-eoi.xtec.cat\/eoireus\/wp-json\/wp\/v2\/comments?post=8377"}],"version-history":[{"count":6,"href":"https:\/\/agora-eoi.xtec.cat\/eoireus\/wp-json\/wp\/v2\/pages\/8377\/revisions"}],"predecessor-version":[{"id":10295,"href":"https:\/\/agora-eoi.xtec.cat\/eoireus\/wp-json\/wp\/v2\/pages\/8377\/revisions\/10295"}],"up":[{"embeddable":true,"href":"https:\/\/agora-eoi.xtec.cat\/eoireus\/wp-json\/wp\/v2\/pages\/8956"}],"wp:attachment":[{"href":"https:\/\/agora-eoi.xtec.cat\/eoireus\/wp-json\/wp\/v2\/media?parent=8377"}],"curies":[{"name":"wp","href":"https:\/\/api.w.org\/{rel}","templated":true}]}}