{"id":8161,"date":"2016-06-08T16:52:40","date_gmt":"2016-06-08T15:52:40","guid":{"rendered":"https:\/\/agora-eoi.xtec.cat\/eoireus\/?page_id=8161"},"modified":"2025-07-03T10:04:54","modified_gmt":"2025-07-03T08:04:54","slug":"matricula","status":"publish","type":"page","link":"https:\/\/agora-eoi.xtec.cat\/eoireus\/secretaria\/matricula\/","title":{"rendered":"Matr\u00edcula"},"content":{"rendered":"<p>En aquesta opci\u00f3 podreu trobar informaci\u00f3 sobre:<\/p>\n<ul>\n<li><a href=\"https:\/\/agora-eoi.xtec.cat\/eoireus\/secretaria\/matricula\/alumnes-oficials\/\" target=\"_blank\" rel=\"noopener\">Antics alumnes<\/a><\/li>\n<li><a href=\"https:\/\/agora-eoi.xtec.cat\/eoireus\/secretaria\/matricula\/alumnes-nous\/\" target=\"_blank\" rel=\"noopener\">Nous alumnes<\/a><\/li>\n<li><a href=\"https:\/\/agora-eoi.xtec.cat\/eoireus\/secretaria\/matricula\/candidats-lliures\/\" target=\"_blank\" rel=\"noopener\">Candidats lliures<\/a><\/li>\n<li><a href=\"https:\/\/agora-eoi.xtec.cat\/eoireus\/secretaria\/matricula\/professorat_pia\/\" target=\"_blank\" rel=\"noopener\">Professorat (PIA+)<\/a><\/li>\n<li><a href=\"https:\/\/agora-eoi.xtec.cat\/eoireus\/secretaria\/matricula\/matricula-dactualitzacio\/\" target=\"_blank\" rel=\"noopener\">Matr\u00edcula d&#8217;actualitzaci\u00f3<\/a><\/li>\n<\/ul>\n","protected":false},"excerpt":{"rendered":"<p>En aquesta opci\u00f3 podreu trobar informaci\u00f3 sobre:<\/p>\n<ul>\n<li><a href=\"https:\/\/agora-eoi.xtec.cat\/eoireus\/secretaria\/matricula\/alumnes-oficials\/\" target=\"_blank\" rel=\"noopener\">Antics alumnes<\/a><\/li>\n<li><a href=\"https:\/\/agora-eoi.xtec.cat\/eoireus\/secretaria\/matricula\/alumnes-nous\/\" target=\"_blank\" rel=\"noopener\">Nous alumnes<\/a><\/li>\n<li><a href=\"https:\/\/agora-eoi.xtec.cat\/eoireus\/secretaria\/matricula\/candidats-lliures\/\" target=\"_blank\" rel=\"noopener\">Candidats lliures<\/a><\/li>\n<li><a href=\"https:\/\/agora-eoi.xtec.cat\/eoireus\/secretaria\/matricula\/professorat_pia\/\" target=\"_blank\" rel=\"noopener\">Professorat (PIA+)<\/a><\/li>\n<li><a href=\"https:\/\/agora-eoi.xtec.cat\/eoireus\/secretaria\/matricula\/matricula-dactualitzacio\/\" target=\"_blank\" rel=\"noopener\">Matr\u00edcula d&#8217;actualitzaci\u00f3<\/a><\/li>\n<\/ul>\n","protected":false},"author":1,"featured_media":0,"parent":8358,"menu_order":20,"comment_status":"closed","ping_status":"closed","template":"page-templates\/side-menu.php","meta":{"_bbp_topic_count":0,"_bbp_reply_count":0,"_bbp_total_topic_count":0,"_bbp_total_reply_count":0,"_bbp_voice_count":0,"_bbp_anonymous_reply_count":0,"_bbp_topic_count_hidden":0,"_bbp_reply_count_hidden":0,"_bbp_forum_subforum_count":0,"footnotes":""},"class_list":["post-8161","page","type-page","status-publish","hentry"],"post_mailing_queue_ids":[],"_links":{"self":[{"href":"https:\/\/agora-eoi.xtec.cat\/eoireus\/wp-json\/wp\/v2\/pages\/8161","targetHints":{"allow":["GET"]}}],"collection":[{"href":"https:\/\/agora-eoi.xtec.cat\/eoireus\/wp-json\/wp\/v2\/pages"}],"about":[{"href":"https:\/\/agora-eoi.xtec.cat\/eoireus\/wp-json\/wp\/v2\/types\/page"}],"author":[{"embeddable":true,"href":"https:\/\/agora-eoi.xtec.cat\/eoireus\/wp-json\/wp\/v2\/users\/1"}],"replies":[{"embeddable":true,"href":"https:\/\/agora-eoi.xtec.cat\/eoireus\/wp-json\/wp\/v2\/comments?post=8161"}],"version-history":[{"count":4,"href":"https:\/\/agora-eoi.xtec.cat\/eoireus\/wp-json\/wp\/v2\/pages\/8161\/revisions"}],"predecessor-version":[{"id":10138,"href":"https:\/\/agora-eoi.xtec.cat\/eoireus\/wp-json\/wp\/v2\/pages\/8161\/revisions\/10138"}],"up":[{"embeddable":true,"href":"https:\/\/agora-eoi.xtec.cat\/eoireus\/wp-json\/wp\/v2\/pages\/8358"}],"wp:attachment":[{"href":"https:\/\/agora-eoi.xtec.cat\/eoireus\/wp-json\/wp\/v2\/media?parent=8161"}],"curies":[{"name":"wp","href":"https:\/\/api.w.org\/{rel}","templated":true}]}}