{"id":8956,"date":"2022-01-01T11:46:26","date_gmt":"2022-01-01T10:46:26","guid":{"rendered":"http:\/\/agora-eoi.xtec.cat\/eoiosona\/?page_id=8956"},"modified":"2025-07-18T10:58:46","modified_gmt":"2025-07-18T08:58:46","slug":"taxes-i-preus-publics","status":"publish","type":"page","link":"https:\/\/agora-eoi.xtec.cat\/eoiosona\/secretaria\/matricula\/taxes-i-preus-publics\/","title":{"rendered":"Taxes i preus p\u00fablics"},"content":{"rendered":"\n<p><a href=\"https:\/\/agora-eoi.xtec.cat\/eoiosona\/wp-content\/uploads\/usu2247\/2023\/07\/0-TAXES-I-PREUS-PU\u0301BLICS-DE-MATRI\u0301CULA-PER-SERVEIS-PRESTATS-A-LES-EOI_MAIG_2023-1.pdf\" target=\"_blank\" rel=\"noopener\">TAXES I PREUS PU\u0301BLICS DE MATRI\u0301CULA PER SERVEIS PRESTATS A LES EOI<\/a><\/p>\n\n\n\n<figure class=\"wp-block-table\">\n<table class=\"has-fixed-layout\" style=\"width: 100%;\">\n<tbody>\n<tr>\n<td class=\"has-text-align-center\" style=\"background-color: #52a9cc; width: 20%;\" rowspan=\"3\" data-align=\"center\">\n<h3 style=\"text-align: center;\"><strong>PREUS<\/strong><\/h3>\n<h3 style=\"text-align: center;\"><strong>MATR\u00cdCULES<\/strong><\/h3>\n<\/td>\n<td class=\"has-text-align-center\" style=\"background-color: #52a9cc; width: 40%;\" colspan=\"2\" data-align=\"center\"><strong>TAXES <\/strong>\n<p><strong>Nivells:\u00a0 B1 \u2013 B2.1 \u2013 B2.2<\/strong><\/p>\n<\/td>\n<td class=\"has-text-align-center\" style=\"width: 40%; background-color: #52a9cc;\" colspan=\"2\" data-align=\"center\"><strong>PREUS P\u00daBLICS <\/strong>\n<p><strong>Nivells:\u00a0 A1 \u2013 A2 \u2013 C1 \u2013 C2<\/strong><\/p>\n<\/td>\n<\/tr>\n<tr>\n<td class=\"has-text-align-center\" style=\"width: 40%;\" colspan=\"2\" data-align=\"center\">\n<pre><a href=\"https:\/\/portaldogc.gencat.cat\/utilsEADOP\/PDF\/8155\/1799333.pdf\">Ordre EDU\/80\/2020,<\/a>\nmodificada per la\u00a0<a href=\"https:\/\/portaldogc.gencat.cat\/utilsEADOP\/PDF\/8877\/1964049.pdf\">Llei 2\/2023<\/a><\/pre>\n<\/td>\n<td class=\"has-text-align-center\" style=\"width: 40%;\" colspan=\"2\" data-align=\"center\">\n<pre><a href=\"https:\/\/portaldogc.gencat.cat\/utilsEADOP\/PDF\/8230\/1813076.pdf\">Ordre EDU\/155\/2020<\/a><\/pre>\n<\/td>\n<\/tr>\n<tr>\n<td class=\"has-text-align-center\" style=\"width: 20%; background-color: #52a9cc;\" data-align=\"center\"><strong>Matr\u00edcula Ordin\u00e0ria<\/strong><\/td>\n<td class=\"has-text-align-center\" style=\"width: 20%; background-color: #52a9cc;\" data-align=\"center\"><strong>Bonificaci\u00f3 <\/strong><strong>50%<\/strong><\/td>\n<td class=\"has-text-align-center\" style=\"width: 20%; background-color: #52a9cc;\" data-align=\"center\"><strong>Matr\u00edcula <\/strong><strong>Ordin\u00e0ria<\/strong><\/td>\n<td class=\"has-text-align-center\" style=\"width: 20%; background-color: #52a9cc;\" data-align=\"center\"><strong>Bonificaci\u00f3 <\/strong><strong>50%<\/strong><\/td>\n<\/tr>\n<tr>\n<td class=\"has-text-align-center\" style=\"width: 20%; background-color: #52a9cc;\" data-align=\"center\">\n<h5>1a. Matr\u00edcula<\/h5>\n<\/td>\n<td class=\"has-text-align-center\" style=\"width: 20%;\" data-align=\"center\">327,60 \u20ac<\/td>\n<td class=\"has-text-align-center\" style=\"width: 20%;\" data-align=\"center\">163,80 \u20ac<\/td>\n<td class=\"has-text-align-center\" style=\"width: 20%;\" data-align=\"center\">305,00 \u20ac<\/td>\n<td style=\"width: 20%; text-align: center;\">152,50 \u20ac<\/td>\n<\/tr>\n<tr>\n<td class=\"has-text-align-center\" style=\"width: 20%; background-color: #52a9cc;\" data-align=\"center\">\n<h5>2a. Matr\u00edcula<\/h5>\n<p>(1a.Repetici\u00f3: Mateix Idioma i Nivell)<\/p>\n<\/td>\n<td class=\"has-text-align-center\" style=\"width: 20%;\" data-align=\"center\">425,90 \u20ac<\/td>\n<td class=\"has-text-align-center\" style=\"width: 20%;\" data-align=\"center\">212,95 \u20ac<\/td>\n<td class=\"has-text-align-center\" style=\"width: 20%;\" data-align=\"center\">396,50 \u20ac<\/td>\n<td style=\"width: 20%; text-align: center;\">198,25 \u20ac<\/td>\n<\/tr>\n<tr>\n<td class=\"has-text-align-center\" style=\"width: 20%; background-color: #52a9cc;\" data-align=\"center\">\n<h5>3a. Matr\u00edcula<\/h5>\n<p>(2a.Repetici\u00f3: Mateix Idioma i Nivell)<\/p>\n<\/td>\n<td class=\"has-text-align-center\" style=\"width: 20%;\" data-align=\"center\">589,70 \u20ac<\/td>\n<td class=\"has-text-align-center\" style=\"width: 20%;\" data-align=\"center\">294,85 \u20ac<\/td>\n<td class=\"has-text-align-center\" style=\"width: 20%;\" data-align=\"center\">549,00 \u20ac<\/td>\n<td style=\"width: 20%; text-align: center;\">274<\/td>\n<\/tr>\n<\/tbody>\n<\/table>\n<\/figure>\n\n\n\n<p><em>L\u2019aportaci\u00f3 complement\u00e0ria dels 30 \u20ac, ja inclosa en els imports de matr\u00edcula, \u00e9s obligat\u00f2ria i est\u00e0 subjecta a bonificacions i\/o exempcions dels preus p\u00fablics (<\/em><a href=\"https:\/\/portaldogc.gencat.cat\/utilsEADOP\/PDF\/8420\/1854031.pdf\"><em>Ordre EDU\/114\/2021<\/em><\/a><em>).<\/em><\/p>\n\n\n\n<p><strong>BONIFICACIONS I EXEMPCIONS&nbsp;<\/strong><strong>amb justificaci\u00f3 documental pr\u00e8via<\/strong><strong>&nbsp;(apliquen a tot:&nbsp;<\/strong><strong>als preus p\u00fablics i&nbsp;<\/strong><strong>a les taxes per a la prestaci\u00f3 dels serveis docents<\/strong><strong>,&nbsp;<\/strong><strong>al preu p\u00fablic de 30\u20ac, a la inscripci\u00f3 en r\u00e8gim lliure i a les&nbsp;<a href=\"https:\/\/educacio.gencat.cat\/ca\/departament\/normativa\/taxes-preus-publics\/taxes\/\" target=\"_blank\" rel=\"noopener\">taxes per a l\u2019expedici\u00f3 de t\u00edtols acad\u00e8mics i professionals<\/a>).&nbsp;<\/strong><\/p>\n\n\n\n<p>En el pagament de l\u2019import&nbsp;de totes les taxes i&nbsp;dels preus p\u00fablics&nbsp;s\u2019estableixen les&nbsp;bonificacions i exempcions generals&nbsp;seg\u00fcents:<\/p>\n\n\n\n<section class=\"padding-xs padding-sm padding-md\">\n<article class=\"container fullcontainer-xs\">\n<div class=\"row\">\n<div id=\"center_1R\">\n<div id=\"01a1f7c9-656d-11e4-b4dc-000c29cdf219\" class=\"fpca_article pd-15\" data-crawling-fpca=\"article\">\n<div>\n<div class=\"entradeta__wrapper\">\n<div class=\"row\">\n<div class=\"basic_text_peq col-xs-12\">\n<div class=\"pd-15x link-dotted\" data-crawling=\"principal-body\">\n<p><strong>&nbsp; Bonificaci\u00f3 del 50%<\/strong>&nbsp;de l\u2019import&nbsp;per a:<\/p>\n<ul>\n<li style=\"list-style-type: none;\">\n<ul>\n<li>membres de fam\u00edlia nombrosa de categoria general<\/li>\n<li>membres de fam\u00edlies monoparentals.<\/li>\n<\/ul>\n<\/li>\n<\/ul>\n<p><strong>&nbsp; &nbsp;Exempci\u00f3 del 100%<\/strong>&nbsp;del pagament per a:<\/p>\n<ul>\n<li style=\"list-style-type: none;\">\n<ul>\n<li>membres de fam\u00edlia nombrosa de categoria especial<\/li>\n<li>v\u00edctimes del terrorisme, els seus c\u00f2njuges i els seus fills i filles<\/li>\n<li>persones amb discapacitat igual o superior al 33%<\/li>\n<li>infants o adolescents en acolliment familiar.<\/li>\n<\/ul>\n<\/li>\n<\/ul>\n<p>A banda d\u2019aquestes, consulteu les bonificacions o exempcions addicionals que estableix la normativa per a cada un dels&nbsp; &nbsp; &nbsp; &nbsp; &nbsp; &nbsp; &nbsp;apartats de les <a title=\"taxes\" href=\"https:\/\/educacio.gencat.cat\/ca\/departament\/normativa\/taxes-preus-publics\/taxes\/\" rel=\"noreferrer\">taxes<\/a>&nbsp;i dels&nbsp;<a title=\"preus p\u00fablics\" href=\"https:\/\/educacio.gencat.cat\/ca\/departament\/normativa\/taxes-preus-publics\/preu-public\/\" rel=\"noreferrer\">preus p\u00fablics<\/a><\/p>\n<\/div>\n<\/div>\n<\/div>\n<\/div>\n<\/div>\n<\/div>\n<\/div>\n<\/div>\n<\/article>\n<\/section>\n\n\n\n<p><strong>Aqu\u00ed teniu tota la informaci\u00f3 sobre les taxes per a l&#8217;expedici\u00f3 de t\u00edtols acad\u00e8mics i els preus per a la inscripci\u00f3 de les proves de certificaci\u00f3 per lliure:<\/strong><\/p>\n\n\n\n<p><a href=\"https:\/\/agora-eoi.xtec.cat\/eoiosona\/wp-content\/uploads\/usu2247\/2024\/07\/0-TAXES-CERTIFICACIONS-MATRICULA_TITOLS.pdf\" target=\"_blank\" rel=\"noopener\">TAXES TITOLS-MATRICULA LLIURES<\/a><\/p>\n\n\n\n<p>&nbsp;<\/p>\n\n\n\n<p><strong>ALUMNAT DE CATAL\u00c0<\/strong><\/p>\n\n\n\n<ul class=\"wp-block-list\">\n<li>Totes les persones que vulguin estudiar el nivell <strong>C2 de catal\u00e0<\/strong>\u00a0tenen una reducci\u00f3 del\u00a0<strong>50% del preu de la matr\u00edcula<\/strong>.<\/li>\n<\/ul>\n\n\n\n<p>\u00daltima actualitzaci\u00f3 15\/07\/2024<\/p>\n","protected":false},"excerpt":{"rendered":"<p>TAXES I PREUS PU\u0301BLICS DE MATRI\u0301CULA PER SERVEIS PRESTATS A LES EOI PREUS MATR\u00cdCULES TAXES Nivells:\u00a0 B1 \u2013 B2.1 \u2013 B2.2 PREUS P\u00daBLICS Nivells:\u00a0 A1 \u2013 A2 \u2013 C1 \u2013 C2 Ordre EDU\/80\/2020, modificada per la\u00a0Llei 2\/2023 Ordre EDU\/155\/2020 Matr\u00edcula Ordin\u00e0ria Bonificaci\u00f3 50% Matr\u00edcula Ordin\u00e0ria Bonificaci\u00f3 50% 1a. Matr\u00edcula 327,60 \u20ac 163,80 \u20ac 305,00 \u20ac [&hellip;]<\/p>\n","protected":false},"author":1,"featured_media":0,"parent":8161,"menu_order":0,"comment_status":"closed","ping_status":"closed","template":"","meta":{"_bbp_topic_count":0,"_bbp_reply_count":0,"_bbp_total_topic_count":0,"_bbp_total_reply_count":0,"_bbp_voice_count":0,"_bbp_anonymous_reply_count":0,"_bbp_topic_count_hidden":0,"_bbp_reply_count_hidden":0,"_bbp_forum_subforum_count":0,"site-sidebar-layout":"default","site-content-layout":"","ast-site-content-layout":"default","site-content-style":"default","site-sidebar-style":"default","ast-global-header-display":"","ast-banner-title-visibility":"","ast-main-header-display":"","ast-hfb-above-header-display":"","ast-hfb-below-header-display":"","ast-hfb-mobile-header-display":"","site-post-title":"","ast-breadcrumbs-content":"","ast-featured-img":"","footer-sml-layout":"","theme-transparent-header-meta":"","adv-header-id-meta":"","stick-header-meta":"","header-above-stick-meta":"","header-main-stick-meta":"","header-below-stick-meta":"","astra-migrate-meta-layouts":"set","ast-page-background-enabled":"default","ast-page-background-meta":{"desktop":{"background-color":"var(--ast-global-color-4)","background-image":"","background-repeat":"repeat","background-position":"center center","background-size":"auto","background-attachment":"scroll","background-type":"","background-media":"","overlay-type":"","overlay-color":"","overlay-opacity":"","overlay-gradient":""},"tablet":{"background-color":"","background-image":"","background-repeat":"repeat","background-position":"center center","background-size":"auto","background-attachment":"scroll","background-type":"","background-media":"","overlay-type":"","overlay-color":"","overlay-opacity":"","overlay-gradient":""},"mobile":{"background-color":"","background-image":"","background-repeat":"repeat","background-position":"center center","background-size":"auto","background-attachment":"scroll","background-type":"","background-media":"","overlay-type":"","overlay-color":"","overlay-opacity":"","overlay-gradient":""}},"ast-content-background-meta":{"desktop":{"background-color":"var(--ast-global-color-5)","background-image":"","background-repeat":"repeat","background-position":"center center","background-size":"auto","background-attachment":"scroll","background-type":"","background-media":"","overlay-type":"","overlay-color":"","overlay-opacity":"","overlay-gradient":""},"tablet":{"background-color":"var(--ast-global-color-5)","background-image":"","background-repeat":"repeat","background-position":"center center","background-size":"auto","background-attachment":"scroll","background-type":"","background-media":"","overlay-type":"","overlay-color":"","overlay-opacity":"","overlay-gradient":""},"mobile":{"background-color":"var(--ast-global-color-5)","background-image":"","background-repeat":"repeat","background-position":"center center","background-size":"auto","background-attachment":"scroll","background-type":"","background-media":"","overlay-type":"","overlay-color":"","overlay-opacity":"","overlay-gradient":""}},"footnotes":""},"class_list":["post-8956","page","type-page","status-publish","hentry"],"post_mailing_queue_ids":[],"_links":{"self":[{"href":"https:\/\/agora-eoi.xtec.cat\/eoiosona\/wp-json\/wp\/v2\/pages\/8956","targetHints":{"allow":["GET"]}}],"collection":[{"href":"https:\/\/agora-eoi.xtec.cat\/eoiosona\/wp-json\/wp\/v2\/pages"}],"about":[{"href":"https:\/\/agora-eoi.xtec.cat\/eoiosona\/wp-json\/wp\/v2\/types\/page"}],"author":[{"embeddable":true,"href":"https:\/\/agora-eoi.xtec.cat\/eoiosona\/wp-json\/wp\/v2\/users\/1"}],"replies":[{"embeddable":true,"href":"https:\/\/agora-eoi.xtec.cat\/eoiosona\/wp-json\/wp\/v2\/comments?post=8956"}],"version-history":[{"count":6,"href":"https:\/\/agora-eoi.xtec.cat\/eoiosona\/wp-json\/wp\/v2\/pages\/8956\/revisions"}],"predecessor-version":[{"id":12593,"href":"https:\/\/agora-eoi.xtec.cat\/eoiosona\/wp-json\/wp\/v2\/pages\/8956\/revisions\/12593"}],"up":[{"embeddable":true,"href":"https:\/\/agora-eoi.xtec.cat\/eoiosona\/wp-json\/wp\/v2\/pages\/8161"}],"wp:attachment":[{"href":"https:\/\/agora-eoi.xtec.cat\/eoiosona\/wp-json\/wp\/v2\/media?parent=8956"}],"curies":[{"name":"wp","href":"https:\/\/api.w.org\/{rel}","templated":true}]}}