{"id":8472,"date":"2022-07-08T10:31:04","date_gmt":"2022-07-08T08:31:04","guid":{"rendered":"http:\/\/agora-eoi.xtec.cat\/eoiosona\/?page_id=8472"},"modified":"2025-09-09T16:15:47","modified_gmt":"2025-09-09T14:15:47","slug":"preinscripcio","status":"publish","type":"page","link":"https:\/\/agora-eoi.xtec.cat\/eoiosona\/preinscripcio\/","title":{"rendered":"Nou Alumnat d&#8217;A1 a C1 (angl\u00e8s i franc\u00e8s) i C2  (catal\u00e0)"},"content":{"rendered":"\n<p>Qualsevol persona no matriculada en un curs oficial d\u2019un idioma en aquesta escola l\u2019any acad\u00e8mic immediatament anterior es considera nou alumnat d\u2019aquell idioma.<\/p>\n\n\n\n<p><strong>PREINSCRIPCI\u00d3<\/strong><\/p>\n\n\n\n<p>La preinscripci\u00f3 \u00e9s un tr\u00e0mit obligatori per entrar com alumne\/a nou\/va a l\u2019EOI. Es fa telem\u00e0ticament a trav\u00e9s del web:&nbsp;<a href=\"http:\/\/www.eoidigital.com\/preinscripcio\/alumnes\/\" target=\"_blank\" rel=\"noreferrer noopener\">http:\/\/www.eoidigital.com\/preinscripcio\/alumnes\/<\/a>&nbsp;o presencialment els dies indicats.<\/p>\n\n\n\n<p>Es considera alumnat nou:<\/p>\n\n\n\n<ul class=\"wp-block-list\">\n<li>Aquells que accedeixen per primera vegada a l\u2019EOI .<\/li>\n\n\n\n<li>Els que comencen un altre idioma.<\/li>\n\n\n\n<li>Els que han perdut l\u2019oficialitat.<\/li>\n\n\n\n<li>Els que provenen d\u2019una altra EOI.<\/li>\n\n\n\n<li>Alumnes lliures que volen ser oficials.<\/li>\n<\/ul>\n\n\n\n<p>La preinscripci\u00f3 pot ser a:<\/p>\n\n\n\n<ul class=\"wp-block-list\">\n<li><strong>A1:<\/strong>&nbsp;Si NO es tenen coneixements de l\u2019idioma o es vol comen\u00e7ar des de zero.<\/li>\n\n\n\n<li><strong>Test de nivell:<\/strong>&nbsp;Si es tenen coneixements de l\u2019idioma i es vol comen\u00e7ar des d\u2019un nivell superior a A1 i NO es disposa d\u2019un CERTIFICAT de l\u2019idioma segons la taula d\u2019exempcions. En aquest cas s\u2019haur\u00e0 de venir el dia assenyalat a fer el test de nivell.<\/li>\n\n\n\n<li><strong>A2, B1, B2.1, B2.2, C1 o C2:<\/strong>&nbsp;NOM\u00c9S si t\u00e9 aprovat el curs anterior en qualsevol EOI o si t\u00e9 un CERTIFICAT de l\u2019idioma segons la taula d\u2019exempcions. En aquest cas en el moment de fer la matr\u00edcula presencial ha de portar una fotoc\u00f2pia del certificat.<\/li>\n<\/ul>\n\n\n\n<div class=\"entry-content\">\n<h3>\u00a0<\/h3>\n<h3 style=\"text-align: center;\"><strong>Preguntes freq\u00fcents:<\/strong><\/h3>\n<ul>\n<li>\n<table style=\"height: 1376px; width: 92.7764%; border-color: #000000; border-style: solid;\">\n<tbody>\n<tr style=\"height: 79px;\">\n<td style=\"width: 49.4845%; height: 79px; border-style: solid; background-color: #52a9cc; text-align: center;\" width=\"288\">\n<h3><strong>\ud83d\udd0e Pregunta<\/strong><\/h3>\n<\/td>\n<td style=\"width: 110.452%; height: 79px; border-style: solid; background-color: #52a9cc; text-align: center;\" width=\"288\">\n<h3><strong>\ud83d\udcac Resposta<\/strong><\/h3>\n<\/td>\n<\/tr>\n<tr style=\"height: 64px;\">\n<td style=\"width: 49.4845%; height: 64px; border-style: solid; text-align: center;\" width=\"288\"><strong>A qui va adre\u00e7ada la preinscripci\u00f3?<\/strong><\/td>\n<td style=\"width: 110.452%; height: 64px; border-style: solid;\" width=\"288\">A nous alumnes que vulguin cursar Angl\u00e8s o Franc\u00e8s (nivells A1\u2013C1) o Catal\u00e0 (nivell C2 semipresencial) a l\u2019EOI Osona.<\/td>\n<\/tr>\n<tr style=\"height: 143px;\">\n<td style=\"width: 49.4845%; height: 143px; border-style: solid; text-align: center;\" width=\"288\"><strong>Quan s\u2019ha de fer la preinscripci\u00f3?<\/strong><\/td>\n<td style=\"width: 110.452%; height: 143px; border-style: solid;\" width=\"288\">De l\u20191 al 8 de setembre (fins a les 15 h) telem\u00e0ticament.\n<p>Si no tens acc\u00e9s a Internet, pots venir a l\u2019escola el 8 de setembre de 9.30 h a 14.00 h per fer-la des dels ordinadors del centre.<\/p>\n<\/td>\n<\/tr>\n<tr style=\"height: 32px;\">\n<td style=\"width: 49.4845%; height: 32px; border-style: solid; text-align: center;\" width=\"288\"><strong>Qu\u00e8 cal portar si la faig presencialment?<\/strong><\/td>\n<td style=\"width: 110.452%; height: 32px; border-style: solid;\" width=\"288\">DNI, NIE o passaport.<\/td>\n<\/tr>\n<tr style=\"height: 446px;\">\n<td style=\"width: 49.4845%; height: 446px; border-style: solid; text-align: center;\" width=\"288\"><strong>Com i on es fa la preinscripci\u00f3?<\/strong><\/td>\n<td style=\"width: 110.452%; height: 446px; border-style: solid;\" width=\"288\">Telem\u00e0ticament a trav\u00e9s del web <a href=\"https:\/\/agora-eoi.xtec.cat\/eoiosona\/\" target=\"_blank\" rel=\"noopener\">www.eoiosona.cat<\/a>. \u00c9s un proc\u00e9s unificat per a totes les EOI de Catalunya.\n<p>Al <a href=\"http:\/\/queestudiar.gencat.cat\/ca\/preinscripcio\/estudis\/idiomes\/\">web<\/a> del Departament d\u2019Educaci\u00f3 trobareu informaci\u00f3 sobre:<\/p>\n<ul>\n<li><a href=\"https:\/\/preinscripcio.gencat.cat\/ca\/estudis\/idiomes-eoi\/informat\/\" target=\"_blank\" rel=\"noopener\">Informaci\u00f3 pr\u00e8via<\/a><\/li>\n<li><a href=\"https:\/\/preinscripcio.gencat.cat\/ca\/estudis\/idiomes-eoi\/inici\/\" target=\"_blank\" rel=\"noopener\">Preinscripci\u00f3<\/a><\/li>\n<li><a href=\"https:\/\/preinscripcio.gencat.cat\/ca\/estudis\/idiomes-eoi\/informat\/test-nivell-a2-c1\/\" target=\"_blank\" rel=\"noopener\">Test de nivell en l\u00ednia<\/a><\/li>\n<li><a href=\"https:\/\/www.eoidigital.com\/eoicat\/alumnes\/index.php\" target=\"_blank\" rel=\"noopener noreferrer\">Matr\u00edcula<\/a><\/li>\n<li><a href=\"https:\/\/www.eoidigital.com\/eoicat\/alumnes\/index.php\" target=\"_blank\" rel=\"noopener noreferrer\">Acc\u00e9s i assignaci\u00f3 de places<\/a><\/li>\n<\/ul>\n<p>\u00a0<\/p>\n<p>Guarda el teu usuari i contrasenya per seguir el proc\u00e9s.<\/p>\n<\/td>\n<\/tr>\n<tr style=\"height: 32px;\">\n<td style=\"width: 49.4845%; height: 32px; border-style: solid; text-align: center;\" width=\"288\"><strong>Quin nivell he de triar si no s\u00e9 res de l\u2019idioma?<\/strong><\/td>\n<td style=\"width: 110.452%; height: 32px; border-style: solid;\" width=\"288\">Has de triar Primer curs (A1) i no inscriure\u2019t al test de nivell.<\/td>\n<\/tr>\n<tr style=\"height: 97px;\">\n<td style=\"width: 49.4845%; height: 97px; border-style: solid; text-align: center;\" width=\"288\"><strong>He de fer un test de nivell?<\/strong><\/td>\n<td style=\"width: 110.452%; height: 97px; border-style: solid;\" width=\"288\">Nom\u00e9s si vols accedir a un nivell superior a A1 i no tens cap certificat. Consulta les exempcions al web de preinscripci\u00f3 de les EOI.<\/td>\n<\/tr>\n<tr style=\"height: 64px;\">\n<td style=\"width: 49.4845%; height: 64px; border-style: solid; text-align: center;\" width=\"288\"><strong>Puc accedir a un curs superior sense test de nivell?<\/strong><\/td>\n<td style=\"width: 110.452%; height: 64px; border-style: solid;\" width=\"288\">S\u00ed, si presentes un certificat v\u00e0lid. Consulta al <a href=\"https:\/\/preinscripcio.gencat.cat\/ca\/estudis\/idiomes-eoi\/informat\/test-nivell-a2-c1\/\" target=\"_blank\" rel=\"noopener\">web<\/a> les condicions per estar exempt del test.<\/td>\n<\/tr>\n<tr style=\"height: 97px;\">\n<td style=\"width: 49.4845%; height: 97px; border-style: solid; text-align: center;\" width=\"288\"><strong>Qu\u00e8 passa despr\u00e9s de fer la preinscripci\u00f3?<\/strong><\/td>\n<td style=\"width: 110.452%; height: 97px; border-style: solid;\" width=\"288\">Participes en un sorteig. El resultat pot ser: adm\u00e8s\/esa o llista d\u2019espera\/reserva. Si hi ha places vacants, es poden assignar a les persones en llista d\u2019espera.<\/td>\n<\/tr>\n<tr style=\"height: 64px;\">\n<td style=\"width: 49.4845%; height: 64px; border-style: solid; text-align: center;\" width=\"288\"><strong>Quan es poden matricular els admesos?<\/strong><\/td>\n<td style=\"width: 110.452%; height: 64px; border-style: solid;\" width=\"288\">Rebr\u00e0s informaci\u00f3 espec\u00edfica des de l\u2019aplicaci\u00f3 de preinscripci\u00f3. La matr\u00edcula \u00e9s en l\u00ednia.<\/td>\n<\/tr>\n<tr style=\"height: 97px;\">\n<td style=\"width: 49.4845%; height: 97px; border-style: solid; text-align: center;\" width=\"288\"><strong>Quan es poden matricular els de la llista d\u2019espera?<\/strong><\/td>\n<td style=\"width: 110.452%; height: 97px; border-style: solid;\" width=\"288\">Angl\u00e8s: 19 de setembre a partir de les 12.00 h<br \/>Franc\u00e8s i Catal\u00e0: 20 de setembre a partir de les 9.00 h<br \/>(Nom\u00e9s si queden places, matr\u00edcula en l\u00ednia)<\/td>\n<\/tr>\n<tr style=\"height: 161px;\">\n<td style=\"width: 49.4845%; height: 161px; border-style: solid; text-align: center;\" width=\"288\"><strong>On trobo tota la informaci\u00f3? <\/strong><\/td>\n<td style=\"width: 110.452%; height: 161px; border-style: solid;\" width=\"288\">\n<ul>\n<li><a href=\"https:\/\/agora-eoi.xtec.cat\/eoivalls\/wp-content\/uploads\/usu2264\/2025\/03\/eoi-10-eoi.pdf\" target=\"_blank\" rel=\"noopener\">Infografia preinscripci\u00f3 i matr\u00edcula nou alumnat<\/a><\/li>\n<li><a href=\"https:\/\/preinscripcio.gencat.cat\/ca\/estudis\/idiomes-eoi\/inici\/\" target=\"_blank\" rel=\"noopener noreferrer\"><strong>Informaci\u00f3 general sobre el proc\u00e9s de preinscripci\u00f3<\/strong><\/a><\/li>\n<li><a href=\"https:\/\/www.eoidigital.com\/eoicat\/alumnes\/index.php\" target=\"_blank\" rel=\"noopener\"><strong>Acc\u00e9s a l\u2019aplicaci\u00f3 de preinscripci\u00f3 telem\u00e0tica<\/strong><\/a><\/li>\n<li><a href=\"https:\/\/preinscripcio.gencat.cat\/ca\/estudis\/idiomes-eoi\/informat\/calendari\/\" target=\"_blank\" rel=\"noopener\"><strong>Consulta de places vacants<\/strong> i calendari de preinscripci\u00f3 i matr\u00edcula)<\/a><\/li>\n<\/ul>\n<\/td>\n<\/tr>\n<tr>\n<td style=\"width: 49.4845%; border-style: solid; text-align: center;\"><strong>Qu\u00e8 puc fer si em vull matricular fora de termini?<\/strong><\/td>\n<td style=\"width: 110.452%; border-style: solid;\">\n<p>Pots accedir a a quest <a href=\"https:\/\/docs.google.com\/forms\/d\/e\/1FAIpQLSft4eb0I_yiwiQXDGTGDeCAaMAB7qxj6EYHP7u4XvRrlpGgRg\/viewform\" target=\"_blank\" rel=\"noopener\">formulari<\/a> i apuntar-te. A partir del 16 de setembre rebr\u00e0s un test de nivell en l\u00ednia que haur\u00e0s d&#8217;enviar al correu: testdenivell@eoiosona.cat.<\/p>\n<p>Les matr\u00edcules seran presencials a partir de dilluns 22 de setembre.<\/p>\n<\/td>\n<\/tr>\n<\/tbody>\n<\/table>\n<\/li>\n<\/ul>\n<hr \/><\/div>\n\n\n\n<div class=\"entry-content\">\n<p>\u00a0<\/p>\n<p>\u00a0<\/p>\n<\/div>\n","protected":false},"excerpt":{"rendered":"<p>Qualsevol persona no matriculada en un curs oficial d\u2019un idioma en aquesta escola l\u2019any acad\u00e8mic immediatament anterior es considera nou alumnat d\u2019aquell idioma. PREINSCRIPCI\u00d3 La preinscripci\u00f3 \u00e9s un tr\u00e0mit obligatori per entrar com alumne\/a nou\/va a l\u2019EOI. Es fa telem\u00e0ticament a trav\u00e9s del web:&nbsp;http:\/\/www.eoidigital.com\/preinscripcio\/alumnes\/&nbsp;o presencialment els dies indicats. Es considera alumnat nou: La preinscripci\u00f3 pot [&hellip;]<\/p>\n","protected":false},"author":1,"featured_media":0,"parent":0,"menu_order":25,"comment_status":"closed","ping_status":"closed","template":"","meta":{"_bbp_topic_count":0,"_bbp_reply_count":0,"_bbp_total_topic_count":0,"_bbp_total_reply_count":0,"_bbp_voice_count":0,"_bbp_anonymous_reply_count":0,"_bbp_topic_count_hidden":0,"_bbp_reply_count_hidden":0,"_bbp_forum_subforum_count":0,"site-sidebar-layout":"left-sidebar","site-content-layout":"","ast-site-content-layout":"default","site-content-style":"default","site-sidebar-style":"default","ast-global-header-display":"","ast-banner-title-visibility":"","ast-main-header-display":"","ast-hfb-above-header-display":"","ast-hfb-below-header-display":"","ast-hfb-mobile-header-display":"","site-post-title":"","ast-breadcrumbs-content":"","ast-featured-img":"","footer-sml-layout":"","theme-transparent-header-meta":"","adv-header-id-meta":"","stick-header-meta":"","header-above-stick-meta":"","header-main-stick-meta":"","header-below-stick-meta":"","astra-migrate-meta-layouts":"set","ast-page-background-enabled":"default","ast-page-background-meta":{"desktop":{"background-color":"var(--ast-global-color-4)","background-image":"","background-repeat":"repeat","background-position":"center center","background-size":"auto","background-attachment":"scroll","background-type":"","background-media":"","overlay-type":"","overlay-color":"","overlay-opacity":"","overlay-gradient":""},"tablet":{"background-color":"","background-image":"","background-repeat":"repeat","background-position":"center center","background-size":"auto","background-attachment":"scroll","background-type":"","background-media":"","overlay-type":"","overlay-color":"","overlay-opacity":"","overlay-gradient":""},"mobile":{"background-color":"","background-image":"","background-repeat":"repeat","background-position":"center center","background-size":"auto","background-attachment":"scroll","background-type":"","background-media":"","overlay-type":"","overlay-color":"","overlay-opacity":"","overlay-gradient":""}},"ast-content-background-meta":{"desktop":{"background-color":"var(--ast-global-color-5)","background-image":"","background-repeat":"repeat","background-position":"center center","background-size":"auto","background-attachment":"scroll","background-type":"","background-media":"","overlay-type":"","overlay-color":"","overlay-opacity":"","overlay-gradient":""},"tablet":{"background-color":"var(--ast-global-color-5)","background-image":"","background-repeat":"repeat","background-position":"center center","background-size":"auto","background-attachment":"scroll","background-type":"","background-media":"","overlay-type":"","overlay-color":"","overlay-opacity":"","overlay-gradient":""},"mobile":{"background-color":"var(--ast-global-color-5)","background-image":"","background-repeat":"repeat","background-position":"center center","background-size":"auto","background-attachment":"scroll","background-type":"","background-media":"","overlay-type":"","overlay-color":"","overlay-opacity":"","overlay-gradient":""}},"footnotes":""},"class_list":["post-8472","page","type-page","status-publish","hentry"],"post_mailing_queue_ids":[],"_links":{"self":[{"href":"https:\/\/agora-eoi.xtec.cat\/eoiosona\/wp-json\/wp\/v2\/pages\/8472","targetHints":{"allow":["GET"]}}],"collection":[{"href":"https:\/\/agora-eoi.xtec.cat\/eoiosona\/wp-json\/wp\/v2\/pages"}],"about":[{"href":"https:\/\/agora-eoi.xtec.cat\/eoiosona\/wp-json\/wp\/v2\/types\/page"}],"author":[{"embeddable":true,"href":"https:\/\/agora-eoi.xtec.cat\/eoiosona\/wp-json\/wp\/v2\/users\/1"}],"replies":[{"embeddable":true,"href":"https:\/\/agora-eoi.xtec.cat\/eoiosona\/wp-json\/wp\/v2\/comments?post=8472"}],"version-history":[{"count":6,"href":"https:\/\/agora-eoi.xtec.cat\/eoiosona\/wp-json\/wp\/v2\/pages\/8472\/revisions"}],"predecessor-version":[{"id":12705,"href":"https:\/\/agora-eoi.xtec.cat\/eoiosona\/wp-json\/wp\/v2\/pages\/8472\/revisions\/12705"}],"wp:attachment":[{"href":"https:\/\/agora-eoi.xtec.cat\/eoiosona\/wp-json\/wp\/v2\/media?parent=8472"}],"curies":[{"name":"wp","href":"https:\/\/api.w.org\/{rel}","templated":true}]}}