{"id":8434,"date":"2016-06-14T15:41:55","date_gmt":"2016-06-14T14:41:55","guid":{"rendered":"http:\/\/agora-eoi.xtec.cat\/eoiosona\/?page_id=8434"},"modified":"2026-04-15T14:04:28","modified_gmt":"2026-04-15T12:04:28","slug":"beques","status":"publish","type":"page","link":"https:\/\/agora-eoi.xtec.cat\/eoiosona\/secretaria\/beques\/","title":{"rendered":"Beques"},"content":{"rendered":"<header class=\"entry-header\">\n<h1 class=\"entry-title\">Vull sol\u00b7licitar una beca<\/h1>\n<\/header>\n<div class=\"entry-content\">\n<p>Podeu trobar tota la informaci\u00f3 sobre beques, ajuts i subvencions\u00a0<a href=\"https:\/\/educacio.gencat.cat\/ca\/serveis-tramits\/beques\/beques-postobligatoris\/index.html\" target=\"_blank\" rel=\"noopener noreferrer\">aqu\u00ed<\/a>.<\/p>\n<p><strong>Important:\u00a0<\/strong>Segons la normativa publicada la la plana web del Departament d\u2019Educaci\u00f3:<\/p>\n<ul>\n<li><strong>Alumnat de nivells A1, A2 i C1<\/strong>\u00a0\u2013\u00a0<a href=\"http:\/\/educacio.gencat.cat\/ca\/departament\/normativa\/taxes-preus-publics\/preu-public\/\">Preus p\u00fablics. Departament d\u2019Educaci\u00f3 (gencat.cat)<\/a>.<\/li>\n<\/ul>\n<p>Els alumnes que tinguin concedida una beca o ajut a l\u2019estudi en aquests mateixos ensenyaments per part de l\u2019administraci\u00f3 p\u00fablica competent en la mat\u00e8ria, gaudiran d\u2019una bonificaci\u00f3 del 50% de l\u2019import del preu p\u00fablic corresponent, pr\u00e8via acreditaci\u00f3 documental. La bonificaci\u00f3 nom\u00e9s es concedir\u00e0 pel mateix curs acad\u00e8mic pel qual s\u2019ha concedit la beca.<br \/>\nEn aquests casos, a l\u2019efecte de formalitzaci\u00f3 de la matr\u00edcula, si l\u2019alumne no t\u00e9 concedida encara la beca ha d\u2019abonar l\u2019import del preu p\u00fablic corresponent. Un cop se li notifiqui la concessi\u00f3 de la beca, podr\u00e0 demanar la devoluci\u00f3 de l\u2019import, davant de la direcci\u00f3 que els retornar\u00e0 el 50% de l\u2019import del preu p\u00fablic pagat.<\/p>\n<ul>\n<li><strong>Alumnat de nivells B1, B2.1, B2.2<\/strong>\u00a0\u2013\u00a0<a href=\"http:\/\/educacio.gencat.cat\/ca\/departament\/normativa\/taxes-preus-publics\/taxes\/\">Taxes. Departament d\u2019Educaci\u00f3 (gencat.cat)<\/a><\/li>\n<\/ul>\n<p>Alumnes que tinguin concedida una beca per a estudis d\u2019idiomes per part de l\u2019Administraci\u00f3 p\u00fablica competent en la mat\u00e8ria. Si un alumne es matricula de dos o m\u00e9s idiomes, l\u2019exempci\u00f3 nom\u00e9s abasta l\u2019idioma per al qual s\u2019ha concedit la beca. L\u2019exempci\u00f3 nom\u00e9s es concedir\u00e0 per al mateix curs acad\u00e8mic per al qual s\u2019ha concedit la beca. A l\u2019efecte de formalitzaci\u00f3 de la matr\u00edcula oficial, l\u2019alumne ha d\u2019abonar la taxa si encara no t\u00e9 concedida la beca. Un cop se li notifiqui la concessi\u00f3 de la beca, podr\u00e0 demanar la devoluci\u00f3 de l\u2019import de la taxa mitjan\u00e7at el procediment de devoluci\u00f3 d\u2019ingressos indeguts.<\/p>\n<p><strong>Ambd\u00f3s situacions de sol\u00b7licitud de devoluci\u00f3 de taxes o preus p\u00fablics es podr\u00e0 formalitzar a la Secretaria de l\u2019EOI\u00a0 una vegada hagi finalitzat el curs escolar amb la qualificaci\u00f3 d\u2019apte\/a.<\/strong><\/p>\n<\/div>\n<h3><\/h3>\n<h3><span style=\"color: #3366ff;\"><em><strong>Ajuts PARLA 3, per a alumnat universitari de l\u2019EOI<\/strong><\/em><\/span><\/h3>\n<p><strong>Si ets estudiant de grau universitari aquesta informaci\u00f3 t\u2019interessa.<\/strong><\/p>\n<p>Ajuts adre\u00e7ats als\u00a0<strong>estudiants<\/strong>\u00a0<strong>matriculats en uns estudis oficials de grau en universitat catalana el curs 2025-2026.<\/strong><\/p>\n<p><strong>Per optar a l&#8217;ajut cal:<\/strong><\/p>\n<ul>\n<li><strong>Estar matriculat o matriculada en un curs d\u2019idiomes<\/strong>\u00a0del MECR o equivalent durant el curs 2025-2026 en un dels centres seg\u00fcents:\n<ul>\n<li>Les escoles d&#8217;idiomes d&#8217;una universitat catalana.<\/li>\n<li>Les escoles oficials d&#8217;idiomes (EOI).<\/li>\n<li>L&#8217;institut Obert de Catalunya (IOC).<\/li>\n<\/ul>\n<\/li>\n<li><strong>Tenir concedida una beca general del Ministeri d&#8217;Educaci\u00f3 i Formaci\u00f3 Professional o una beca Equitat el curs 2024-2025<\/strong>.<\/li>\n<\/ul>\n<p>L&#8217;import de l&#8217;<strong>ajut<\/strong>\u00a0ser\u00e0 d&#8217;un\u00a0<strong>m\u00e0xim de 600 euros<\/strong>\u00a0per nivell o subnivell.<\/p>\n<p>Aqu\u00ed teniu alguns canvis respecte anys anteriors segons les\u00a0<a href=\"https:\/\/dogc.gencat.cat\/ca\/document-del-dogc\/?documentId=991626\" target=\"_blank\" rel=\"noopener\" data-saferedirecturl=\"https:\/\/www.google.com\/url?q=https:\/\/dogc.gencat.cat\/ca\/document-del-dogc\/?documentId%3D991626&amp;source=gmail&amp;ust=1725632875602000&amp;usg=AOvVaw2NxrltWGJ0HHvWpFrkKkyY\">noves bases reguladores.<\/a><\/p>\n<p>Consulteu la resoluci\u00f3 amb tota la informaci\u00f3 a\u00a0<a href=\"https:\/\/agaur.gencat.cat\/ca\/beques-i-ajuts\/pagines-especials\/programa-de-terceres-llengues\/\" target=\"_blank\" rel=\"noopener\">la p\u00e0gina del Departament<\/a>.<\/p>\n","protected":false},"excerpt":{"rendered":"<p>Vull sol\u00b7licitar una beca Podeu trobar tota la informaci\u00f3 sobre beques, ajuts i subvencions\u00a0aqu\u00ed. Important:\u00a0Segons la normativa publicada la la plana web del Departament d\u2019Educaci\u00f3: Alumnat de nivells A1, A2 i C1\u00a0\u2013\u00a0Preus p\u00fablics. Departament d\u2019Educaci\u00f3 (gencat.cat). Els alumnes que tinguin concedida una beca o ajut a l\u2019estudi en aquests mateixos ensenyaments per part de l\u2019administraci\u00f3 [&hellip;]<\/p>\n","protected":false},"author":1,"featured_media":0,"parent":8358,"menu_order":27,"comment_status":"closed","ping_status":"closed","template":"","meta":{"_bbp_topic_count":0,"_bbp_reply_count":0,"_bbp_total_topic_count":0,"_bbp_total_reply_count":0,"_bbp_voice_count":0,"_bbp_anonymous_reply_count":0,"_bbp_topic_count_hidden":0,"_bbp_reply_count_hidden":0,"_bbp_forum_subforum_count":0,"site-sidebar-layout":"default","site-content-layout":"","ast-site-content-layout":"default","site-content-style":"default","site-sidebar-style":"default","ast-global-header-display":"","ast-banner-title-visibility":"","ast-main-header-display":"","ast-hfb-above-header-display":"","ast-hfb-below-header-display":"","ast-hfb-mobile-header-display":"","site-post-title":"","ast-breadcrumbs-content":"","ast-featured-img":"","footer-sml-layout":"","theme-transparent-header-meta":"","adv-header-id-meta":"","stick-header-meta":"","header-above-stick-meta":"","header-main-stick-meta":"","header-below-stick-meta":"","astra-migrate-meta-layouts":"set","ast-page-background-enabled":"default","ast-page-background-meta":{"desktop":{"background-color":"var(--ast-global-color-4)","background-image":"","background-repeat":"repeat","background-position":"center center","background-size":"auto","background-attachment":"scroll","background-type":"","background-media":"","overlay-type":"","overlay-color":"","overlay-opacity":"","overlay-gradient":""},"tablet":{"background-color":"","background-image":"","background-repeat":"repeat","background-position":"center center","background-size":"auto","background-attachment":"scroll","background-type":"","background-media":"","overlay-type":"","overlay-color":"","overlay-opacity":"","overlay-gradient":""},"mobile":{"background-color":"","background-image":"","background-repeat":"repeat","background-position":"center center","background-size":"auto","background-attachment":"scroll","background-type":"","background-media":"","overlay-type":"","overlay-color":"","overlay-opacity":"","overlay-gradient":""}},"ast-content-background-meta":{"desktop":{"background-color":"var(--ast-global-color-5)","background-image":"","background-repeat":"repeat","background-position":"center center","background-size":"auto","background-attachment":"scroll","background-type":"","background-media":"","overlay-type":"","overlay-color":"","overlay-opacity":"","overlay-gradient":""},"tablet":{"background-color":"var(--ast-global-color-5)","background-image":"","background-repeat":"repeat","background-position":"center center","background-size":"auto","background-attachment":"scroll","background-type":"","background-media":"","overlay-type":"","overlay-color":"","overlay-opacity":"","overlay-gradient":""},"mobile":{"background-color":"var(--ast-global-color-5)","background-image":"","background-repeat":"repeat","background-position":"center center","background-size":"auto","background-attachment":"scroll","background-type":"","background-media":"","overlay-type":"","overlay-color":"","overlay-opacity":"","overlay-gradient":""}},"footnotes":""},"class_list":["post-8434","page","type-page","status-publish","hentry"],"post_mailing_queue_ids":[],"_links":{"self":[{"href":"https:\/\/agora-eoi.xtec.cat\/eoiosona\/wp-json\/wp\/v2\/pages\/8434","targetHints":{"allow":["GET"]}}],"collection":[{"href":"https:\/\/agora-eoi.xtec.cat\/eoiosona\/wp-json\/wp\/v2\/pages"}],"about":[{"href":"https:\/\/agora-eoi.xtec.cat\/eoiosona\/wp-json\/wp\/v2\/types\/page"}],"author":[{"embeddable":true,"href":"https:\/\/agora-eoi.xtec.cat\/eoiosona\/wp-json\/wp\/v2\/users\/1"}],"replies":[{"embeddable":true,"href":"https:\/\/agora-eoi.xtec.cat\/eoiosona\/wp-json\/wp\/v2\/comments?post=8434"}],"version-history":[{"count":5,"href":"https:\/\/agora-eoi.xtec.cat\/eoiosona\/wp-json\/wp\/v2\/pages\/8434\/revisions"}],"predecessor-version":[{"id":13126,"href":"https:\/\/agora-eoi.xtec.cat\/eoiosona\/wp-json\/wp\/v2\/pages\/8434\/revisions\/13126"}],"up":[{"embeddable":true,"href":"https:\/\/agora-eoi.xtec.cat\/eoiosona\/wp-json\/wp\/v2\/pages\/8358"}],"wp:attachment":[{"href":"https:\/\/agora-eoi.xtec.cat\/eoiosona\/wp-json\/wp\/v2\/media?parent=8434"}],"curies":[{"name":"wp","href":"https:\/\/api.w.org\/{rel}","templated":true}]}}