{"id":12537,"date":"2025-07-17T12:53:12","date_gmt":"2025-07-17T10:53:12","guid":{"rendered":"https:\/\/agora-eoi.xtec.cat\/eoiosona\/?page_id=12537"},"modified":"2025-09-29T12:45:00","modified_gmt":"2025-09-29T10:45:00","slug":"qualificacions-candidats-lliures","status":"publish","type":"page","link":"https:\/\/agora-eoi.xtec.cat\/eoiosona\/qualificacions-candidats-lliures\/","title":{"rendered":"Informaci\u00f3 alumnat lliure :"},"content":{"rendered":"\n<figure class=\"wp-block-table aligncenter\">\n<table class=\"has-fixed-layout\" style=\"width: 100%;\">\n<tbody>\n<tr>\n<td class=\"has-text-align-center\" style=\"background-color: #52a9cc; width: 33.3333%;\" data-align=\"center\"><strong>Convocat\u00f2ries<\/strong><\/td>\n<td class=\"has-text-align-center\" style=\"background-color: #52a9cc; width: 33.3333%;\" data-align=\"center\"><strong>Informaci\u00f3<\/strong><\/td>\n<td class=\"has-text-align-center\" style=\"background-color: #52a9cc; width: 33.3333%;\" data-align=\"center\"><strong>Qualificacions<\/strong><\/td>\n<\/tr>\n<tr>\n<td class=\"has-text-align-center\" style=\"text-align: center; vertical-align: middle; width: 33.3333%;\" data-align=\"center\"><a href=\"https:\/\/educacio.gencat.cat\/ca\/serveis-tramits\/proves\/proves-lliures-obtencio-titols\/convocat-extraord-idiomes\/\" target=\"_blank\" rel=\"noopener\">Convocat\u00f2ria extraordin\u00e0ria<\/a><\/td>\n<td class=\"has-text-align-center\" style=\"text-align: center; vertical-align: middle; width: 33.3333%;\" data-align=\"center\"><a href=\"https:\/\/drive.google.com\/file\/d\/1K2C04_Og-rStQmZ6oUijhaHwyRaYtL2O\/view?usp=sharing\" target=\"_blank\" rel=\"noopener\">Infografia informativa<\/a><\/td>\n<td class=\"has-text-align-center\" style=\"text-align: center; vertical-align: middle; width: 33.3333%;\" data-align=\"center\"><a href=\"https:\/\/educacio.gencat.cat\/ca\/serveis-tramits\/proves\/proves-lliures-obtencio-titols\/convocat-extraord-idiomes\/consulta-resultats\/\" target=\"_blank\" rel=\"noopener\">Qualificacions<\/a><\/td>\n<\/tr>\n<tr>\n<td class=\"has-text-align-center\" style=\"text-align: center; vertical-align: middle; width: 33.3333%;\" data-align=\"center\"><a href=\"https:\/\/educacio.gencat.cat\/ca\/serveis-tramits\/proves\/proves-lliures-obtencio-titols\/convocat-ordinaria-idiomes\/index.html\" target=\"_blank\" rel=\"noopener\">Convocat\u00f2ria ordin\u00e0ria<\/a><\/td>\n<td class=\"has-text-align-center\" style=\"text-align: center; vertical-align: middle; width: 33.3333%;\" data-align=\"center\"><a href=\"https:\/\/drive.google.com\/file\/d\/1alCdd36OupsryUDhwwzirnmR1UjqyAnM\/view?usp=sharing\" target=\"_blank\" rel=\"noopener\">Infografia informativa<\/a><\/td>\n<td class=\"has-text-align-center\" style=\"text-align: center; vertical-align: middle; width: 33.3333%;\" data-align=\"center\"><a href=\"https:\/\/educacio.gencat.cat\/ca\/serveis-tramits\/proves\/proves-lliures-obtencio-titols\/convocat-ordinaria-idiomes\/consulta-resultats\/\" target=\"_blank\" rel=\"noopener\">Qualificacions<\/a><\/td>\n<\/tr>\n<tr>\n<td class=\"has-text-align-center\" style=\"text-align: center; vertical-align: middle; width: 66.6667%;\" colspan=\"2\" data-align=\"center\"><a href=\"https:\/\/agora-eoi.xtec.cat\/eoiosona\/programes-departament-deducacio\/programes-departament-deducacio-certificacio-de-llengues-estrangeres-alumes-instituts\/\" target=\"_blank\" rel=\"noopener\">Candidats<\/a> del <strong>Programa de Certificaci\u00f3 de coneixements de lleng\u00fces estrangeres (alumnat institut)<\/strong><\/td>\n<td class=\"has-text-align-center\" style=\"text-align: center; vertical-align: middle; width: 33.3333%;\" data-align=\"center\"><a href=\"https:\/\/aplicacions.gestioeducativa.gencat.cat\/ords\/pls\/apex\/f?p=2011025:LOGIN:504382932329510:::::\" target=\"_blank\" rel=\"noopener\">Qualificacions<\/a><\/td>\n<\/tr>\n<\/tbody>\n<\/table>\n<\/figure>\n\n\n\n<p><\/p>\n","protected":false},"excerpt":{"rendered":"<p>Convocat\u00f2ries Informaci\u00f3 Qualificacions Convocat\u00f2ria extraordin\u00e0ria Infografia informativa Qualificacions Convocat\u00f2ria ordin\u00e0ria Infografia informativa Qualificacions Candidats del Programa de Certificaci\u00f3 de coneixements de lleng\u00fces estrangeres (alumnat institut) Qualificacions<\/p>\n","protected":false},"author":1,"featured_media":0,"parent":0,"menu_order":0,"comment_status":"closed","ping_status":"close","template":"","meta":{"_bbp_topic_count":0,"_bbp_reply_count":0,"_bbp_total_topic_count":0,"_bbp_total_reply_count":0,"_bbp_voice_count":0,"_bbp_anonymous_reply_count":0,"_bbp_topic_count_hidden":0,"_bbp_reply_count_hidden":0,"_bbp_forum_subforum_count":0,"site-sidebar-layout":"default","site-content-layout":"","ast-site-content-layout":"default","site-content-style":"default","site-sidebar-style":"default","ast-global-header-display":"","ast-banner-title-visibility":"","ast-main-header-display":"","ast-hfb-above-header-display":"","ast-hfb-below-header-display":"","ast-hfb-mobile-header-display":"","site-post-title":"","ast-breadcrumbs-content":"","ast-featured-img":"","footer-sml-layout":"","theme-transparent-header-meta":"","adv-header-id-meta":"","stick-header-meta":"","header-above-stick-meta":"","header-main-stick-meta":"","header-below-stick-meta":"","astra-migrate-meta-layouts":"set","ast-page-background-enabled":"default","ast-page-background-meta":{"desktop":{"background-color":"var(--ast-global-color-4)","background-image":"","background-repeat":"repeat","background-position":"center center","background-size":"auto","background-attachment":"scroll","background-type":"","background-media":"","overlay-type":"","overlay-color":"","overlay-opacity":"","overlay-gradient":""},"tablet":{"background-color":"","background-image":"","background-repeat":"repeat","background-position":"center center","background-size":"auto","background-attachment":"scroll","background-type":"","background-media":"","overlay-type":"","overlay-color":"","overlay-opacity":"","overlay-gradient":""},"mobile":{"background-color":"","background-image":"","background-repeat":"repeat","background-position":"center center","background-size":"auto","background-attachment":"scroll","background-type":"","background-media":"","overlay-type":"","overlay-color":"","overlay-opacity":"","overlay-gradient":""}},"ast-content-background-meta":{"desktop":{"background-color":"var(--ast-global-color-5)","background-image":"","background-repeat":"repeat","background-position":"center center","background-size":"auto","background-attachment":"scroll","background-type":"","background-media":"","overlay-type":"","overlay-color":"","overlay-opacity":"","overlay-gradient":""},"tablet":{"background-color":"var(--ast-global-color-5)","background-image":"","background-repeat":"repeat","background-position":"center center","background-size":"auto","background-attachment":"scroll","background-type":"","background-media":"","overlay-type":"","overlay-color":"","overlay-opacity":"","overlay-gradient":""},"mobile":{"background-color":"var(--ast-global-color-5)","background-image":"","background-repeat":"repeat","background-position":"center center","background-size":"auto","background-attachment":"scroll","background-type":"","background-media":"","overlay-type":"","overlay-color":"","overlay-opacity":"","overlay-gradient":""}},"footnotes":""},"class_list":["post-12537","page","type-page","status-publish","hentry"],"post_mailing_queue_ids":[],"_links":{"self":[{"href":"https:\/\/agora-eoi.xtec.cat\/eoiosona\/wp-json\/wp\/v2\/pages\/12537","targetHints":{"allow":["GET"]}}],"collection":[{"href":"https:\/\/agora-eoi.xtec.cat\/eoiosona\/wp-json\/wp\/v2\/pages"}],"about":[{"href":"https:\/\/agora-eoi.xtec.cat\/eoiosona\/wp-json\/wp\/v2\/types\/page"}],"author":[{"embeddable":true,"href":"https:\/\/agora-eoi.xtec.cat\/eoiosona\/wp-json\/wp\/v2\/users\/1"}],"replies":[{"embeddable":true,"href":"https:\/\/agora-eoi.xtec.cat\/eoiosona\/wp-json\/wp\/v2\/comments?post=12537"}],"version-history":[{"count":6,"href":"https:\/\/agora-eoi.xtec.cat\/eoiosona\/wp-json\/wp\/v2\/pages\/12537\/revisions"}],"predecessor-version":[{"id":12779,"href":"https:\/\/agora-eoi.xtec.cat\/eoiosona\/wp-json\/wp\/v2\/pages\/12537\/revisions\/12779"}],"wp:attachment":[{"href":"https:\/\/agora-eoi.xtec.cat\/eoiosona\/wp-json\/wp\/v2\/media?parent=12537"}],"curies":[{"name":"wp","href":"https:\/\/api.w.org\/{rel}","templated":true}]}}