{"id":11339,"date":"2023-06-29T12:02:40","date_gmt":"2023-06-29T10:02:40","guid":{"rendered":"https:\/\/agora-eoi.xtec.cat\/eoiosona\/?page_id=11339"},"modified":"2025-06-17T09:45:42","modified_gmt":"2025-06-17T07:45:42","slug":"cursos-dactualitzacio","status":"publish","type":"page","link":"https:\/\/agora-eoi.xtec.cat\/eoiosona\/cursos\/cursos-oficials\/cursos-dactualitzacio\/","title":{"rendered":"Cursos d&#8217;actualitzaci\u00f3"},"content":{"rendered":"<p>Les persones que ja\u00a0<strong>hagin cursat i superat amb anterioritat cursos de les escoles oficials d\u2019idiomes,<\/strong>\u00a0i que vulguin actualitzar-ne els coneixements,\u00a0<strong>poden sol\u00b7licitar matricular-se en l\u2019\u00faltim curs realitzat o en qualsevol dels cursos inferiors.<\/strong><\/p>\n<p>La sol\u00b7licitud per a aquest tipus de matr\u00edcula s\u2019ha de presentar al centre\u00a0<strong>un cop finalitzat el per\u00edode d\u2019admissi\u00f3<\/strong>, i nom\u00e9s s\u2019admet si existeixen vacants en el curs i l\u2019idioma sol\u00b7licitat. La sol\u00b7licitud \u00e9s v\u00e0lida \u00fanicament per al curs acad\u00e8mic en qu\u00e8 se sol\u00b7licita i s\u2019ha de tornar a presentar per a cursos acad\u00e8mics posteriors, si l\u2019alumne ho vol.<\/p>\n<p>Aquest tipus de matr\u00edcula no t\u00e9 efectes acad\u00e8mics ni dona lloc a cap certificat oficial. La qualificaci\u00f3 que es fa constar a l\u2019expedient acad\u00e8mic de l\u2019alumne \u00e9s de \u201cno qualificat\/ada\u201d.<\/p>\n<p>En el cas dels cursos que condueixen a l\u2019obtenci\u00f3 d\u2019un certificat, els alumnes en aquesta situaci\u00f3 acad\u00e8mica\u00a0<strong>no tenen dret a sol\u00b7licitar una nova expedici\u00f3 del certificat obtingut anteriorment<\/strong>, per\u00f2 poden sol\u00b7licitar un certificat d\u2019actualitzaci\u00f3 al centre on estiguin matriculats.<\/p>\n<p>Pel que fa al preu del servei, aquests alumnes han de pagar <a href=\"https:\/\/agora-eoi.xtec.cat\/eoiosona\/secretaria\/matricula\/taxes-i-preus-publics\/\" target=\"_blank\" rel=\"noopener\">la\u00a0taxa o el preu p\u00fablic<\/a>\u00a0corresponent, sense penalitzaci\u00f3 per repetici\u00f3.<\/p>\n<p><strong>No tindran reserva de matr\u00edcula com antic alumnat<\/strong> i l\u2019any acad\u00e8mic seg\u00fcent hauran de fer preinscripci\u00f3 i sorteig com a nou alumnat per al curs seg\u00fcent.<\/p>\n<p>Durant un mateix curs acad\u00e8mic no es pot simultaniejar una matr\u00edcula ordin\u00e0ria als ensenyaments presencials amb una matr\u00edcula d\u2019actualitzaci\u00f3 del mateix idioma.<\/p>\n<p>&nbsp;<\/p>\n<p><strong>MATR\u00cdCULA D\u2019ACTUALITZACI\u00d3 CURS 2025-2026<\/strong><\/p>\n<ul>\n<li>Presenteu <a href=\"https:\/\/agora-eoi.xtec.cat\/eoiosona\/wp-content\/uploads\/usu2247\/2025\/06\/sollicitud-matricula-actualitzacio.pdf\" target=\"_blank\" rel=\"noopener\">la sol\u00b7licitud <\/a> de matr\u00edcula d\u2019actualitzaci\u00f3 per correu electr\u00f2nic i l\u2019escola es posar\u00e0 en contacte amb els sol\u00b7licitants.<\/li>\n<\/ul>\n<p>Recordeu que la matr\u00edcula d&#8217;actualitzaci\u00f3 es realitzar\u00e0 <strong>un cop finalitzat el per\u00edode d\u2019admissi\u00f3<\/strong>, i nom\u00e9s s\u2019admet si existeixen vacants en el curs i l\u2019idioma sol\u00b7licitat.<\/p>\n","protected":false},"excerpt":{"rendered":"<p>Les persones que ja\u00a0hagin cursat i superat amb anterioritat cursos de les escoles oficials d\u2019idiomes,\u00a0i que vulguin actualitzar-ne els coneixements,\u00a0poden sol\u00b7licitar matricular-se en l\u2019\u00faltim curs realitzat o en qualsevol dels cursos inferiors. La sol\u00b7licitud per a aquest tipus de matr\u00edcula s\u2019ha de presentar al centre\u00a0un cop finalitzat el per\u00edode d\u2019admissi\u00f3, i nom\u00e9s s\u2019admet si existeixen [&hellip;]<\/p>\n","protected":false},"author":1,"featured_media":0,"parent":8151,"menu_order":0,"comment_status":"closed","ping_status":"closed","template":"page-templates\/side-menu.php","meta":{"_bbp_topic_count":0,"_bbp_reply_count":0,"_bbp_total_topic_count":0,"_bbp_total_reply_count":0,"_bbp_voice_count":0,"_bbp_anonymous_reply_count":0,"_bbp_topic_count_hidden":0,"_bbp_reply_count_hidden":0,"_bbp_forum_subforum_count":0,"site-sidebar-layout":"default","site-content-layout":"","ast-site-content-layout":"","site-content-style":"default","site-sidebar-style":"default","ast-global-header-display":"","ast-banner-title-visibility":"","ast-main-header-display":"","ast-hfb-above-header-display":"","ast-hfb-below-header-display":"","ast-hfb-mobile-header-display":"","site-post-title":"","ast-breadcrumbs-content":"","ast-featured-img":"","footer-sml-layout":"","theme-transparent-header-meta":"","adv-header-id-meta":"","stick-header-meta":"","header-above-stick-meta":"","header-main-stick-meta":"","header-below-stick-meta":"","astra-migrate-meta-layouts":"default","ast-page-background-enabled":"default","ast-page-background-meta":{"desktop":{"background-color":"var(--ast-global-color-4)","background-image":"","background-repeat":"repeat","background-position":"center center","background-size":"auto","background-attachment":"scroll","background-type":"","background-media":"","overlay-type":"","overlay-color":"","overlay-opacity":"","overlay-gradient":""},"tablet":{"background-color":"","background-image":"","background-repeat":"repeat","background-position":"center center","background-size":"auto","background-attachment":"scroll","background-type":"","background-media":"","overlay-type":"","overlay-color":"","overlay-opacity":"","overlay-gradient":""},"mobile":{"background-color":"","background-image":"","background-repeat":"repeat","background-position":"center center","background-size":"auto","background-attachment":"scroll","background-type":"","background-media":"","overlay-type":"","overlay-color":"","overlay-opacity":"","overlay-gradient":""}},"ast-content-background-meta":{"desktop":{"background-color":"var(--ast-global-color-5)","background-image":"","background-repeat":"repeat","background-position":"center center","background-size":"auto","background-attachment":"scroll","background-type":"","background-media":"","overlay-type":"","overlay-color":"","overlay-opacity":"","overlay-gradient":""},"tablet":{"background-color":"var(--ast-global-color-5)","background-image":"","background-repeat":"repeat","background-position":"center center","background-size":"auto","background-attachment":"scroll","background-type":"","background-media":"","overlay-type":"","overlay-color":"","overlay-opacity":"","overlay-gradient":""},"mobile":{"background-color":"var(--ast-global-color-5)","background-image":"","background-repeat":"repeat","background-position":"center center","background-size":"auto","background-attachment":"scroll","background-type":"","background-media":"","overlay-type":"","overlay-color":"","overlay-opacity":"","overlay-gradient":""}},"footnotes":""},"class_list":["post-11339","page","type-page","status-publish","hentry"],"post_mailing_queue_ids":[],"_links":{"self":[{"href":"https:\/\/agora-eoi.xtec.cat\/eoiosona\/wp-json\/wp\/v2\/pages\/11339","targetHints":{"allow":["GET"]}}],"collection":[{"href":"https:\/\/agora-eoi.xtec.cat\/eoiosona\/wp-json\/wp\/v2\/pages"}],"about":[{"href":"https:\/\/agora-eoi.xtec.cat\/eoiosona\/wp-json\/wp\/v2\/types\/page"}],"author":[{"embeddable":true,"href":"https:\/\/agora-eoi.xtec.cat\/eoiosona\/wp-json\/wp\/v2\/users\/1"}],"replies":[{"embeddable":true,"href":"https:\/\/agora-eoi.xtec.cat\/eoiosona\/wp-json\/wp\/v2\/comments?post=11339"}],"version-history":[{"count":5,"href":"https:\/\/agora-eoi.xtec.cat\/eoiosona\/wp-json\/wp\/v2\/pages\/11339\/revisions"}],"predecessor-version":[{"id":12430,"href":"https:\/\/agora-eoi.xtec.cat\/eoiosona\/wp-json\/wp\/v2\/pages\/11339\/revisions\/12430"}],"up":[{"embeddable":true,"href":"https:\/\/agora-eoi.xtec.cat\/eoiosona\/wp-json\/wp\/v2\/pages\/8151"}],"wp:attachment":[{"href":"https:\/\/agora-eoi.xtec.cat\/eoiosona\/wp-json\/wp\/v2\/media?parent=11339"}],"curies":[{"name":"wp","href":"https:\/\/api.w.org\/{rel}","templated":true}]}}