{"id":11241,"date":"2023-05-16T14:03:51","date_gmt":"2023-05-16T12:03:51","guid":{"rendered":"https:\/\/agora-eoi.xtec.cat\/eoiosona\/?page_id=11241"},"modified":"2024-10-14T13:33:28","modified_gmt":"2024-10-14T11:33:28","slug":"sollicitud-de-revisio-dexamens-de-certificacio","status":"publish","type":"page","link":"https:\/\/agora-eoi.xtec.cat\/eoiosona\/secretaria\/instancies-i-solicituts\/sollicitud-de-revisio-dexamens-de-certificacio\/","title":{"rendered":"Sol\u00b7licitud de revisi\u00f3 d&#8217;ex\u00e0mens de certificaci\u00f3"},"content":{"rendered":"<h4>Procediment per a les revisions:<\/h4>\n<div>\n<div class=\"entry-content\">\n<ul>\n<li>En el cas de ser un alumne oficial, contacteu amb el vostre professor\/a abans de sol\u00b7licitar una revisi\u00f3 oficial.<\/li>\n<li>Presentar una reclamaci\u00f3 oficial: Per poder fer una revisi\u00f3 d&#8217;examen, haureu d&#8217;enviar <a style=\"font-family: inherit; font-size: 1em;\" href=\"https:\/\/agora-eoi.xtec.cat\/eoiosona\/wp-content\/uploads\/usu2247\/2023\/05\/solicitud_revisio_certificat.pdf\" target=\"_blank\" rel=\"noopener\">aquesta sol\u00b7licitud<\/a><span style=\"font-family: inherit; font-size: 1em;\"> emplenada al correu de l&#8217;escola <\/span><a style=\"font-family: inherit; font-size: 1em;\" href=\"mailto:eoiosona@cxtec.cat\">eoiosona@xtec.cat. <\/a>\n<div><\/div>\n<\/li>\n<\/ul>\n<p>Termini de reclamacions: Cal presentar la sol\u00b7licitud durant els tres dies h\u00e0bils despr\u00e9s de la publicaci\u00f3 de resultats. No s\u2019atendran reclamacions presentades fora de termini.<\/p>\n<p><strong><u>NORMATIVA:<\/u><\/strong><\/p>\n<p>Les reclamacions respecte a les qualificacions obtingudes a les proves espec\u00edfiques de certificaci\u00f3 (B1, B2, C1 i C2) s\u2019han de resoldre d\u2019acord amb el procediment previst en els apartats a i b de l\u2019article 14 de l\u2019Ordre EDU\/34\/2009, de 30 de gener. Tamb\u00e9 s\u2019han de resoldre seguint el mateix procediment les reclamacions respecte a les qualificacions obtingudes al llarg del curs i als ex\u00e0mens finals de primer i quart curs.<\/p>\n<p>En cas que la resoluci\u00f3 sigui objecte de nova reclamaci\u00f3, aquesta s\u2019ha de presentar als serveis territorials o b\u00e9 al Consorci d\u2019Educaci\u00f3 de Barcelona, mitjan\u00e7ant un escrit de la persona interessada, que s\u2019ha de presentar a trav\u00e9s del director o directora del centre.<\/p>\n<p>El director o directora del centre ha de trametre, als Serveis Territorials o al Consorci d\u2019Educaci\u00f3 de Barcelona, aquesta reclamaci\u00f3 juntament amb una c\u00f2pia de la reclamaci\u00f3 original, una c\u00f2pia de l\u2019acta de la reuni\u00f3 en la qual s\u2019hagi estudiat la reclamaci\u00f3, una c\u00f2pia de la resoluci\u00f3 recorreguda i qualsevol altra documentaci\u00f3 que, a iniciativa pr\u00f2pia o a petici\u00f3 de la persona interessada, consideri pertinent d\u2019adjuntar-hi.<\/p>\n<p>A partir de l\u2019estudi de la informaci\u00f3 rebuda, i de l\u2019informe em\u00e8s per la Inspecci\u00f3, els serveis territorials o el Consorci d\u2019Educaci\u00f3 de Barcelona resoldran definitivament.<\/p>\n<p><img decoding=\"async\" src=\"http:\/\/www.eoigirona.com\/img\/ico_fletxa.gif\" alt=\"\" border=\"0\" \/>\u00a0<a class=\"enllas_sel\" href=\"http:\/\/dogc.gencat.cat\/ca\/pdogc_canals_interns\/pdogc_resultats_fitxa\/?action=fitxa&amp;documentId=462817&amp;language=ca_ES\" target=\"_blank\" rel=\"noopener\">Veure enlla\u00e7 a la normativa<\/a><\/p>\n<\/div>\n<\/div>\n<div><\/div>\n","protected":false},"excerpt":{"rendered":"<p>Procediment per a les revisions: En el cas de ser un alumne oficial, contacteu amb el vostre professor\/a abans de sol\u00b7licitar una revisi\u00f3 oficial. Presentar una reclamaci\u00f3 oficial: Per poder fer una revisi\u00f3 d&#8217;examen, haureu d&#8217;enviar aquesta sol\u00b7licitud emplenada al correu de l&#8217;escola eoiosona@xtec.cat. Termini de reclamacions: Cal presentar la sol\u00b7licitud durant els tres dies [&hellip;]<\/p>\n","protected":false},"author":1,"featured_media":0,"parent":8370,"menu_order":0,"comment_status":"closed","ping_status":"closed","template":"page-templates\/side-menu.php","meta":{"_bbp_topic_count":0,"_bbp_reply_count":0,"_bbp_total_topic_count":0,"_bbp_total_reply_count":0,"_bbp_voice_count":0,"_bbp_anonymous_reply_count":0,"_bbp_topic_count_hidden":0,"_bbp_reply_count_hidden":0,"_bbp_forum_subforum_count":0,"site-sidebar-layout":"default","site-content-layout":"","ast-site-content-layout":"","site-content-style":"default","site-sidebar-style":"default","ast-global-header-display":"","ast-banner-title-visibility":"","ast-main-header-display":"","ast-hfb-above-header-display":"","ast-hfb-below-header-display":"","ast-hfb-mobile-header-display":"","site-post-title":"","ast-breadcrumbs-content":"","ast-featured-img":"","footer-sml-layout":"","theme-transparent-header-meta":"","adv-header-id-meta":"","stick-header-meta":"","header-above-stick-meta":"","header-main-stick-meta":"","header-below-stick-meta":"","astra-migrate-meta-layouts":"default","ast-page-background-enabled":"default","ast-page-background-meta":{"desktop":{"background-color":"var(--ast-global-color-4)","background-image":"","background-repeat":"repeat","background-position":"center center","background-size":"auto","background-attachment":"scroll","background-type":"","background-media":"","overlay-type":"","overlay-color":"","overlay-opacity":"","overlay-gradient":""},"tablet":{"background-color":"","background-image":"","background-repeat":"repeat","background-position":"center center","background-size":"auto","background-attachment":"scroll","background-type":"","background-media":"","overlay-type":"","overlay-color":"","overlay-opacity":"","overlay-gradient":""},"mobile":{"background-color":"","background-image":"","background-repeat":"repeat","background-position":"center center","background-size":"auto","background-attachment":"scroll","background-type":"","background-media":"","overlay-type":"","overlay-color":"","overlay-opacity":"","overlay-gradient":""}},"ast-content-background-meta":{"desktop":{"background-color":"var(--ast-global-color-5)","background-image":"","background-repeat":"repeat","background-position":"center center","background-size":"auto","background-attachment":"scroll","background-type":"","background-media":"","overlay-type":"","overlay-color":"","overlay-opacity":"","overlay-gradient":""},"tablet":{"background-color":"var(--ast-global-color-5)","background-image":"","background-repeat":"repeat","background-position":"center center","background-size":"auto","background-attachment":"scroll","background-type":"","background-media":"","overlay-type":"","overlay-color":"","overlay-opacity":"","overlay-gradient":""},"mobile":{"background-color":"var(--ast-global-color-5)","background-image":"","background-repeat":"repeat","background-position":"center center","background-size":"auto","background-attachment":"scroll","background-type":"","background-media":"","overlay-type":"","overlay-color":"","overlay-opacity":"","overlay-gradient":""}},"footnotes":""},"class_list":["post-11241","page","type-page","status-publish","hentry"],"post_mailing_queue_ids":[],"_links":{"self":[{"href":"https:\/\/agora-eoi.xtec.cat\/eoiosona\/wp-json\/wp\/v2\/pages\/11241","targetHints":{"allow":["GET"]}}],"collection":[{"href":"https:\/\/agora-eoi.xtec.cat\/eoiosona\/wp-json\/wp\/v2\/pages"}],"about":[{"href":"https:\/\/agora-eoi.xtec.cat\/eoiosona\/wp-json\/wp\/v2\/types\/page"}],"author":[{"embeddable":true,"href":"https:\/\/agora-eoi.xtec.cat\/eoiosona\/wp-json\/wp\/v2\/users\/1"}],"replies":[{"embeddable":true,"href":"https:\/\/agora-eoi.xtec.cat\/eoiosona\/wp-json\/wp\/v2\/comments?post=11241"}],"version-history":[{"count":4,"href":"https:\/\/agora-eoi.xtec.cat\/eoiosona\/wp-json\/wp\/v2\/pages\/11241\/revisions"}],"predecessor-version":[{"id":12125,"href":"https:\/\/agora-eoi.xtec.cat\/eoiosona\/wp-json\/wp\/v2\/pages\/11241\/revisions\/12125"}],"up":[{"embeddable":true,"href":"https:\/\/agora-eoi.xtec.cat\/eoiosona\/wp-json\/wp\/v2\/pages\/8370"}],"wp:attachment":[{"href":"https:\/\/agora-eoi.xtec.cat\/eoiosona\/wp-json\/wp\/v2\/media?parent=11241"}],"curies":[{"name":"wp","href":"https:\/\/api.w.org\/{rel}","templated":true}]}}