{"id":8370,"date":"2016-06-13T13:38:46","date_gmt":"2016-06-13T12:38:46","guid":{"rendered":"https:\/\/agora-eoi.xtec.cat\/eoiolot\/?page_id=8370"},"modified":"2025-11-30T09:32:00","modified_gmt":"2025-11-30T08:32:00","slug":"instancies-i-solicituts","status":"publish","type":"page","link":"https:\/\/agora-eoi.xtec.cat\/eoiolot\/instancies-i-solicituts\/","title":{"rendered":"Sol\u00b7licituds i autoritzacions"},"content":{"rendered":"<p>Per facilitar la tramitaci\u00f3 de diverses gestions administratives podeu <strong>descarregar-vos les sol\u00b7licituds i autoritzacions seg\u00fcents<\/strong>.<\/p>\n<p>Empleneu-les i <strong>lliureu-les a Administraci\u00f3 <\/strong>(presencialment o a trav\u00e9s del correu <a href=\"mailto:info@eoiolot.cat\">info@eoiolot.cat<\/a>), tot aportant la<strong> documentaci\u00f3 requerida<\/strong> per cada gesti\u00f3.<\/p>\n<ul>\n<li><a href=\"https:\/\/agora-eoi.xtec.cat\/eoiolot\/secretaria\/instancies-i-solicituts\/alumnat-amb-necessitats-especifiques\/\" target=\"_blank\" rel=\"noopener\">Adaptaci\u00f3 de proves per alumnat amb necessitats espec\u00edfiques<\/a><\/li>\n<li><a href=\"https:\/\/drive.google.com\/file\/d\/1Fp8UhS26w2vtSKFx_e5SaIk-1yr3wk4M\/view?usp=sharing\">Autoritzaci\u00f3 a tercers per la presentaci\u00f3 o recollida de documentaci\u00f3<\/a><\/li>\n<li><a href=\"https:\/\/drive.google.com\/file\/d\/1BZBRjATyKMedJoprIjbxgSNTgBq5-P_Z\/view?usp=share_link\" target=\"_blank\" rel=\"noopener\">Autoritzaci\u00f3 per activitats extraescolars (alumnat menor d&#8217;edat)<\/a><\/li>\n<li><a href=\"https:\/\/drive.google.com\/file\/d\/11QCmgsAZPIWaKLFWg3ji8s5ba4AmTDnY\/view?usp=sharing\" target=\"_blank\" rel=\"noopener\">Cessi\u00f3 de drets d&#8217;imatge (alumnat adult)<\/a><\/li>\n<li><a href=\"https:\/\/drive.google.com\/file\/d\/1Fs_MZKWvIrP74Exc7UyQ287T7I4gnzmB\/view?usp=sharing\" target=\"_blank\" rel=\"noopener\">Cessi\u00f3 de drets d&#8217;imatge (alumnat menor d&#8217;edat)<\/a><\/li>\n<li><a title=\"justificaci\u00f3 faltes alumnat menor d'edat\" href=\"https:\/\/drive.google.com\/file\/d\/1tnOliPjYV9rIm_2o19_O_HyOKmV3_E-V\/view?usp=sharing\" target=\"_blank\" rel=\"noopener\">Justificaci\u00f3 de faltes d\u2019assist\u00e8ncia de l&#8217;alumnat menor d&#8217;edat<\/a><\/li>\n<li><a href=\"https:\/\/drive.google.com\/file\/d\/1OiChqX2sOUSqMjUVR0TAlYtzHMsoysUK\/view?usp=sharing\" target=\"_blank\" rel=\"noopener\">Ren\u00fancia a la matr\u00edcula<\/a><\/li>\n<li><a title=\"sol\u00b7licitud canvi horari\" href=\"https:\/\/drive.google.com\/file\/d\/10JKRpg9MhzQnEkJj2kt1c3aodAkGN14e\/view?usp=sharing\" target=\"_blank\" rel=\"noopener\">Sol\u00b7licitud de canvi d\u2019horari<\/a><\/li>\n<li><a title=\"convocat\u00f2ria addicional\" href=\"https:\/\/drive.google.com\/file\/d\/1fRb3e7lz-SkYCZpPH8KTzKZIDiWNf0xz\/view?usp=sharing\" target=\"_blank\" rel=\"noopener\">Sol\u00b7licitud de convocat\u00f2ria addicional (tripitici\u00f3 de curs)<\/a><\/li>\n<li><a href=\"https:\/\/drive.google.com\/file\/d\/1bJrc8CVoeGKUjcF4_cHgHnbE5uJjBC6J\/view?usp=sharing\" target=\"_blank\" rel=\"noopener\">Sol\u00b7licitud gen\u00e8rica<\/a><\/li>\n<li><a title=\"Matr\u00edcula viva\" href=\"https:\/\/agora-eoi.xtec.cat\/eoiolot\/secretaria\/instancies-i-solicituts\/trasllat_expedient\/\" target=\"_blank\" rel=\"noopener\">Trasllat d&#8217;expedient<\/a><\/li>\n<\/ul>\n<p>Tramitaci\u00f3 electr\u00f2nica directament amb la Generalitat de Catalunya:<\/p>\n<ul>\n<li><a href=\"https:\/\/web.gencat.cat\/ca\/tramits\/tramits-temes\/devolucio-ingressos-indeguts\" target=\"_blank\" rel=\"noopener\">Devoluci\u00f3 de taxes i preus p\u00fablics:<\/a> fins al 10 d&#8217;octubre.<\/li>\n<\/ul>\n","protected":false},"excerpt":{"rendered":"<p>Per facilitar la tramitaci\u00f3 de diverses gestions administratives podeu descarregar-vos les sol\u00b7licituds i autoritzacions seg\u00fcents. Empleneu-les i lliureu-les a Administraci\u00f3 [&hellip;]<\/p>\n","protected":false},"author":1,"featured_media":0,"parent":0,"menu_order":60,"comment_status":"closed","ping_status":"closed","template":"","meta":{"_bbp_topic_count":0,"_bbp_reply_count":0,"_bbp_total_topic_count":0,"_bbp_total_reply_count":0,"_bbp_voice_count":0,"_bbp_anonymous_reply_count":0,"_bbp_topic_count_hidden":0,"_bbp_reply_count_hidden":0,"_bbp_forum_subforum_count":0,"site-sidebar-layout":"default","site-content-layout":"","ast-site-content-layout":"default","site-content-style":"default","site-sidebar-style":"default","ast-global-header-display":"","ast-banner-title-visibility":"","ast-main-header-display":"","ast-hfb-above-header-display":"","ast-hfb-below-header-display":"","ast-hfb-mobile-header-display":"","site-post-title":"","ast-breadcrumbs-content":"","ast-featured-img":"","footer-sml-layout":"","theme-transparent-header-meta":"","adv-header-id-meta":"","stick-header-meta":"","header-above-stick-meta":"","header-main-stick-meta":"","header-below-stick-meta":"","astra-migrate-meta-layouts":"set","ast-page-background-enabled":"default","ast-page-background-meta":{"desktop":{"background-color":"var(--ast-global-color-4)","background-image":"","background-repeat":"repeat","background-position":"center center","background-size":"auto","background-attachment":"scroll","background-type":"","background-media":"","overlay-type":"","overlay-color":"","overlay-opacity":"","overlay-gradient":""},"tablet":{"background-color":"","background-image":"","background-repeat":"repeat","background-position":"center center","background-size":"auto","background-attachment":"scroll","background-type":"","background-media":"","overlay-type":"","overlay-color":"","overlay-opacity":"","overlay-gradient":""},"mobile":{"background-color":"","background-image":"","background-repeat":"repeat","background-position":"center center","background-size":"auto","background-attachment":"scroll","background-type":"","background-media":"","overlay-type":"","overlay-color":"","overlay-opacity":"","overlay-gradient":""}},"ast-content-background-meta":{"desktop":{"background-color":"var(--ast-global-color-5)","background-image":"","background-repeat":"repeat","background-position":"center center","background-size":"auto","background-attachment":"scroll","background-type":"","background-media":"","overlay-type":"","overlay-color":"","overlay-opacity":"","overlay-gradient":""},"tablet":{"background-color":"var(--ast-global-color-5)","background-image":"","background-repeat":"repeat","background-position":"center center","background-size":"auto","background-attachment":"scroll","background-type":"","background-media":"","overlay-type":"","overlay-color":"","overlay-opacity":"","overlay-gradient":""},"mobile":{"background-color":"var(--ast-global-color-5)","background-image":"","background-repeat":"repeat","background-position":"center center","background-size":"auto","background-attachment":"scroll","background-type":"","background-media":"","overlay-type":"","overlay-color":"","overlay-opacity":"","overlay-gradient":""}},"footnotes":""},"class_list":["post-8370","page","type-page","status-publish","hentry"],"post_mailing_queue_ids":[],"_links":{"self":[{"href":"https:\/\/agora-eoi.xtec.cat\/eoiolot\/wp-json\/wp\/v2\/pages\/8370","targetHints":{"allow":["GET"]}}],"collection":[{"href":"https:\/\/agora-eoi.xtec.cat\/eoiolot\/wp-json\/wp\/v2\/pages"}],"about":[{"href":"https:\/\/agora-eoi.xtec.cat\/eoiolot\/wp-json\/wp\/v2\/types\/page"}],"author":[{"embeddable":true,"href":"https:\/\/agora-eoi.xtec.cat\/eoiolot\/wp-json\/wp\/v2\/users\/1"}],"replies":[{"embeddable":true,"href":"https:\/\/agora-eoi.xtec.cat\/eoiolot\/wp-json\/wp\/v2\/comments?post=8370"}],"version-history":[{"count":6,"href":"https:\/\/agora-eoi.xtec.cat\/eoiolot\/wp-json\/wp\/v2\/pages\/8370\/revisions"}],"predecessor-version":[{"id":14068,"href":"https:\/\/agora-eoi.xtec.cat\/eoiolot\/wp-json\/wp\/v2\/pages\/8370\/revisions\/14068"}],"wp:attachment":[{"href":"https:\/\/agora-eoi.xtec.cat\/eoiolot\/wp-json\/wp\/v2\/media?parent=8370"}],"curies":[{"name":"wp","href":"https:\/\/api.w.org\/{rel}","templated":true}]}}