{"id":8195,"date":"2016-06-09T14:35:19","date_gmt":"2016-06-09T13:35:19","guid":{"rendered":"https:\/\/agora-eoi.xtec.cat\/eoiolot\/?page_id=8195"},"modified":"2025-09-13T15:16:22","modified_gmt":"2025-09-13T13:16:22","slug":"frances","status":"publish","type":"page","link":"https:\/\/agora-eoi.xtec.cat\/eoiolot\/frances\/","title":{"rendered":"Franc\u00e8s"},"content":{"rendered":"\n<p>La matr\u00edcula d\u00f3na dret a assistir a classe (<strong>130 hores per curs<\/strong>) i&nbsp;als <strong>ex\u00e0mens oficials<\/strong> corresponents.<\/p>\n\n\n\n<p>Les classes tenen una durada de<strong>&nbsp;dues hores i quinze minuts<\/strong>&nbsp;(amb una pausa cap a la meitat de la sessi\u00f3) i s\u00f3n&nbsp;<strong>en<\/strong>&nbsp;<strong>dies alterns<\/strong>: o b\u00e9 en dilluns i dimecres o b\u00e9 en dimarts i dijous.<\/p>\n\n\n\n<p>Navega pels diferents submen\u00fas per trobar la informaci\u00f3 que t\u2019interessi:<\/p>\n\n\n\n<p>Horaris (<a href=\"https:\/\/agora-eoi.xtec.cat\/eoiolot\/frances\/horaris-i-professorat\/horaris_olot\/\">Olot<\/a> \/ <a href=\"https:\/\/agora-eoi.xtec.cat\/eoiolot\/frances\/horaris-i-professorat\/horaris_ripoll\/\">Ripoll<\/a>)<\/p>\n\n\n\n<p><a href=\"https:\/\/agora-eoi.xtec.cat\/eoiolot\/frances\/llibres-de-text-i-de-lectura\/\">Llibres de text i de lectura<\/a><\/p>\n\n\n\n<p><a href=\"https:\/\/agora-eoi.xtec.cat\/eoiolot\/frances\/mostres-examens\/\">Mostres d&#8217;ex\u00e0mens<\/a><\/p>\n\n\n\n<p><a href=\"https:\/\/agora-eoi.xtec.cat\/eoiolot\/departament-de-frances\">Banc de recursos de franc\u00e8s<\/a><\/p>\n\n\n\n<p><\/p>\n","protected":false},"excerpt":{"rendered":"<p>La matr\u00edcula d\u00f3na dret a assistir a classe (130 hores per curs) i&nbsp;als ex\u00e0mens oficials corresponents. Les classes tenen una [&hellip;]<\/p>\n","protected":false},"author":1,"featured_media":0,"parent":0,"menu_order":0,"comment_status":"closed","ping_status":"closed","template":"","meta":{"_bbp_topic_count":0,"_bbp_reply_count":0,"_bbp_total_topic_count":0,"_bbp_total_reply_count":0,"_bbp_voice_count":0,"_bbp_anonymous_reply_count":0,"_bbp_topic_count_hidden":0,"_bbp_reply_count_hidden":0,"_bbp_forum_subforum_count":0,"site-sidebar-layout":"default","site-content-layout":"","ast-site-content-layout":"default","site-content-style":"default","site-sidebar-style":"default","ast-global-header-display":"","ast-banner-title-visibility":"","ast-main-header-display":"","ast-hfb-above-header-display":"","ast-hfb-below-header-display":"","ast-hfb-mobile-header-display":"","site-post-title":"","ast-breadcrumbs-content":"","ast-featured-img":"","footer-sml-layout":"","theme-transparent-header-meta":"default","adv-header-id-meta":"","stick-header-meta":"","header-above-stick-meta":"","header-main-stick-meta":"","header-below-stick-meta":"","astra-migrate-meta-layouts":"set","ast-page-background-enabled":"default","ast-page-background-meta":{"desktop":{"background-color":"var(--ast-global-color-4)","background-image":"","background-repeat":"repeat","background-position":"center center","background-size":"auto","background-attachment":"scroll","background-type":"","background-media":"","overlay-type":"","overlay-color":"","overlay-opacity":"","overlay-gradient":""},"tablet":{"background-color":"","background-image":"","background-repeat":"repeat","background-position":"center center","background-size":"auto","background-attachment":"scroll","background-type":"","background-media":"","overlay-type":"","overlay-color":"","overlay-opacity":"","overlay-gradient":""},"mobile":{"background-color":"","background-image":"","background-repeat":"repeat","background-position":"center center","background-size":"auto","background-attachment":"scroll","background-type":"","background-media":"","overlay-type":"","overlay-color":"","overlay-opacity":"","overlay-gradient":""}},"ast-content-background-meta":{"desktop":{"background-color":"var(--ast-global-color-5)","background-image":"","background-repeat":"repeat","background-position":"center center","background-size":"auto","background-attachment":"scroll","background-type":"","background-media":"","overlay-type":"","overlay-color":"","overlay-opacity":"","overlay-gradient":""},"tablet":{"background-color":"var(--ast-global-color-5)","background-image":"","background-repeat":"repeat","background-position":"center center","background-size":"auto","background-attachment":"scroll","background-type":"","background-media":"","overlay-type":"","overlay-color":"","overlay-opacity":"","overlay-gradient":""},"mobile":{"background-color":"var(--ast-global-color-5)","background-image":"","background-repeat":"repeat","background-position":"center center","background-size":"auto","background-attachment":"scroll","background-type":"","background-media":"","overlay-type":"","overlay-color":"","overlay-opacity":"","overlay-gradient":""}},"footnotes":""},"class_list":["post-8195","page","type-page","status-publish","hentry"],"post_mailing_queue_ids":[],"_links":{"self":[{"href":"https:\/\/agora-eoi.xtec.cat\/eoiolot\/wp-json\/wp\/v2\/pages\/8195","targetHints":{"allow":["GET"]}}],"collection":[{"href":"https:\/\/agora-eoi.xtec.cat\/eoiolot\/wp-json\/wp\/v2\/pages"}],"about":[{"href":"https:\/\/agora-eoi.xtec.cat\/eoiolot\/wp-json\/wp\/v2\/types\/page"}],"author":[{"embeddable":true,"href":"https:\/\/agora-eoi.xtec.cat\/eoiolot\/wp-json\/wp\/v2\/users\/1"}],"replies":[{"embeddable":true,"href":"https:\/\/agora-eoi.xtec.cat\/eoiolot\/wp-json\/wp\/v2\/comments?post=8195"}],"version-history":[{"count":6,"href":"https:\/\/agora-eoi.xtec.cat\/eoiolot\/wp-json\/wp\/v2\/pages\/8195\/revisions"}],"predecessor-version":[{"id":13824,"href":"https:\/\/agora-eoi.xtec.cat\/eoiolot\/wp-json\/wp\/v2\/pages\/8195\/revisions\/13824"}],"wp:attachment":[{"href":"https:\/\/agora-eoi.xtec.cat\/eoiolot\/wp-json\/wp\/v2\/media?parent=8195"}],"curies":[{"name":"wp","href":"https:\/\/api.w.org\/{rel}","templated":true}]}}