{"id":8158,"date":"2016-06-08T16:47:01","date_gmt":"2016-06-08T15:47:01","guid":{"rendered":"https:\/\/agora-eoi.xtec.cat\/eoiolot\/?page_id=8158"},"modified":"2023-09-22T23:28:20","modified_gmt":"2023-09-22T21:28:20","slug":"cursos-especials","status":"publish","type":"page","link":"https:\/\/agora-eoi.xtec.cat\/eoiolot\/quins-estudis-oferim\/cursos-especials\/","title":{"rendered":"CURSOS DE PREPARACI\u00d3 PER EX\u00c0MENS OFICIALS"},"content":{"rendered":"<p>A l&#8217;EOI et pots preparar per <strong>presentar-te per lliure<\/strong> a les convocat\u00f2ries p\u00fabliques anuals d&#8217;ex\u00e0mens de <strong>febrer (per angl\u00e8s)<\/strong> i de <strong>maig i juny (per angl\u00e8s, alemany i franc\u00e8s)<\/strong> assistint a cursos d&#8217;un <strong>m\u00ednim de<\/strong> <strong>30 hores i un m\u00e0xim de 90<\/strong> de pr\u00e0ctica intensiva dels continguts, habilitats i estrat\u00e8gies necess\u00e0ries per superar els ex\u00e0mens i aconseguir el teu <strong>certificat de B1, B2 o C1<\/strong>.<\/p>\n<p>El preu d&#8217;aquests cursos \u00e9s p\u00fablic i est\u00e0 regulat per l&#8217;<a href=\"https:\/\/dogc.gencat.cat\/ca\/document-del-dogc\/?documentId=882082\" target=\"_blank\" rel=\"noopener\">ORDRE EDU\/155\/2020, de 18 de setembre, per la qual se suprimeixen, es creen i s&#8217;actualitzen els preus p\u00fablics i els imports de determinats ensenyaments i serveis docents de les escoles oficials d&#8217;idiomes del Departament d&#8217;Educaci\u00f3<\/a>.<\/p>\n<p>L&#8217;escola organitza aquests cursos en els diversos idiomes i nivells en funci\u00f3 de la demanda per a cada convocat\u00f2ria, i sempre que hi hagi inscrits un nombre d&#8217;alumnes equivalent a un <strong>m\u00ednim de 8 matr\u00edcules ordin\u00e0ries<\/strong>, \u00e9s a dir, sense descompte o gratu\u00eftat. (Les matr\u00edcules amb un 50% de bonificaci\u00f3 compten com a mitja pla\u00e7a ocupada, i les matr\u00edcules amb un 100% de bonificaci\u00f3 no computen en aquest m\u00ednim de 8.)<\/p>\n<p>Si no tens disponibilitat hor\u00e0ria per assistir a un curs anual de 130 hores dos cops per setmana, <strong>aquests cursos s\u00f3n una opci\u00f3 que et pot interessar!<\/strong><\/p>\n<p>&nbsp;<\/p>\n","protected":false},"excerpt":{"rendered":"<p>A l&#8217;EOI et pots preparar per presentar-te per lliure a les convocat\u00f2ries p\u00fabliques anuals d&#8217;ex\u00e0mens de febrer (per angl\u00e8s) i [&hellip;]<\/p>\n","protected":false},"author":1,"featured_media":0,"parent":9836,"menu_order":20,"comment_status":"closed","ping_status":"closed","template":"page-templates\/side-menu.php","meta":{"_bbp_topic_count":0,"_bbp_reply_count":0,"_bbp_total_topic_count":0,"_bbp_total_reply_count":0,"_bbp_voice_count":0,"_bbp_anonymous_reply_count":0,"_bbp_topic_count_hidden":0,"_bbp_reply_count_hidden":0,"_bbp_forum_subforum_count":0,"site-sidebar-layout":"default","site-content-layout":"","ast-site-content-layout":"","site-content-style":"default","site-sidebar-style":"default","ast-global-header-display":"","ast-banner-title-visibility":"","ast-main-header-display":"","ast-hfb-above-header-display":"","ast-hfb-below-header-display":"","ast-hfb-mobile-header-display":"","site-post-title":"","ast-breadcrumbs-content":"","ast-featured-img":"","footer-sml-layout":"","theme-transparent-header-meta":"","adv-header-id-meta":"","stick-header-meta":"","header-above-stick-meta":"","header-main-stick-meta":"","header-below-stick-meta":"","astra-migrate-meta-layouts":"default","ast-page-background-enabled":"default","ast-page-background-meta":{"desktop":{"background-color":"var(--ast-global-color-4)","background-image":"","background-repeat":"repeat","background-position":"center center","background-size":"auto","background-attachment":"scroll","background-type":"","background-media":"","overlay-type":"","overlay-color":"","overlay-opacity":"","overlay-gradient":""},"tablet":{"background-color":"","background-image":"","background-repeat":"repeat","background-position":"center center","background-size":"auto","background-attachment":"scroll","background-type":"","background-media":"","overlay-type":"","overlay-color":"","overlay-opacity":"","overlay-gradient":""},"mobile":{"background-color":"","background-image":"","background-repeat":"repeat","background-position":"center center","background-size":"auto","background-attachment":"scroll","background-type":"","background-media":"","overlay-type":"","overlay-color":"","overlay-opacity":"","overlay-gradient":""}},"ast-content-background-meta":{"desktop":{"background-color":"var(--ast-global-color-5)","background-image":"","background-repeat":"repeat","background-position":"center center","background-size":"auto","background-attachment":"scroll","background-type":"","background-media":"","overlay-type":"","overlay-color":"","overlay-opacity":"","overlay-gradient":""},"tablet":{"background-color":"var(--ast-global-color-5)","background-image":"","background-repeat":"repeat","background-position":"center center","background-size":"auto","background-attachment":"scroll","background-type":"","background-media":"","overlay-type":"","overlay-color":"","overlay-opacity":"","overlay-gradient":""},"mobile":{"background-color":"var(--ast-global-color-5)","background-image":"","background-repeat":"repeat","background-position":"center center","background-size":"auto","background-attachment":"scroll","background-type":"","background-media":"","overlay-type":"","overlay-color":"","overlay-opacity":"","overlay-gradient":""}},"footnotes":""},"class_list":["post-8158","page","type-page","status-publish","hentry"],"post_mailing_queue_ids":[],"_links":{"self":[{"href":"https:\/\/agora-eoi.xtec.cat\/eoiolot\/wp-json\/wp\/v2\/pages\/8158","targetHints":{"allow":["GET"]}}],"collection":[{"href":"https:\/\/agora-eoi.xtec.cat\/eoiolot\/wp-json\/wp\/v2\/pages"}],"about":[{"href":"https:\/\/agora-eoi.xtec.cat\/eoiolot\/wp-json\/wp\/v2\/types\/page"}],"author":[{"embeddable":true,"href":"https:\/\/agora-eoi.xtec.cat\/eoiolot\/wp-json\/wp\/v2\/users\/1"}],"replies":[{"embeddable":true,"href":"https:\/\/agora-eoi.xtec.cat\/eoiolot\/wp-json\/wp\/v2\/comments?post=8158"}],"version-history":[{"count":3,"href":"https:\/\/agora-eoi.xtec.cat\/eoiolot\/wp-json\/wp\/v2\/pages\/8158\/revisions"}],"predecessor-version":[{"id":12709,"href":"https:\/\/agora-eoi.xtec.cat\/eoiolot\/wp-json\/wp\/v2\/pages\/8158\/revisions\/12709"}],"up":[{"embeddable":true,"href":"https:\/\/agora-eoi.xtec.cat\/eoiolot\/wp-json\/wp\/v2\/pages\/9836"}],"wp:attachment":[{"href":"https:\/\/agora-eoi.xtec.cat\/eoiolot\/wp-json\/wp\/v2\/media?parent=8158"}],"curies":[{"name":"wp","href":"https:\/\/api.w.org\/{rel}","templated":true}]}}