{"id":13646,"date":"2025-07-24T09:16:18","date_gmt":"2025-07-24T07:16:18","guid":{"rendered":"https:\/\/agora-eoi.xtec.cat\/eoiolot\/?page_id=13646"},"modified":"2025-07-24T09:17:43","modified_gmt":"2025-07-24T07:17:43","slug":"si-et-vols-presentar-a-un-examen-de-certificat-per-lliure-febrer","status":"publish","type":"page","link":"https:\/\/agora-eoi.xtec.cat\/eoiolot\/secretaria\/si-et-vols-presentar-a-un-examen-de-certificat-per-lliure-febrer\/","title":{"rendered":"SI ET VOLS PRESENTAR A UN EXAMEN DE CERTIFICAT PER LLIURE (GENER)"},"content":{"rendered":"\n<p>A l\u2019EOI d\u2019Olot &amp; Ripoll et pots presentar\u00a0<strong>per lliure<\/strong>\u00a0a la convocat\u00f2ria extraordin\u00e0ria dels ex\u00e0mens oficials de certificaci\u00f3 dels idiomes i nivells seg\u00fcents:<\/p>\n\n\n\n<p><strong>Gener:<\/strong>\u00a0B1 i C1 d\u2019angl\u00e8s<\/p>\n\n\n\n<h6 class=\"wp-block-heading\"><strong>REQUISITS<\/strong><\/h6>\n\n\n\n<ul class=\"wp-block-list\">\n<li>Tenir com a m\u00ednim 15 anys o complir-los durant l\u2019any de la realitzaci\u00f3\u00a0de la prova i haver superat el 2n d\u2019ESO (o nivell equivalent).<\/li>\n\n\n\n<li>No poden presentar-s\u2019hi les persones que ja disposen d\u2019una certificaci\u00f3 d\u2019EOI del mateix idioma i nivell.<\/li>\n\n\n\n<li>No es pot tenir simult\u00e0niament la condici\u00f3 d\u2019alumne\/a oficial (dels ensenyaments presencials o dels ensenyaments a dist\u00e0ncia del primer semestre) del curs 2025-2026 i d\u2019aspirant de r\u00e8gim lliure del mateix idioma.<\/li>\n\n\n\n<li>Un mateix aspirant no pot inscriure\u2019s a m\u00e9s d\u2019una prova de certificaci\u00f3.<\/li>\n<\/ul>\n\n\n\n<h6 class=\"wp-block-heading\">&nbsp;<\/h6>\n\n\n\n<h6 class=\"wp-block-heading\"><strong>INSCRIPCIONS<\/strong><\/h6>\n\n\n\n<p><strong>Convocat\u00f2ria de gener de 2026:<\/strong>\u00a0del 10 de novembre (a partir de les 9.00 h) al 14 de novembre de 2025 (fins les 23.59 h). Si vols rebre un correu recordatori el dia 10 de novembre, omple aquest\u00a0<a href=\"https:\/\/docs.google.com\/forms\/d\/e\/1FAIpQLSeMACC5HOfoOYxpxRq5viemmBLHfKpPZrhWDYBZmEieO2X1Tg\/viewform?usp=dialog\" target=\"_blank\" rel=\"noreferrer noopener\">formulari<\/a>.<\/p>\n\n\n\n<p><br><a href=\"http:\/\/ensenyament.gencat.cat\/ca\/serveis-tramits\/proves\/proves-lliures-obtencio-titols\/\" target=\"_blank\" rel=\"noreferrer noopener\">Accedeix a l\u2019aplicaci\u00f3 d\u2019inscripci\u00f3 fent clic aqu\u00ed.<\/a><\/p>\n\n\n\n<h6 class=\"wp-block-heading\"><strong>PREUS<\/strong><\/h6>\n\n\n\n<p><strong>Nivell B1:<\/strong>\u00a078,40 \u20ac<br><strong>Nivell C1:<\/strong>\u00a096,65 \u20ac<\/p>\n\n\n\n<h6 class=\"wp-block-heading\"><strong>DESCOMPTES DEL 50%<\/strong><\/h6>\n\n\n\n<h6 class=\"wp-block-heading\">Per fam\u00edlia nombrosa de categoria general<br>Per fam\u00edlia monoparental<\/h6>\n\n\n\n<p>Amb la corresponent acreditaci\u00f3 documental&nbsp;vigent, els imports amb el 50% de descompte s\u00f3n:<\/p>\n\n\n\n<p><strong>Nivell B1 i B2:<\/strong>&nbsp;39,20 \u20ac<br><strong>Nivell C1:<\/strong>&nbsp;48,35 \u20ac<\/p>\n\n\n\n<h6 class=\"wp-block-heading\"><strong>GRATU\u00cfTAT DE LES PROVES (B1, B2 i C1)<\/strong><\/h6>\n\n\n\n<p>Et pots beneficiar de l\u2019exempci\u00f3 del pagament de la taxa de les proves de certificaci\u00f3 si et trobes en alguna de les situacions seg\u00fcents:<\/p>\n\n\n\n<h6 class=\"wp-block-heading\">Per tenir un t\u00edtol vigent de fam\u00edlia nombrosa de categoria especial<br>Per tenir una discapacitat reconeguda igual o superior al 33%<br>Per ser adolescent en acolliment familiar<br>Per ser menor tutelat, o b\u00e9 extutelat menor de 21 anys<br>Per ser membre d\u2019una unitat familiar que percep la renda garantida de ciutadania<br>Per ser v\u00edctima de viol\u00e8ncia de g\u00e8nere<br>Per ser v\u00edctima d\u2019actes terroristes, o b\u00e9 c\u00f2njuge o fill d\u2019una v\u00edctima<br>Per estar subjecte a mesures privatives de llibertat<\/h6>\n\n\n\n<h6 class=\"wp-block-heading\"><strong><br>DIA I HORA DE LES PARTS ESCRITES DE LES PROVES PER ALS CANDIDATS LLIURES<\/strong><\/h6>\n\n\n\n<h6 class=\"wp-block-heading\"><strong>Nivell Intermedi B1<\/strong><\/h6>\n\n\n\n<p><strong><em>Convocat\u00f2ria de gener<\/em><br>Angl\u00e8s:<\/strong>\u00a0divendres 30 de gener de 2026 a les 15.30 h<br><em>(La prova comen\u00e7ar\u00e0 puntual a les 16.00 h)<\/em><\/p>\n\n\n\n<h6 class=\"wp-block-heading\"><strong>Nivell Avan\u00e7at C1<\/strong><\/h6>\n\n\n\n<p><strong><em>Convocat\u00f2ria de gener<\/em><br>Angl\u00e8s:<\/strong>&nbsp;divendres 30 de gener de 2026 a les 15.30 h<br><em>(La prova comen\u00e7ar\u00e0 puntual a les 16.00 h)<\/em><\/p>\n\n\n\n<h6 class=\"wp-block-heading\">Els dies de les proves, per examinar-se \u00e9s imprescindible&nbsp;portar l\u2019original del document identificatiu amb qu\u00e8 s\u2019ha fet la inscripci\u00f3 (DNI, passaport o NIE).<\/h6>\n\n\n\n<h6 class=\"wp-block-heading\"><strong>Els dispositius electr\u00f2nics han de mantenir-se apagats al llarg de totes les proves i guardats amb les pertinences. La prova del candidat que contravingui aquesta norma ser\u00e0 anul\u00b7lada.<\/strong><\/h6>\n\n\n\n<h6 class=\"wp-block-heading\"><strong><br>DIA I HORA DE LES PARTS ORALS DE LES PROVES PER ALS CANDIDATS LLIURES<\/strong><\/h6>\n\n\n\n<p>La convocat\u00f2ria personal de la prova oral es lliurar\u00e0 el mateix dia de la prova escrita. Les proves orals es duran a terme els dies immediatament posteriors a les proves escrites i caldr\u00e0 ser-hi 15 minuts abans.<\/p>\n\n\n\n<h6 class=\"wp-block-heading\"><strong>PUBLICACI\u00d3 DELS RESULTATS<\/strong><\/h6>\n\n\n\n<p><strong><em>Convocat\u00f2ria extraordin\u00e0ria de gener<br><\/em><\/strong><strong>Qualificacions provisionals:<\/strong>&nbsp;16 de febrer de 2026<br><strong>Qualificacions definitives:<\/strong>&nbsp;20 de febrer de 2026<br><em>(Reclamacions fins les 12.00 h del 19 de febrer de 2026)<\/em><\/p>\n","protected":false},"excerpt":{"rendered":"<p>A l\u2019EOI d\u2019Olot &amp; Ripoll et pots presentar\u00a0per lliure\u00a0a la convocat\u00f2ria extraordin\u00e0ria dels ex\u00e0mens oficials de certificaci\u00f3 dels idiomes i [&hellip;]<\/p>\n","protected":false},"author":1,"featured_media":0,"parent":8358,"menu_order":0,"comment_status":"closed","ping_status":"close","template":"","meta":{"_bbp_topic_count":0,"_bbp_reply_count":0,"_bbp_total_topic_count":0,"_bbp_total_reply_count":0,"_bbp_voice_count":0,"_bbp_anonymous_reply_count":0,"_bbp_topic_count_hidden":0,"_bbp_reply_count_hidden":0,"_bbp_forum_subforum_count":0,"site-sidebar-layout":"default","site-content-layout":"","ast-site-content-layout":"default","site-content-style":"default","site-sidebar-style":"default","ast-global-header-display":"","ast-banner-title-visibility":"","ast-main-header-display":"","ast-hfb-above-header-display":"","ast-hfb-below-header-display":"","ast-hfb-mobile-header-display":"","site-post-title":"","ast-breadcrumbs-content":"","ast-featured-img":"","footer-sml-layout":"","theme-transparent-header-meta":"","adv-header-id-meta":"","stick-header-meta":"","header-above-stick-meta":"","header-main-stick-meta":"","header-below-stick-meta":"","astra-migrate-meta-layouts":"set","ast-page-background-enabled":"default","ast-page-background-meta":{"desktop":{"background-color":"var(--ast-global-color-4)","background-image":"","background-repeat":"repeat","background-position":"center center","background-size":"auto","background-attachment":"scroll","background-type":"","background-media":"","overlay-type":"","overlay-color":"","overlay-opacity":"","overlay-gradient":""},"tablet":{"background-color":"","background-image":"","background-repeat":"repeat","background-position":"center center","background-size":"auto","background-attachment":"scroll","background-type":"","background-media":"","overlay-type":"","overlay-color":"","overlay-opacity":"","overlay-gradient":""},"mobile":{"background-color":"","background-image":"","background-repeat":"repeat","background-position":"center center","background-size":"auto","background-attachment":"scroll","background-type":"","background-media":"","overlay-type":"","overlay-color":"","overlay-opacity":"","overlay-gradient":""}},"ast-content-background-meta":{"desktop":{"background-color":"var(--ast-global-color-5)","background-image":"","background-repeat":"repeat","background-position":"center center","background-size":"auto","background-attachment":"scroll","background-type":"","background-media":"","overlay-type":"","overlay-color":"","overlay-opacity":"","overlay-gradient":""},"tablet":{"background-color":"var(--ast-global-color-5)","background-image":"","background-repeat":"repeat","background-position":"center center","background-size":"auto","background-attachment":"scroll","background-type":"","background-media":"","overlay-type":"","overlay-color":"","overlay-opacity":"","overlay-gradient":""},"mobile":{"background-color":"var(--ast-global-color-5)","background-image":"","background-repeat":"repeat","background-position":"center center","background-size":"auto","background-attachment":"scroll","background-type":"","background-media":"","overlay-type":"","overlay-color":"","overlay-opacity":"","overlay-gradient":""}},"footnotes":""},"class_list":["post-13646","page","type-page","status-publish","hentry"],"post_mailing_queue_ids":[],"_links":{"self":[{"href":"https:\/\/agora-eoi.xtec.cat\/eoiolot\/wp-json\/wp\/v2\/pages\/13646","targetHints":{"allow":["GET"]}}],"collection":[{"href":"https:\/\/agora-eoi.xtec.cat\/eoiolot\/wp-json\/wp\/v2\/pages"}],"about":[{"href":"https:\/\/agora-eoi.xtec.cat\/eoiolot\/wp-json\/wp\/v2\/types\/page"}],"author":[{"embeddable":true,"href":"https:\/\/agora-eoi.xtec.cat\/eoiolot\/wp-json\/wp\/v2\/users\/1"}],"replies":[{"embeddable":true,"href":"https:\/\/agora-eoi.xtec.cat\/eoiolot\/wp-json\/wp\/v2\/comments?post=13646"}],"version-history":[{"count":2,"href":"https:\/\/agora-eoi.xtec.cat\/eoiolot\/wp-json\/wp\/v2\/pages\/13646\/revisions"}],"predecessor-version":[{"id":13650,"href":"https:\/\/agora-eoi.xtec.cat\/eoiolot\/wp-json\/wp\/v2\/pages\/13646\/revisions\/13650"}],"up":[{"embeddable":true,"href":"https:\/\/agora-eoi.xtec.cat\/eoiolot\/wp-json\/wp\/v2\/pages\/8358"}],"wp:attachment":[{"href":"https:\/\/agora-eoi.xtec.cat\/eoiolot\/wp-json\/wp\/v2\/media?parent=13646"}],"curies":[{"name":"wp","href":"https:\/\/api.w.org\/{rel}","templated":true}]}}