{"id":12266,"date":"2023-03-02T19:02:18","date_gmt":"2023-03-02T18:02:18","guid":{"rendered":"https:\/\/agora-eoi.xtec.cat\/eoiolot\/?page_id=12266"},"modified":"2025-06-30T11:20:05","modified_gmt":"2025-06-30T09:20:05","slug":"departament-de-frances","status":"publish","type":"page","link":"https:\/\/agora-eoi.xtec.cat\/eoiolot\/departament-de-frances\/","title":{"rendered":"Departament de franc\u00e8s"},"content":{"rendered":"<p><strong>Recursos per a l&#8217;autoaprenentatge:<\/strong><\/p>\n<ul>\n<li style=\"font-weight: 400;\" aria-level=\"1\">Bonjour de France: <a href=\"https:\/\/bonjourdefrance.com\/\"><span style=\"font-weight: 400;\">https:\/\/bonjourdefrance.com\/<\/span><\/a><\/li>\n<li style=\"font-weight: 400;\" aria-level=\"1\">Le Point du FLE: <a href=\"https:\/\/www.lepointdufle.net\/p\/apprendre_le_francais.htm\"><span style=\"font-weight: 400;\">https:\/\/www.lepointdufle.net\/p\/apprendre_le_francais.htm<\/span><\/a><span style=\"font-weight: 400;\">\u00a0<\/span><\/li>\n<\/ul>\n<p><b>Diccionaris biling\u00fces i monoling\u00fces:<\/b><\/p>\n<ul>\n<li><a href=\"https:\/\/www.wordreference.com\/\">Wordreference<\/a><\/li>\n<li><a href=\"https:\/\/langue-francaise.tv5monde.com\/decouvrir\/dictionnaire\">TV5 Monde<\/a><\/li>\n<li><a href=\"https:\/\/www.larousse.fr\/\">Larousse<\/a><\/li>\n<\/ul>\n<p><b>P\u00e0gines per treballar la comprensi\u00f3 oral i escrita (Compr\u00e9hension Orale et \u00c9crite):<\/b><\/p>\n<ul>\n<li>Web per aprendre amb l&#8217;actualitat, exercicis per nivells: <a href=\"https:\/\/apprendre.tv5monde.com\/fr\">TV5 Monde<\/a><\/li>\n<li>Web per aprendre amb l&#8217;actualitat internacional per nivells (podcasts i exercicis): <a href=\"https:\/\/francaisfacile.rfi.fr\/fr\/\">RFI Radio France Internationale<\/a><\/li>\n<li>Web per aprendre a trav\u00e9s de podcasts de diferent tem\u00e0tica: <a href=\"https:\/\/www.podcastfrancaisfacile.com\/\">Podcast en fran\u00e7ais facile<\/a><\/li>\n<\/ul>\n<p><b>P\u00e0gines per treballar l&#8217;\u00fas de la llengua (Grammaire, conjugaison, orthographe, lexique):<\/b><\/p>\n<ul>\n<li><a href=\"https:\/\/fr.ver-taal.com\/\">Ver-taal<\/a><\/li>\n<li><a href=\"https:\/\/www.francaisfacile.com\/\">Fran\u00e7ais Facile<\/a><\/li>\n<li><a href=\"https:\/\/grammaire.reverso.net\/\">Grammaire reverso<\/a><\/li>\n<\/ul>\n<p><b>P\u00e0gines web MEDIA:<\/b><\/p>\n<p><b>Presse Francophone<\/b><\/p>\n<ul>\n<li><span style=\"font-weight: 400;\"><a href=\"https:\/\/www.lexilogos.com\/presse_francais.htm\">Lexilogos<\/a><\/span><\/li>\n<\/ul>\n<p><b>Audio livres<\/b><\/p>\n<ul>\n<li>Llibres amb \u00e0udio gratu\u00efts distribu\u00efts per g\u00e8nere: <a href=\"https:\/\/www.litteratureaudio.com\/notre-bibliotheque-de-livres-audio-gratuits\">litteratureaudio\u00a0<\/a><\/li>\n<\/ul>\n<p><b>S\u00e9ries et films<\/b><\/p>\n<ul>\n<li>Web per veure pel\u00b7l\u00edcules i s\u00e8ries en llengua francesa: <a href=\"https:\/\/www.tv5mondeplus.com\/fr\">TV5 Monde Plus<\/a><\/li>\n<li>Web per veure pel\u00b7l\u00edcules i s\u00e8ries en llengua francesa: <a href=\"https:\/\/www.myfrenchfilmfestival.com\/\">My French Film Festival<\/a><\/li>\n<\/ul>\n<p>&nbsp;<\/p>\n<p>&nbsp;<\/p>\n","protected":false},"excerpt":{"rendered":"<p>Recursos per a l&#8217;autoaprenentatge: Bonjour de France: https:\/\/bonjourdefrance.com\/ Le Point du FLE: https:\/\/www.lepointdufle.net\/p\/apprendre_le_francais.htm\u00a0 Diccionaris biling\u00fces i monoling\u00fces: Wordreference TV5 Monde [&hellip;]<\/p>\n","protected":false},"author":1,"featured_media":0,"parent":0,"menu_order":0,"comment_status":"closed","ping_status":"closed","template":"","meta":{"_bbp_topic_count":0,"_bbp_reply_count":0,"_bbp_total_topic_count":0,"_bbp_total_reply_count":0,"_bbp_voice_count":0,"_bbp_anonymous_reply_count":0,"_bbp_topic_count_hidden":0,"_bbp_reply_count_hidden":0,"_bbp_forum_subforum_count":0,"site-sidebar-layout":"default","site-content-layout":"","ast-site-content-layout":"default","site-content-style":"default","site-sidebar-style":"default","ast-global-header-display":"","ast-banner-title-visibility":"","ast-main-header-display":"","ast-hfb-above-header-display":"","ast-hfb-below-header-display":"","ast-hfb-mobile-header-display":"","site-post-title":"","ast-breadcrumbs-content":"","ast-featured-img":"","footer-sml-layout":"","theme-transparent-header-meta":"default","adv-header-id-meta":"","stick-header-meta":"","header-above-stick-meta":"","header-main-stick-meta":"","header-below-stick-meta":"","astra-migrate-meta-layouts":"set","ast-page-background-enabled":"default","ast-page-background-meta":{"desktop":{"background-color":"var(--ast-global-color-4)","background-image":"","background-repeat":"repeat","background-position":"center center","background-size":"auto","background-attachment":"scroll","background-type":"","background-media":"","overlay-type":"","overlay-color":"","overlay-opacity":"","overlay-gradient":""},"tablet":{"background-color":"","background-image":"","background-repeat":"repeat","background-position":"center center","background-size":"auto","background-attachment":"scroll","background-type":"","background-media":"","overlay-type":"","overlay-color":"","overlay-opacity":"","overlay-gradient":""},"mobile":{"background-color":"","background-image":"","background-repeat":"repeat","background-position":"center center","background-size":"auto","background-attachment":"scroll","background-type":"","background-media":"","overlay-type":"","overlay-color":"","overlay-opacity":"","overlay-gradient":""}},"ast-content-background-meta":{"desktop":{"background-color":"var(--ast-global-color-5)","background-image":"","background-repeat":"repeat","background-position":"center center","background-size":"auto","background-attachment":"scroll","background-type":"","background-media":"","overlay-type":"","overlay-color":"","overlay-opacity":"","overlay-gradient":""},"tablet":{"background-color":"var(--ast-global-color-5)","background-image":"","background-repeat":"repeat","background-position":"center center","background-size":"auto","background-attachment":"scroll","background-type":"","background-media":"","overlay-type":"","overlay-color":"","overlay-opacity":"","overlay-gradient":""},"mobile":{"background-color":"var(--ast-global-color-5)","background-image":"","background-repeat":"repeat","background-position":"center center","background-size":"auto","background-attachment":"scroll","background-type":"","background-media":"","overlay-type":"","overlay-color":"","overlay-opacity":"","overlay-gradient":""}},"footnotes":""},"class_list":["post-12266","page","type-page","status-publish","hentry"],"post_mailing_queue_ids":[],"_links":{"self":[{"href":"https:\/\/agora-eoi.xtec.cat\/eoiolot\/wp-json\/wp\/v2\/pages\/12266","targetHints":{"allow":["GET"]}}],"collection":[{"href":"https:\/\/agora-eoi.xtec.cat\/eoiolot\/wp-json\/wp\/v2\/pages"}],"about":[{"href":"https:\/\/agora-eoi.xtec.cat\/eoiolot\/wp-json\/wp\/v2\/types\/page"}],"author":[{"embeddable":true,"href":"https:\/\/agora-eoi.xtec.cat\/eoiolot\/wp-json\/wp\/v2\/users\/1"}],"replies":[{"embeddable":true,"href":"https:\/\/agora-eoi.xtec.cat\/eoiolot\/wp-json\/wp\/v2\/comments?post=12266"}],"version-history":[{"count":4,"href":"https:\/\/agora-eoi.xtec.cat\/eoiolot\/wp-json\/wp\/v2\/pages\/12266\/revisions"}],"predecessor-version":[{"id":13523,"href":"https:\/\/agora-eoi.xtec.cat\/eoiolot\/wp-json\/wp\/v2\/pages\/12266\/revisions\/13523"}],"wp:attachment":[{"href":"https:\/\/agora-eoi.xtec.cat\/eoiolot\/wp-json\/wp\/v2\/media?parent=12266"}],"curies":[{"name":"wp","href":"https:\/\/api.w.org\/{rel}","templated":true}]}}