{"id":11690,"date":"2022-10-06T20:42:45","date_gmt":"2022-10-06T18:42:45","guid":{"rendered":"https:\/\/agora-eoi.xtec.cat\/eoiolot\/?page_id=11690"},"modified":"2022-11-09T16:45:34","modified_gmt":"2022-11-09T15:45:34","slug":"documentacio-estrategica","status":"publish","type":"page","link":"https:\/\/agora-eoi.xtec.cat\/eoiolot\/el-servei-educatiu\/com-funcionem\/estrategia-digital-de-centre\/cultura-digital\/documentacio-estrategica\/","title":{"rendered":"Documentaci\u00f3 estrat\u00e8gica"},"content":{"rendered":"<p style=\"text-align: justify;\"><span style=\"font-weight: 400;\">La cultura digital apareix en pr\u00e0cticament tots els documents estrat\u00e8gics del centre. A continuaci\u00f3, es remarquen els aspectes m\u00e9s importants de cadascun d&#8217;ells:<\/span><\/p>\n<h3 style=\"text-align: justify;\"><a href=\"https:\/\/agora-eoi.xtec.cat\/eoiolot\/el-servei-educatiu\/com-funcionem\/projecte-educatiu-de-centre-pec\/\"><b>PEC<\/b><\/a><\/h3>\n<p style=\"text-align: justify;\"><span style=\"font-weight: 400;\">En l\u2019apartat 3., a<\/span><b>\u00a0<\/b><span style=\"font-weight: 400;\">PRINCIPIS PEDAG\u00d2GICS I DECISIONS CURRICULARS i dins de les prioritats i objectius educatius, es destaca:\u00a0<\/span><\/p>\n<ul style=\"text-align: justify;\">\n<li style=\"font-weight: 400;\" aria-level=\"1\"><i><span style=\"font-weight: 400;\">\u201cAprofitar el potencial que tenen les noves tecnologies de la comunicaci\u00f3 i de la informaci\u00f3, introduint\u2010les a l\u2019aula i a tots els \u00e0mbits de la vida acad\u00e8mica.\u201d<\/span><\/i><\/li>\n<\/ul>\n<ul style=\"text-align: justify;\">\n<li style=\"font-weight: 400;\" aria-level=\"1\"><i><span style=\"font-weight: 400;\">\u201cPotenciar l\u2019actualitzaci\u00f3 i perfeccionament del professorat en l\u2019\u00fas de les noves tecnologies.\u201d<\/span><\/i><\/li>\n<\/ul>\n<p style=\"text-align: justify;\"><span style=\"font-weight: 400;\">A l\u2019apartat 7.3.5., a DRETS I DEURES DE L\u2019ALUMNAT, dins de l\u2019apartat 2, punt \u201c<em>h<\/em>\u201d s\u2019estipula que:<\/span><\/p>\n<ul style=\"text-align: justify;\">\n<li style=\"font-weight: 400;\" aria-level=\"1\"><i><span style=\"font-weight: 400;\">\u201cL\u2019alumnat t\u00e9 el dret a <\/span><\/i><i><span style=\"font-weight: 400;\">\u00e9sser educats en el discurs audiovisual\u201d.<\/span><\/i><\/li>\n<\/ul>\n<h3 style=\"text-align: justify;\"><a href=\"https:\/\/agora-eoi.xtec.cat\/eoiolot\/el-servei-educatiu\/com-funcionem\/normes-i-funcionament\/\"><b>NOFC<\/b><\/a><\/h3>\n<p style=\"text-align: justify;\"><span style=\"font-weight: 400;\">La cultura digital apareix a les NOFC b\u00e0sicament en els seg\u00fcents apartats:<\/span><\/p>\n<ul style=\"text-align: justify;\">\n<li style=\"font-weight: 400;\" aria-level=\"1\"><span style=\"font-weight: 400;\">Al punt 3.4.1. on es detallen les funcions del coordinador digital del centre.<\/span><\/li>\n<li style=\"font-weight: 400;\" aria-level=\"1\"><span style=\"font-weight: 400;\">A la secci\u00f3 7.1.1., a l\u2019apartat DRETS DE L&#8217;ALUMNAT s&#8217;estipula que tot l&#8217;alumnat del centre t\u00e9 dret a \u00e9sser educat en l&#8217;\u00e0mbit de cultura digital (<a href=\"https:\/\/agora-eoi.xtec.cat\/eoiolot\/estrategia-digital-de-centre\/cultura-digital\/acollida-digital-alumnat\/\">vegeu acollida digital alumnat<\/a>)<\/span><\/li>\n<li style=\"font-weight: 400;\" aria-level=\"1\"><span style=\"font-weight: 400;\">A l&#8217;apartat 8.4., dins dels DRETS I DEURES DEL PROFESSORAT s\u2019indica que els docents del centre han de\u00a0 <\/span><i><span style=\"font-weight: 400;\">\u201cmantenir i actualitzar l\u2019espai Moodle dins de les possibilitats dels departaments.\u201d<\/span><\/i><\/li>\n<li style=\"font-weight: 400;\" aria-level=\"1\"><span style=\"font-weight: 400;\">Al punt 8.8., es determinen les funcions <\/span><span style=\"font-weight: 400;\">del coordinador digital respecte a l\u2019acollida del nou professorat (<\/span><a href=\"https:\/\/agora-eoi.xtec.cat\/eoiolot\/estrategia-digital-de-centre\/cultura-digital\/acollida-digital-docent\/\"><span style=\"font-weight: 400;\">vegeu acollida digital docent<\/span><\/a><span style=\"font-weight: 400;\">).<\/span><\/li>\n<li style=\"font-weight: 400;\" aria-level=\"1\"><span style=\"font-weight: 400;\">Dins de l\u2019apartat 8.9., referent a la formaci\u00f3 del professorat, es determina com a objectiu clau: <\/span><i><span style=\"font-weight: 400;\">\u00a0&#8220;l\u2019actualitzaci\u00f3 de les metodologies i la gesti\u00f3 de l\u2019aula i l\u2019actualitzaci\u00f3 de la compet\u00e8ncia digital per tal de donar resposta als nous reptes tecnol\u00f2gics de la societat&#8221;.<\/span><\/i><\/li>\n<li style=\"font-weight: 400;\" aria-level=\"1\"><span style=\"font-weight: 400;\">Finalment, a l\u2019apartat 9., a Personal d\u2019administraci\u00f3 i Serveis (PAS), al punt \u201c<em>d<\/em>\u201d s&#8217;indica que \u00e9s una de les seves funcions la <\/span><i><span style=\"font-weight: 400;\">\u201cgesti\u00f3 inform\u00e0tica de dades (domini de l&#8217;aplicaci\u00f3 inform\u00e0tica que correspongui en cada cas)\u201d.<\/span><\/i><\/li>\n<\/ul>\n<p style=\"text-align: justify;\">\n","protected":false},"excerpt":{"rendered":"<p>La cultura digital apareix en pr\u00e0cticament tots els documents estrat\u00e8gics del centre. A continuaci\u00f3, es remarquen els aspectes m\u00e9s importants [&hellip;]<\/p>\n","protected":false},"author":1,"featured_media":0,"parent":11688,"menu_order":1,"comment_status":"closed","ping_status":"closed","template":"page-templates\/side-menu.php","meta":{"_bbp_topic_count":0,"_bbp_reply_count":0,"_bbp_total_topic_count":0,"_bbp_total_reply_count":0,"_bbp_voice_count":0,"_bbp_anonymous_reply_count":0,"_bbp_topic_count_hidden":0,"_bbp_reply_count_hidden":0,"_bbp_forum_subforum_count":0,"site-sidebar-layout":"default","site-content-layout":"","ast-site-content-layout":"","site-content-style":"default","site-sidebar-style":"default","ast-global-header-display":"","ast-banner-title-visibility":"","ast-main-header-display":"","ast-hfb-above-header-display":"","ast-hfb-below-header-display":"","ast-hfb-mobile-header-display":"","site-post-title":"","ast-breadcrumbs-content":"","ast-featured-img":"","footer-sml-layout":"","theme-transparent-header-meta":"","adv-header-id-meta":"","stick-header-meta":"","header-above-stick-meta":"","header-main-stick-meta":"","header-below-stick-meta":"","astra-migrate-meta-layouts":"default","ast-page-background-enabled":"default","ast-page-background-meta":{"desktop":{"background-color":"var(--ast-global-color-4)","background-image":"","background-repeat":"repeat","background-position":"center center","background-size":"auto","background-attachment":"scroll","background-type":"","background-media":"","overlay-type":"","overlay-color":"","overlay-opacity":"","overlay-gradient":""},"tablet":{"background-color":"","background-image":"","background-repeat":"repeat","background-position":"center center","background-size":"auto","background-attachment":"scroll","background-type":"","background-media":"","overlay-type":"","overlay-color":"","overlay-opacity":"","overlay-gradient":""},"mobile":{"background-color":"","background-image":"","background-repeat":"repeat","background-position":"center center","background-size":"auto","background-attachment":"scroll","background-type":"","background-media":"","overlay-type":"","overlay-color":"","overlay-opacity":"","overlay-gradient":""}},"ast-content-background-meta":{"desktop":{"background-color":"var(--ast-global-color-5)","background-image":"","background-repeat":"repeat","background-position":"center center","background-size":"auto","background-attachment":"scroll","background-type":"","background-media":"","overlay-type":"","overlay-color":"","overlay-opacity":"","overlay-gradient":""},"tablet":{"background-color":"var(--ast-global-color-5)","background-image":"","background-repeat":"repeat","background-position":"center center","background-size":"auto","background-attachment":"scroll","background-type":"","background-media":"","overlay-type":"","overlay-color":"","overlay-opacity":"","overlay-gradient":""},"mobile":{"background-color":"var(--ast-global-color-5)","background-image":"","background-repeat":"repeat","background-position":"center center","background-size":"auto","background-attachment":"scroll","background-type":"","background-media":"","overlay-type":"","overlay-color":"","overlay-opacity":"","overlay-gradient":""}},"footnotes":""},"class_list":["post-11690","page","type-page","status-publish","hentry"],"post_mailing_queue_ids":[],"_links":{"self":[{"href":"https:\/\/agora-eoi.xtec.cat\/eoiolot\/wp-json\/wp\/v2\/pages\/11690","targetHints":{"allow":["GET"]}}],"collection":[{"href":"https:\/\/agora-eoi.xtec.cat\/eoiolot\/wp-json\/wp\/v2\/pages"}],"about":[{"href":"https:\/\/agora-eoi.xtec.cat\/eoiolot\/wp-json\/wp\/v2\/types\/page"}],"author":[{"embeddable":true,"href":"https:\/\/agora-eoi.xtec.cat\/eoiolot\/wp-json\/wp\/v2\/users\/1"}],"replies":[{"embeddable":true,"href":"https:\/\/agora-eoi.xtec.cat\/eoiolot\/wp-json\/wp\/v2\/comments?post=11690"}],"version-history":[{"count":4,"href":"https:\/\/agora-eoi.xtec.cat\/eoiolot\/wp-json\/wp\/v2\/pages\/11690\/revisions"}],"predecessor-version":[{"id":11771,"href":"https:\/\/agora-eoi.xtec.cat\/eoiolot\/wp-json\/wp\/v2\/pages\/11690\/revisions\/11771"}],"up":[{"embeddable":true,"href":"https:\/\/agora-eoi.xtec.cat\/eoiolot\/wp-json\/wp\/v2\/pages\/11688"}],"wp:attachment":[{"href":"https:\/\/agora-eoi.xtec.cat\/eoiolot\/wp-json\/wp\/v2\/media?parent=11690"}],"curies":[{"name":"wp","href":"https:\/\/api.w.org\/{rel}","templated":true}]}}