{"id":10704,"date":"2021-09-13T03:16:06","date_gmt":"2021-09-13T01:16:06","guid":{"rendered":"https:\/\/agora-eoi.xtec.cat\/eoiolot\/?page_id=10704"},"modified":"2023-09-09T23:02:12","modified_gmt":"2023-09-09T21:02:12","slug":"si-estudies-a-leoi-una-llengua-diferent-de-la-que-fas-com-a-obligatoria-a-linstitut","status":"publish","type":"page","link":"https:\/\/agora-eoi.xtec.cat\/eoiolot\/secretaria\/casos-especials-de-matricula\/si-estudies-a-leoi-una-llengua-diferent-de-la-que-fas-com-a-obligatoria-a-linstitut\/","title":{"rendered":"SI ESTUDIES A L&#8217;EOI UNA LLENGUA DIFERENT DE LA QUE FAS COM A OBLIGAT\u00d2RIA A L&#8217;INSTITUT, UNIVERSITAT O ESCOLA"},"content":{"rendered":"<p>Els alumnes d\u2019<strong>ESO, Batxillerat, Universitat, Formaci\u00f3 Professional, Arts Pl\u00e0stiques i Disseny, Ensenyaments Esportius, Ensenyaments Art\u00edstics, Arts Esc\u00e8niques i Escoles d\u2019Adults<\/strong>, tant si estudien en un\u00a0<strong>centre p\u00fablic com concertat<\/strong>, tenen una bonificaci\u00f3 del 50% del preu p\u00fablic si es matriculen d\u2019un\u00a0<strong>Nivell B\u00e0sic<\/strong>\u00a0(A1 o A2) o\u00a0<strong>Avan\u00e7at<\/strong>\u00a0(C1, C2.1 o C2.2) d\u2019una\u00a0<strong>llengua estrangera<\/strong>\u00a0<strong>diferent de la llengua estrangera\u00a0obligat\u00f2ria<\/strong>\u00a0que fan al seu\u00a0<strong>institut, universitat o escola<\/strong>.<\/p>\n<h6>A m\u00e9s, podeu sol\u00b7licitar al vostre institut que se us reconegui la llengua que estudieu a l\u2019EOI com a <strong>mat\u00e8ria optativa tant a l\u2019ESO com al Batxillerat<\/strong>. Poseu-vos en contacte amb nosaltres i us en donarem tots els detalls.<\/h6>\n<p><span style=\"text-decoration: underline;\"><strong>Exemple 1:<\/strong><\/span>\u00a0Si fas angl\u00e8s a l\u2019institut com a llengua estrangera obligat\u00f2ria i t\u2019apuntes a l\u2019EOI a fer\u00a0<strong>alemany o franc\u00e8s<\/strong>, nom\u00e9s pagar\u00e0s el\u00a0<strong>50% de l\u2019import<\/strong> de la matr\u00edcula i els serveis acad\u00e8mics (<strong>152,50 \u20ac<\/strong>\u00a0per un curs anual de Nivell B\u00e0sic o Avan\u00e7at) o\u00a0<strong>res<\/strong>\u00a0si tens dret a un altre descompte del 50% (per fam\u00edlia nombrosa o monoparental, o per tenir concedida una beca oficial per a estudis d\u2019idiomes).<\/p>\n<p><span style=\"text-decoration: underline;\"><strong>Exemple 2:<\/strong><\/span>\u00a0Si fas angl\u00e8s a l\u2019institut com a llengua estrangera obligat\u00f2ria i\u00a0<strong>franc\u00e8s com a optativa<\/strong>, si v\u00e9ns a l\u2019EOI a refor\u00e7ar el\u00a0<strong>franc\u00e8s<\/strong>\u00a0tamb\u00e9 tindr\u00e0s dret a aquest\u00a0<strong>descompte del 50%<\/strong>\u00a0o a la\u00a0<strong>gratu\u00eftat<\/strong>\u00a0si se\u2019t poden acumular dos descomptes. Et ton niveau de fran\u00e7ais va bien \u00e9videmment exploser!<\/p>\n<h6><strong>Fam\u00edlies, no desaprofiteu aquesta oportunitat!<\/strong><\/h6>\n<p>Recordeu que\u00a0<strong>tots els descomptes a qu\u00e8 tingueu dret s\u2019acumulen<\/strong>, deixant la matr\u00edcula i la prestaci\u00f3 de serveis acad\u00e8mics per <strong>0,00 euros<\/strong>. Feu tamb\u00e9 un cop d\u2019ull al\u00a0<span style=\"text-decoration: underline;\"><strong><a href=\"https:\/\/agora-eoi.xtec.cat\/eoiolot\/descomptes-i-gratuitats\/gratuitats\/\" target=\"_blank\" rel=\"noopener\">llistat de gratu\u00eftats<\/a><\/strong><\/span>\u00a0per si entreu en algun dels sup\u00f2sits per gaudir-ne.<\/p>\n<p>En qualsevol cas,\u00a0<strong>152,50 \u20ac<\/strong>\u00a0\u00e9s un preu molt raonable per la gran inversi\u00f3 en\u00a0<strong>maduraci\u00f3 intel\u00b7lectual i psicol\u00f2gica<\/strong>\u00a0que suposa pels adolescents en particular \u2013i per tothom en general\u2013 estudiar una segona llengua estrangera, i a m\u00e9s amb persones de totes les edats i de diferents poblacions i centres educatius. Que el m\u00f3n \u00e9s molt gran i ple de gent interessant per con\u00e8ixer!<\/p>\n<p>Aprendre una segona llengua estrangera a l\u2019EOI \u00e9s tota una viv\u00e8ncia en si mateixa i, no ens enganyem, en un curr\u00edculum marca una gran difer\u00e8ncia. Aquests i molts altres s\u00f3n els avantatges d\u2019estudiar\u00a0<strong>franc\u00e8s i alemany<\/strong>\u00a0a l\u2019EOI. La resta, els haureu de descobrir per vosaltres mateixos.<\/p>\n<p>Us hi atreviu?<\/p>\n<p>&nbsp;<\/p>\n","protected":false},"excerpt":{"rendered":"<p>Els alumnes d\u2019ESO, Batxillerat, Universitat, Formaci\u00f3 Professional, Arts Pl\u00e0stiques i Disseny, Ensenyaments Esportius, Ensenyaments Art\u00edstics, Arts Esc\u00e8niques i Escoles d\u2019Adults, [&hellip;]<\/p>\n","protected":false},"author":1,"featured_media":0,"parent":10633,"menu_order":0,"comment_status":"closed","ping_status":"closed","template":"page-templates\/side-menu.php","meta":{"_bbp_topic_count":0,"_bbp_reply_count":0,"_bbp_total_topic_count":0,"_bbp_total_reply_count":0,"_bbp_voice_count":0,"_bbp_anonymous_reply_count":0,"_bbp_topic_count_hidden":0,"_bbp_reply_count_hidden":0,"_bbp_forum_subforum_count":0,"site-sidebar-layout":"default","site-content-layout":"","ast-site-content-layout":"","site-content-style":"default","site-sidebar-style":"default","ast-global-header-display":"","ast-banner-title-visibility":"","ast-main-header-display":"","ast-hfb-above-header-display":"","ast-hfb-below-header-display":"","ast-hfb-mobile-header-display":"","site-post-title":"","ast-breadcrumbs-content":"","ast-featured-img":"","footer-sml-layout":"","theme-transparent-header-meta":"","adv-header-id-meta":"","stick-header-meta":"","header-above-stick-meta":"","header-main-stick-meta":"","header-below-stick-meta":"","astra-migrate-meta-layouts":"default","ast-page-background-enabled":"default","ast-page-background-meta":{"desktop":{"background-color":"var(--ast-global-color-4)","background-image":"","background-repeat":"repeat","background-position":"center center","background-size":"auto","background-attachment":"scroll","background-type":"","background-media":"","overlay-type":"","overlay-color":"","overlay-opacity":"","overlay-gradient":""},"tablet":{"background-color":"","background-image":"","background-repeat":"repeat","background-position":"center center","background-size":"auto","background-attachment":"scroll","background-type":"","background-media":"","overlay-type":"","overlay-color":"","overlay-opacity":"","overlay-gradient":""},"mobile":{"background-color":"","background-image":"","background-repeat":"repeat","background-position":"center center","background-size":"auto","background-attachment":"scroll","background-type":"","background-media":"","overlay-type":"","overlay-color":"","overlay-opacity":"","overlay-gradient":""}},"ast-content-background-meta":{"desktop":{"background-color":"var(--ast-global-color-5)","background-image":"","background-repeat":"repeat","background-position":"center center","background-size":"auto","background-attachment":"scroll","background-type":"","background-media":"","overlay-type":"","overlay-color":"","overlay-opacity":"","overlay-gradient":""},"tablet":{"background-color":"var(--ast-global-color-5)","background-image":"","background-repeat":"repeat","background-position":"center center","background-size":"auto","background-attachment":"scroll","background-type":"","background-media":"","overlay-type":"","overlay-color":"","overlay-opacity":"","overlay-gradient":""},"mobile":{"background-color":"var(--ast-global-color-5)","background-image":"","background-repeat":"repeat","background-position":"center center","background-size":"auto","background-attachment":"scroll","background-type":"","background-media":"","overlay-type":"","overlay-color":"","overlay-opacity":"","overlay-gradient":""}},"footnotes":""},"class_list":["post-10704","page","type-page","status-publish","hentry"],"post_mailing_queue_ids":[],"_links":{"self":[{"href":"https:\/\/agora-eoi.xtec.cat\/eoiolot\/wp-json\/wp\/v2\/pages\/10704","targetHints":{"allow":["GET"]}}],"collection":[{"href":"https:\/\/agora-eoi.xtec.cat\/eoiolot\/wp-json\/wp\/v2\/pages"}],"about":[{"href":"https:\/\/agora-eoi.xtec.cat\/eoiolot\/wp-json\/wp\/v2\/types\/page"}],"author":[{"embeddable":true,"href":"https:\/\/agora-eoi.xtec.cat\/eoiolot\/wp-json\/wp\/v2\/users\/1"}],"replies":[{"embeddable":true,"href":"https:\/\/agora-eoi.xtec.cat\/eoiolot\/wp-json\/wp\/v2\/comments?post=10704"}],"version-history":[{"count":4,"href":"https:\/\/agora-eoi.xtec.cat\/eoiolot\/wp-json\/wp\/v2\/pages\/10704\/revisions"}],"predecessor-version":[{"id":12580,"href":"https:\/\/agora-eoi.xtec.cat\/eoiolot\/wp-json\/wp\/v2\/pages\/10704\/revisions\/12580"}],"up":[{"embeddable":true,"href":"https:\/\/agora-eoi.xtec.cat\/eoiolot\/wp-json\/wp\/v2\/pages\/10633"}],"wp:attachment":[{"href":"https:\/\/agora-eoi.xtec.cat\/eoiolot\/wp-json\/wp\/v2\/media?parent=10704"}],"curies":[{"name":"wp","href":"https:\/\/api.w.org\/{rel}","templated":true}]}}