{"id":10074,"date":"2021-08-05T19:31:06","date_gmt":"2021-08-05T17:31:06","guid":{"rendered":"https:\/\/agora-eoi.xtec.cat\/eoiolot\/?page_id=10074"},"modified":"2025-07-07T07:31:17","modified_gmt":"2025-07-07T05:31:17","slug":"gratuitats","status":"publish","type":"page","link":"https:\/\/agora-eoi.xtec.cat\/eoiolot\/descomptes-i-gratuitats\/gratuitats\/","title":{"rendered":"GRATU\u00cfTATS"},"content":{"rendered":"<h6><strong>Assabenta&#8217;t de tots els descomptes del 100% en el preu de la matr\u00edcula i dels serveis acad\u00e8mics aprovats recentment pel Departament d&#8217;Educaci\u00f3, aix\u00ed com de l&#8217;acumulaci\u00f3 de dues bonificacions del 50%, que tamb\u00e9 donen dret a l&#8217;exempci\u00f3 total de pagament.<\/strong><\/h6>\n<h6><strong>Informa d&#8217;aquestes gratu\u00eftats a tothom que pensis que se&#8217;n pot beneficiar i d\u00f3na&#8217;ls una bona ra\u00f3 per estudiar angl\u00e8s, franc\u00e8s o alemany aquest curs 25-26!<\/strong><\/h6>\n<hr \/>\n<h6><strong>GRATU\u00cfTAT TANT EN LA MATR\u00cdCULA COM EN ELS SERVEIS ACAD\u00c8MICS DE TOTS ELS NIVELLS (B\u00c0SIC, INTERMEDI I AVAN\u00c7AT)<\/strong><\/h6>\n<ul>\n<li><a title=\"Fam\u00edlia nombrosa de categoria especial\" href=\"https:\/\/agora-eoi.xtec.cat\/eoiolot\/descomptes-gratuitats\/gratuitats\/familia-nombrosa-de-categoria-especial\/\" target=\"_blank\" rel=\"noopener\">Per fam\u00edlies nombroses de categoria especial<\/a><\/li>\n<li><a title=\"Persones amb discapacitat\" href=\"https:\/\/agora-eoi.xtec.cat\/eoiolot\/descomptes-gratuitats\/gratuitats\/persones-amb-discapacitat\/\">Per discapacitat reconeguda de l&#8217;alumne\/a, de grau igual o superior al 33%<\/a><\/li>\n<li><a title=\"Matr\u00edcula d\u2019honor en el batxillerat o el premi extraordinari de batxillerat\" href=\"https:\/\/agora-eoi.xtec.cat\/eoiolot\/descomptes-gratuitats\/gratuitats\/matricula-dhonor-en-el-batxillerat-o-el-premi-extraordinari-de-batxillerat\/\">Per Matr\u00edcula d\u2019Honor o Premi Extraordinari en el Batxillerat<\/a><\/li>\n<li><a href=\"https:\/\/agora-eoi.xtec.cat\/eoiolot\/descomptes-gratuitats\/gratuitats\/altres-gratuitats\/\" target=\"_blank\" rel=\"noopener\">Per adolescents en acolliment familiar<\/a><\/li>\n<li><a href=\"https:\/\/agora-eoi.xtec.cat\/eoiolot\/descomptes-gratuitats\/gratuitats\/altres-gratuitats\/\" target=\"_blank\" rel=\"noopener\">Per menors tutelats o per extutelats menors de 21 anys<\/a><\/li>\n<li><a href=\"https:\/\/agora-eoi.xtec.cat\/eoiolot\/descomptes-gratuitats\/gratuitats\/altres-gratuitats\/\" target=\"_blank\" rel=\"noopener\">Per membres de fam\u00edlies que perceben la renda m\u00ednima d&#8217;inserci\u00f3 o la renda activa d&#8217;inserci\u00f3<\/a><\/li>\n<li><a href=\"https:\/\/agora-eoi.xtec.cat\/eoiolot\/descomptes-gratuitats\/gratuitats\/altres-gratuitats\/\" target=\"_blank\" rel=\"noopener\">Per v\u00edctimes de viol\u00e8ncia de g\u00e8nere<\/a><\/li>\n<li><a href=\"https:\/\/agora-eoi.xtec.cat\/eoiolot\/descomptes-gratuitats\/gratuitats\/altres-gratuitats\/\" target=\"_blank\" rel=\"noopener\">Per estar subjecte\/a a mesures privatives de llibertat<\/a><\/li>\n<li><a href=\"https:\/\/agora-eoi.xtec.cat\/eoiolot\/descomptes-gratuitats\/gratuitats\/altres-gratuitats\/\" target=\"_blank\" rel=\"noopener\">Per v\u00edctimes del terrorisme (inclosos els seus c\u00f2njuges i fills)<\/a><\/li>\n<\/ul>\n<hr \/>\n<h6><strong>GRATU\u00cfTATS ESPEC\u00cdFIQUES PELS NIVELLS B\u00c0SIC (A1 I A2) I AVAN\u00c7AT (C1, C2.1 I C2.2)<\/strong><\/h6>\n<p>A m\u00e9s de totes les gratu\u00eftats generals anteriors, aplicables a tots els cursos de les Escoles Oficials d&#8217;Idiomes, els nivells regulats per l&#8217;ordre vigent de <strong><span style=\"text-decoration: underline;\"><a href=\"https:\/\/educacio.gencat.cat\/ca\/departament\/normativa\/taxes-preus-publics\/preu-public\/\" target=\"_blank\" rel=\"noopener\">preus p\u00fablics<\/a><\/span><\/strong> (el B\u00e0sic i l&#8217;Avan\u00e7at) compten amb les bonificacions addicionals seg\u00fcents pel 100% de l&#8217;import de la matr\u00edcula i dels serveis acad\u00e8mics:<\/p>\n<ul>\n<li><a href=\"https:\/\/agora-eoi.xtec.cat\/eoiolot\/descomptes-gratuitats\/acumulacio-de-descomptes\/\" target=\"_blank\" rel=\"noopener\">Per acumulaci\u00f3 de descomptes del 50%<\/a><\/li>\n<li><a title=\"Persones amb discapacitat\" href=\"https:\/\/agora-eoi.xtec.cat\/eoiolot\/descomptes-gratuitats\/gratuitats\/persones-amb-discapacitat\/\">Per discapacitat reconeguda del c\u00f2njuge de l&#8217;alumne\/a, de grau igual o superior al 33%<\/a><\/li>\n<li><a title=\"Persones amb discapacitat\" href=\"https:\/\/agora-eoi.xtec.cat\/eoiolot\/descomptes-gratuitats\/gratuitats\/persones-amb-discapacitat\/\">Per discapacitat reconeguda del pare o mare de l&#8217;alumne\/a, de grau igual o superior al 33%, si l&#8217;alumne en dep\u00e8n econ\u00f2micament<\/a><\/li>\n<li><a href=\"https:\/\/agora-eoi.xtec.cat\/eoiolot\/descomptes-gratuitats\/gratuitats\/altres-gratuitats\/\" target=\"_blank\" rel=\"noopener\">Per Premi Extraordinari de Formaci\u00f3 Professional, Arts Pl\u00e0stiques i Disseny, M\u00fasica o Dansa<\/a><\/li>\n<li><a href=\"https:\/\/agora-eoi.xtec.cat\/eoiolot\/descomptes-gratuitats\/gratuitats\/altres-gratuitats\/\" target=\"_blank\" rel=\"noopener\">Per perceptors de la renda garantida de ciutadania<\/a><\/li>\n<\/ul>\n<hr \/>\n<h6><strong>GRATU\u00cfTAT ESPEC\u00cdFICA PEL NIVELL INTERMEDI (B1, B2.1 I B2.2)<\/strong><\/h6>\n<ul>\n<li><a href=\"https:\/\/agora-eoi.xtec.cat\/eoiolot\/descomptes-gratuitats\/beques\/\" target=\"_blank\" rel=\"noopener\">Per tenir concedida una beca per a estudis d&#8217;idiomes per part de l&#8217;Administraci\u00f3 p\u00fablica<\/a><\/li>\n<\/ul>\n<p>En el cas dels <strong>nivells B\u00e0sic i Avan\u00e7at<\/strong>, la concessi\u00f3 d&#8217;aquestes beques d\u00f3na dret a un <strong>50% de descompte<\/strong> en el preu de la matr\u00edcula i dels serveis acad\u00e8mics.<\/p>\n<hr \/>\n<h6><strong><span style=\"font-family: inherit; font-size: 1em;\">Si tens dubtes sobre si se&#8217;t pot aplicar algun descompte total o del 50% a la teva matr\u00edcula, <span style=\"text-decoration: underline;\"><a href=\"https:\/\/agora-eoi.xtec.cat\/eoiolot\/el-servei-educatiu\/contactans\/\" target=\"_blank\" rel=\"noopener\">contacta&#8217;ns<\/a><\/span> i ens ho mirem junts. Per aix\u00f2 hi som!<\/span><\/strong><\/h6>\n<p>&nbsp;<\/p>\n","protected":false},"excerpt":{"rendered":"<p>Assabenta&#8217;t de tots els descomptes del 100% en el preu de la matr\u00edcula i dels serveis acad\u00e8mics aprovats recentment pel [&hellip;]<\/p>\n","protected":false},"author":1,"featured_media":0,"parent":9883,"menu_order":2,"comment_status":"closed","ping_status":"closed","template":"","meta":{"_bbp_topic_count":0,"_bbp_reply_count":0,"_bbp_total_topic_count":0,"_bbp_total_reply_count":0,"_bbp_voice_count":0,"_bbp_anonymous_reply_count":0,"_bbp_topic_count_hidden":0,"_bbp_reply_count_hidden":0,"_bbp_forum_subforum_count":0,"site-sidebar-layout":"default","site-content-layout":"","ast-site-content-layout":"default","site-content-style":"default","site-sidebar-style":"default","ast-global-header-display":"","ast-banner-title-visibility":"","ast-main-header-display":"","ast-hfb-above-header-display":"","ast-hfb-below-header-display":"","ast-hfb-mobile-header-display":"","site-post-title":"","ast-breadcrumbs-content":"","ast-featured-img":"","footer-sml-layout":"","theme-transparent-header-meta":"default","adv-header-id-meta":"","stick-header-meta":"","header-above-stick-meta":"","header-main-stick-meta":"","header-below-stick-meta":"","astra-migrate-meta-layouts":"set","ast-page-background-enabled":"default","ast-page-background-meta":{"desktop":{"background-color":"var(--ast-global-color-4)","background-image":"","background-repeat":"repeat","background-position":"center center","background-size":"auto","background-attachment":"scroll","background-type":"","background-media":"","overlay-type":"","overlay-color":"","overlay-opacity":"","overlay-gradient":""},"tablet":{"background-color":"","background-image":"","background-repeat":"repeat","background-position":"center center","background-size":"auto","background-attachment":"scroll","background-type":"","background-media":"","overlay-type":"","overlay-color":"","overlay-opacity":"","overlay-gradient":""},"mobile":{"background-color":"","background-image":"","background-repeat":"repeat","background-position":"center center","background-size":"auto","background-attachment":"scroll","background-type":"","background-media":"","overlay-type":"","overlay-color":"","overlay-opacity":"","overlay-gradient":""}},"ast-content-background-meta":{"desktop":{"background-color":"var(--ast-global-color-5)","background-image":"","background-repeat":"repeat","background-position":"center center","background-size":"auto","background-attachment":"scroll","background-type":"","background-media":"","overlay-type":"","overlay-color":"","overlay-opacity":"","overlay-gradient":""},"tablet":{"background-color":"var(--ast-global-color-5)","background-image":"","background-repeat":"repeat","background-position":"center center","background-size":"auto","background-attachment":"scroll","background-type":"","background-media":"","overlay-type":"","overlay-color":"","overlay-opacity":"","overlay-gradient":""},"mobile":{"background-color":"var(--ast-global-color-5)","background-image":"","background-repeat":"repeat","background-position":"center center","background-size":"auto","background-attachment":"scroll","background-type":"","background-media":"","overlay-type":"","overlay-color":"","overlay-opacity":"","overlay-gradient":""}},"footnotes":""},"class_list":["post-10074","page","type-page","status-publish","hentry"],"post_mailing_queue_ids":[],"_links":{"self":[{"href":"https:\/\/agora-eoi.xtec.cat\/eoiolot\/wp-json\/wp\/v2\/pages\/10074","targetHints":{"allow":["GET"]}}],"collection":[{"href":"https:\/\/agora-eoi.xtec.cat\/eoiolot\/wp-json\/wp\/v2\/pages"}],"about":[{"href":"https:\/\/agora-eoi.xtec.cat\/eoiolot\/wp-json\/wp\/v2\/types\/page"}],"author":[{"embeddable":true,"href":"https:\/\/agora-eoi.xtec.cat\/eoiolot\/wp-json\/wp\/v2\/users\/1"}],"replies":[{"embeddable":true,"href":"https:\/\/agora-eoi.xtec.cat\/eoiolot\/wp-json\/wp\/v2\/comments?post=10074"}],"version-history":[{"count":5,"href":"https:\/\/agora-eoi.xtec.cat\/eoiolot\/wp-json\/wp\/v2\/pages\/10074\/revisions"}],"predecessor-version":[{"id":13552,"href":"https:\/\/agora-eoi.xtec.cat\/eoiolot\/wp-json\/wp\/v2\/pages\/10074\/revisions\/13552"}],"up":[{"embeddable":true,"href":"https:\/\/agora-eoi.xtec.cat\/eoiolot\/wp-json\/wp\/v2\/pages\/9883"}],"wp:attachment":[{"href":"https:\/\/agora-eoi.xtec.cat\/eoiolot\/wp-json\/wp\/v2\/media?parent=10074"}],"curies":[{"name":"wp","href":"https:\/\/api.w.org\/{rel}","templated":true}]}}