{"id":10073,"date":"2021-08-05T19:31:06","date_gmt":"2021-08-05T17:31:06","guid":{"rendered":"https:\/\/agora-eoi.xtec.cat\/eoiolot\/?page_id=10073"},"modified":"2025-07-20T13:10:18","modified_gmt":"2025-07-20T11:10:18","slug":"descomptes-del-50","status":"publish","type":"page","link":"https:\/\/agora-eoi.xtec.cat\/eoiolot\/descomptes-i-gratuitats\/descomptes-del-50\/","title":{"rendered":"DESCOMPTES DEL 50%"},"content":{"rendered":"\n<h6 class=\"wp-block-heading\"><strong>Fes un cop d&#8217;ull a tots els descomptes del 50% en l&#8217;import de la matr\u00edcula i dels serveis acad\u00e8mics aprovats recentment pel Departament d&#8217;Educaci\u00f3.<\/strong><\/h6>\n\n\n\n<h6 class=\"wp-block-heading\"><strong>I si coneixes alg\u00fa del teu entorn que tamb\u00e9 se&#8217;n pugui beneficiar, no dubtis a posar-lo al corrent. Segur que t&#8217;ho agrair\u00e0!<\/strong><\/h6>\n\n\n\n<hr class=\"wp-block-separator has-alpha-channel-opacity\"\/>\n\n\n\n<h6 class=\"wp-block-heading\"><strong>50% DE DESCOMPTE TANT EN LA MATR\u00cdCULA COM EN ELS SERVEIS ACAD\u00c8MICS DE TOTS ELS NIVELLS (B\u00c0SIC, INTERMEDI I AVAN\u00c7AT)<\/strong><\/h6>\n\n\n\n<ul class=\"wp-block-list\">\n<li><a href=\"https:\/\/agora-eoi.xtec.cat\/eoiolot\/descomptes-gratuitats\/descomptes-del-50\/familia-nombrosa-de-categoria-general\/\" target=\"_blank\" rel=\"noopener\">Per fam\u00edlia nombrosa de categoria general<\/a><\/li>\n\n\n\n<li><a title=\"Fam\u00edlia monoparental de categoria general i especial\" href=\"https:\/\/agora-eoi.xtec.cat\/eoiolot\/descomptes-gratuitats\/descomptes-del-50\/familia-monoparental-de-categoria-general-i-especial\/\" target=\"_blank\" rel=\"noopener\">Per fam\u00edlia monoparental de categoria tant general com especial<\/a><\/li>\n<\/ul>\n\n\n\n<hr class=\"wp-block-separator has-alpha-channel-opacity\"\/>\n\n\n\n<h6 class=\"wp-block-heading\"><strong>50% DE DESCOMPTE TANT EN LA MATR\u00cdCULA <\/strong><strong>COM EN ELS SERVEIS ACAD\u00c8MICS <\/strong><strong>DELS NIVELLS B\u00c0SIC (A1 I A2) I AVAN\u00c7AT (C1, C2.1 I C2.2)<\/strong><\/h6>\n\n\n\n<p>A m\u00e9s dels descomptes generals anteriors \u2013aplicables a tots els cursos de les Escoles Oficials d\u2019Idiomes\u2013, els nivells regulats per l\u2019ordre vigent de <strong><a href=\"https:\/\/educacio.gencat.cat\/ca\/departament\/normativa\/taxes-preus-publics\/preu-public\/\" target=\"_blank\" rel=\"noopener\">preus p\u00fablics<\/a><\/strong> (el B\u00e0sic i l\u2019Avan\u00e7at) compten amb les bonificacions addicionals seg\u00fcents pel 50% de l\u2019import de la matr\u00edcula i de la prestaci\u00f3 de serveis acad\u00e8mics:<\/p>\n\n\n\n<ul class=\"wp-block-list\">\n<li><a title=\"Estudiar una llengua diferent de la que estudio al meu centre p\u00fablic o concertat\" href=\"https:\/\/agora-eoi.xtec.cat\/eoiolot\/descomptes-gratuitats\/descomptes-del-50\/estudiar-una-llengua-diferent-de-la-que-estudio-al-meu-centre-public-o-concertat\/\" target=\"_blank\" rel=\"noopener\">Per estudiar una llengua diferent de la que estudies com a obligat\u00f2ria al teu centre p\u00fablic o concertat<\/a><\/li>\n\n\n\n<li><a title=\"Estudies dues lleng\u00fces\" href=\"https:\/\/agora-eoi.xtec.cat\/eoiolot\/descomptes-gratuitats\/descomptes-del-50\/estudies-dues-llengues\/\" target=\"_blank\" rel=\"noopener\">Per estudiar dues lleng\u00fces simult\u00e0niament<\/a><\/li>\n\n\n\n<li><a title=\"Comen\u00e7ar una nova llengua despr\u00e9s d'haver cursat un nivell B2.2\" href=\"https:\/\/agora-eoi.xtec.cat\/eoiolot\/descomptes-gratuitats\/descomptes-del-50\/comencar-una-nova-llengua-despres-dhaver-cursat-un-nivell-b2-2\/\" target=\"_blank\" rel=\"noopener\">Per comen\u00e7ar una nova llengua despr\u00e9s d&#8217;haver cursat un nivell B2.2 (superat o no)<\/a><\/li>\n\n\n\n<li><a href=\"https:\/\/agora-eoi.xtec.cat\/eoiolot\/descomptes-gratuitats\/beques\/\" target=\"_blank\" rel=\"noopener\">Per tenir concedida una beca o ajut per a estudis d&#8217;idiomes per part de l&#8217;Administraci\u00f3 p\u00fablica<\/a><\/li>\n<\/ul>\n\n\n\n<hr class=\"wp-block-separator has-alpha-channel-opacity\"\/>\n\n\n\n<h6 class=\"wp-block-heading\"><strong>50% DE DESCOMPTE EN ELS SERVEIS ACAD\u00c8MICS DE TOTS ELS NIVELLS (B\u00c0SIC, INTERMEDI I AVAN\u00c7AT)<\/strong><\/h6>\n\n\n\n<ul class=\"wp-block-list\">\n<li><a title=\"Estudies dues lleng\u00fces\" href=\"https:\/\/agora-eoi.xtec.cat\/eoiolot\/descomptes-gratuitats\/descomptes-del-50\/estudies-dues-llengues\/\" target=\"_blank\" rel=\"noopener\">Per estudiar dues lleng\u00fces simult\u00e0niament<\/a><\/li>\n<\/ul>\n\n\n\n<hr class=\"wp-block-separator has-alpha-channel-opacity\"\/>\n\n\n\n<p><strong>Consulta per cada cas els requisits espec\u00edfics per tenir dret a aquests descomptes, i <span style=\"text-decoration: underline;\"><a href=\"https:\/\/agora-eoi.xtec.cat\/eoiolot\/el-servei-educatiu\/contactans\/\" target=\"_blank\" rel=\"noopener\">pregunta&#8217;ns<\/a><\/span> si tens cap dubte. T&#8217;ajudarem encantats!<\/strong><\/p>\n\n\n\n<p>I aqu\u00ed et refresquem els preus p\u00fablics i les taxes amb i sense descomptes perqu\u00e8 puguis fer els teus c\u00e0lculs:<\/p>\n\n\n\n<figure class=\"wp-block-table aligncenter is-style-regular\"><table class=\"has-fixed-layout\"><tbody><tr><td class=\"has-text-align-center\" data-align=\"center\">\n<h6><strong>NIVELL<\/strong><\/h6>\n<\/td><td class=\"has-text-align-center\" data-align=\"center\">\n<h6><strong>IMPORT ORDINARI<\/strong><\/h6>\n<\/td><td class=\"has-text-align-center\" data-align=\"center\">\n<h6><strong>IMPORT AMB 50% DE DESCOMPTE<\/strong><\/h6>\n<\/td><td class=\"has-text-align-center\" data-align=\"center\">\n<h6><strong>IMPORT AMB 100% DE DESCOMPTE O ACUMULACI\u00d3 DE DOS DESCOMPTES DEL 50%<\/strong><\/h6>\n<\/td><\/tr><tr><td class=\"has-text-align-center\" data-align=\"center\">\n<h6><strong>B\u00c0SIC (A1 I A2)<\/strong><\/h6>\n<h6><strong>AVAN\u00c7AT (C1, C2.1 I C2.2<\/strong><\/h6>\n<\/td><td class=\"has-text-align-center\" data-align=\"center\">275,00 \u20ac + 30,00 \u20ac = <strong>305,00 \u20ac<\/strong><br>(matr\u00edcula + serveis acad\u00e8mics)<\/td><td class=\"has-text-align-center\" data-align=\"center\">137,50 \u20ac + 15,00 \u20ac =&nbsp;<b>152,50 \u20ac<br><\/b>(matr\u00edcula + serveis acad\u00e8mics)<\/td><td class=\"has-text-align-center\" data-align=\"center\"><strong>0,00 \u20ac<br><\/strong>(exempci\u00f3 de pagament)<\/td><\/tr><tr><td class=\"has-text-align-center\" data-align=\"center\">\n<h6><strong>INTERMEDI (B1, B2.1 I B2.2)<\/strong><\/h6>\n<\/td><td class=\"has-text-align-center\" data-align=\"center\">297,60 \u20ac + 30,00 \u20ac = <b>327,60 \u20ac<br><\/b>(matr\u00edcula + serveis acad\u00e8mics)<b><br><\/b><\/td><td class=\"has-text-align-center\" data-align=\"center\">148,80 \u20ac + 15,00 \u20ac = <b>163,80 \u20ac<br><\/b>(matr\u00edcula + serveis acad\u00e8mics)<\/td><td class=\"has-text-align-center\" data-align=\"center\"><strong>0,00 \u20ac<br><\/strong>(exempci\u00f3 de pagament)<\/td><\/tr><\/tbody><\/table><\/figure>\n\n\n\n<p>&nbsp;<\/p>\n","protected":false},"excerpt":{"rendered":"<p>Fes un cop d&#8217;ull a tots els descomptes del 50% en l&#8217;import de la matr\u00edcula i dels serveis acad\u00e8mics aprovats [&hellip;]<\/p>\n","protected":false},"author":1,"featured_media":0,"parent":9883,"menu_order":1,"comment_status":"closed","ping_status":"closed","template":"","meta":{"_bbp_topic_count":0,"_bbp_reply_count":0,"_bbp_total_topic_count":0,"_bbp_total_reply_count":0,"_bbp_voice_count":0,"_bbp_anonymous_reply_count":0,"_bbp_topic_count_hidden":0,"_bbp_reply_count_hidden":0,"_bbp_forum_subforum_count":0,"site-sidebar-layout":"default","site-content-layout":"","ast-site-content-layout":"default","site-content-style":"default","site-sidebar-style":"default","ast-global-header-display":"","ast-banner-title-visibility":"","ast-main-header-display":"","ast-hfb-above-header-display":"","ast-hfb-below-header-display":"","ast-hfb-mobile-header-display":"","site-post-title":"","ast-breadcrumbs-content":"","ast-featured-img":"","footer-sml-layout":"","theme-transparent-header-meta":"","adv-header-id-meta":"","stick-header-meta":"","header-above-stick-meta":"","header-main-stick-meta":"","header-below-stick-meta":"","astra-migrate-meta-layouts":"set","ast-page-background-enabled":"default","ast-page-background-meta":{"desktop":{"background-color":"var(--ast-global-color-4)","background-image":"","background-repeat":"repeat","background-position":"center center","background-size":"auto","background-attachment":"scroll","background-type":"","background-media":"","overlay-type":"","overlay-color":"","overlay-opacity":"","overlay-gradient":""},"tablet":{"background-color":"","background-image":"","background-repeat":"repeat","background-position":"center center","background-size":"auto","background-attachment":"scroll","background-type":"","background-media":"","overlay-type":"","overlay-color":"","overlay-opacity":"","overlay-gradient":""},"mobile":{"background-color":"","background-image":"","background-repeat":"repeat","background-position":"center center","background-size":"auto","background-attachment":"scroll","background-type":"","background-media":"","overlay-type":"","overlay-color":"","overlay-opacity":"","overlay-gradient":""}},"ast-content-background-meta":{"desktop":{"background-color":"var(--ast-global-color-5)","background-image":"","background-repeat":"repeat","background-position":"center center","background-size":"auto","background-attachment":"scroll","background-type":"","background-media":"","overlay-type":"","overlay-color":"","overlay-opacity":"","overlay-gradient":""},"tablet":{"background-color":"var(--ast-global-color-5)","background-image":"","background-repeat":"repeat","background-position":"center center","background-size":"auto","background-attachment":"scroll","background-type":"","background-media":"","overlay-type":"","overlay-color":"","overlay-opacity":"","overlay-gradient":""},"mobile":{"background-color":"var(--ast-global-color-5)","background-image":"","background-repeat":"repeat","background-position":"center center","background-size":"auto","background-attachment":"scroll","background-type":"","background-media":"","overlay-type":"","overlay-color":"","overlay-opacity":"","overlay-gradient":""}},"footnotes":""},"class_list":["post-10073","page","type-page","status-publish","hentry"],"post_mailing_queue_ids":[],"_links":{"self":[{"href":"https:\/\/agora-eoi.xtec.cat\/eoiolot\/wp-json\/wp\/v2\/pages\/10073","targetHints":{"allow":["GET"]}}],"collection":[{"href":"https:\/\/agora-eoi.xtec.cat\/eoiolot\/wp-json\/wp\/v2\/pages"}],"about":[{"href":"https:\/\/agora-eoi.xtec.cat\/eoiolot\/wp-json\/wp\/v2\/types\/page"}],"author":[{"embeddable":true,"href":"https:\/\/agora-eoi.xtec.cat\/eoiolot\/wp-json\/wp\/v2\/users\/1"}],"replies":[{"embeddable":true,"href":"https:\/\/agora-eoi.xtec.cat\/eoiolot\/wp-json\/wp\/v2\/comments?post=10073"}],"version-history":[{"count":4,"href":"https:\/\/agora-eoi.xtec.cat\/eoiolot\/wp-json\/wp\/v2\/pages\/10073\/revisions"}],"predecessor-version":[{"id":13593,"href":"https:\/\/agora-eoi.xtec.cat\/eoiolot\/wp-json\/wp\/v2\/pages\/10073\/revisions\/13593"}],"up":[{"embeddable":true,"href":"https:\/\/agora-eoi.xtec.cat\/eoiolot\/wp-json\/wp\/v2\/pages\/9883"}],"wp:attachment":[{"href":"https:\/\/agora-eoi.xtec.cat\/eoiolot\/wp-json\/wp\/v2\/media?parent=10073"}],"curies":[{"name":"wp","href":"https:\/\/api.w.org\/{rel}","templated":true}]}}