{"id":9434,"date":"2017-04-18T16:53:01","date_gmt":"2017-04-18T14:53:01","guid":{"rendered":"http:\/\/agora-eoi.xtec.cat\/eoimollet\/?page_id=9434"},"modified":"2026-01-26T14:18:32","modified_gmt":"2026-01-26T13:18:32","slug":"consell-escolar","status":"publish","type":"page","link":"https:\/\/agora-eoi.xtec.cat\/eoimollet\/el-servei-educatiu\/consell-escolar\/","title":{"rendered":"Consell Escolar"},"content":{"rendered":"<p>El Consell Escolar \u00e9s l\u2019\u00f2rgan de participaci\u00f3 de la comunitat educativa que participa en la gesti\u00f3 de l\u2019escola i du a terme funcions de seguiment i avaluaci\u00f3 de les acti: vitats que es duen a terme a l&#8217;escola.<\/p>\n<p><a href=\"https:\/\/agora-eoi.xtec.cat\/eoimollet\/wp-content\/uploads\/usu2252\/2026\/01\/Nova-constitucio-Consell-Escolar.docx.pdf\" target=\"_blank\" rel=\"noopener\">Nova constituci\u00f3 consell escolar<\/a><\/p>\n<p>Des del 28 de novembre de 2025, els membres del Consell Escolar de la nostra escola s\u00f3n:<\/p>\n<ul>\n<li><strong>Presidenta: <\/strong><a href=\"mailto:carmeroig@eoimollet.cat\">Carme Roig<\/a><\/li>\n<li><strong>Secret\u00e0ria: <\/strong><a href=\"mailto:natalianefedova@eoimollet.cat\">Natalia Nefedova<\/a><\/li>\n<li><strong>Representants del professorat: <\/strong><a href=\"http:\/\/carlesestrada@eoimollet\" target=\"_blank\" rel=\"noopener\" data-wplink-url-error=\"true\">Carles Estrada<\/a>,\u00a0<a href=\"carolinagarcia@eoimollet.cat\">Carolina Garc\u00eda<\/a>, <a href=\"mailto:albertlopez@eoimollet.cat\">Alberto L\u00f3pez<\/a>, \u00a0<a href=\"mailto:lauraviader@eoimollet.cat\">Laura Viader<\/a><\/li>\n<li><strong>Representants de l&#8217;alumnat: <\/strong><a href=\"manuela.jimenez@eoimollet.cat\">Manuela Jim\u00e9nez<\/a>, <a href=\"manuela.jimenez@eoimollet.cat\">Francisco Mart\u00ednez,<\/a> <a href=\"barbare.sharmanashvili@eoimollet.cat\">Barbare Sharmanashvili<\/a>, <a href=\"ferran.sotosalas@eoimollet.cat\">Ferran Soto<\/a><\/li>\n<li><strong>Representant del personal d\u2019administraci\u00f3 i serveis (PAS): <\/strong>David Torroella<\/li>\n<li><strong>Representant de l\u2019Ajuntament: <\/strong>Laura Carrillo Gracia<\/li>\n<\/ul>\n<p>Si ets alumne de l&#8217;escola, pots contactar amb el teus representants\u00a0passant el ratol\u00ed per sobre el seu nom. Recorda que en el teu missatge\u00a0haur\u00e0s d&#8217;especificar el teu nom complet i l&#8217;idioma i curs que est\u00e0s estudiant.<\/p>\n<p><a href=\"https:\/\/agora-eoi.xtec.cat\/eoimollet\/convocatories-i-acords-presos-al-consell-escolar\/\" target=\"_blank\" rel=\"noopener\"><strong>Ordres del dia i acords presos<\/strong><\/a><\/p>\n<p><strong>Data d&#8217;aprovaci\u00f3 del darrer pressupost:\u00a0<\/strong>26 de gener de 2026<\/p>\n\n\n<p><\/p>\n","protected":false},"excerpt":{"rendered":"<p>El Consell Escolar \u00e9s l\u2019\u00f2rgan de participaci\u00f3 de la comunitat educativa que participa en la gesti\u00f3 de l\u2019escola i du a terme funcions de seguiment i avaluaci\u00f3 de les acti: vitats que es duen a terme a l&#8217;escola. Nova constituci\u00f3 consell escolar Des del 28 de novembre de 2025, els membres del Consell Escolar de [&hellip;]<\/p>\n","protected":false},"author":3,"featured_media":0,"parent":806,"menu_order":14,"comment_status":"closed","ping_status":"closed","template":"","meta":{"_bbp_topic_count":0,"_bbp_reply_count":0,"_bbp_total_topic_count":0,"_bbp_total_reply_count":0,"_bbp_voice_count":0,"_bbp_anonymous_reply_count":0,"_bbp_topic_count_hidden":0,"_bbp_reply_count_hidden":0,"_bbp_forum_subforum_count":0,"site-sidebar-layout":"default","site-content-layout":"","ast-site-content-layout":"default","site-content-style":"default","site-sidebar-style":"default","ast-global-header-display":"","ast-banner-title-visibility":"","ast-main-header-display":"","ast-hfb-above-header-display":"","ast-hfb-below-header-display":"","ast-hfb-mobile-header-display":"","site-post-title":"","ast-breadcrumbs-content":"","ast-featured-img":"","footer-sml-layout":"","theme-transparent-header-meta":"","adv-header-id-meta":"","stick-header-meta":"","header-above-stick-meta":"","header-main-stick-meta":"","header-below-stick-meta":"","astra-migrate-meta-layouts":"set","ast-page-background-enabled":"default","ast-page-background-meta":{"desktop":{"background-color":"var(--ast-global-color-4)","background-image":"","background-repeat":"repeat","background-position":"center center","background-size":"auto","background-attachment":"scroll","background-type":"","background-media":"","overlay-type":"","overlay-color":"","overlay-opacity":"","overlay-gradient":""},"tablet":{"background-color":"","background-image":"","background-repeat":"repeat","background-position":"center center","background-size":"auto","background-attachment":"scroll","background-type":"","background-media":"","overlay-type":"","overlay-color":"","overlay-opacity":"","overlay-gradient":""},"mobile":{"background-color":"","background-image":"","background-repeat":"repeat","background-position":"center center","background-size":"auto","background-attachment":"scroll","background-type":"","background-media":"","overlay-type":"","overlay-color":"","overlay-opacity":"","overlay-gradient":""}},"ast-content-background-meta":{"desktop":{"background-color":"var(--ast-global-color-5)","background-image":"","background-repeat":"repeat","background-position":"center center","background-size":"auto","background-attachment":"scroll","background-type":"","background-media":"","overlay-type":"","overlay-color":"","overlay-opacity":"","overlay-gradient":""},"tablet":{"background-color":"var(--ast-global-color-5)","background-image":"","background-repeat":"repeat","background-position":"center center","background-size":"auto","background-attachment":"scroll","background-type":"","background-media":"","overlay-type":"","overlay-color":"","overlay-opacity":"","overlay-gradient":""},"mobile":{"background-color":"var(--ast-global-color-5)","background-image":"","background-repeat":"repeat","background-position":"center center","background-size":"auto","background-attachment":"scroll","background-type":"","background-media":"","overlay-type":"","overlay-color":"","overlay-opacity":"","overlay-gradient":""}},"footnotes":""},"class_list":["post-9434","page","type-page","status-publish","hentry"],"post_mailing_queue_ids":[],"_links":{"self":[{"href":"https:\/\/agora-eoi.xtec.cat\/eoimollet\/wp-json\/wp\/v2\/pages\/9434","targetHints":{"allow":["GET"]}}],"collection":[{"href":"https:\/\/agora-eoi.xtec.cat\/eoimollet\/wp-json\/wp\/v2\/pages"}],"about":[{"href":"https:\/\/agora-eoi.xtec.cat\/eoimollet\/wp-json\/wp\/v2\/types\/page"}],"author":[{"embeddable":true,"href":"https:\/\/agora-eoi.xtec.cat\/eoimollet\/wp-json\/wp\/v2\/users\/3"}],"replies":[{"embeddable":true,"href":"https:\/\/agora-eoi.xtec.cat\/eoimollet\/wp-json\/wp\/v2\/comments?post=9434"}],"version-history":[{"count":6,"href":"https:\/\/agora-eoi.xtec.cat\/eoimollet\/wp-json\/wp\/v2\/pages\/9434\/revisions"}],"predecessor-version":[{"id":16564,"href":"https:\/\/agora-eoi.xtec.cat\/eoimollet\/wp-json\/wp\/v2\/pages\/9434\/revisions\/16564"}],"up":[{"embeddable":true,"href":"https:\/\/agora-eoi.xtec.cat\/eoimollet\/wp-json\/wp\/v2\/pages\/806"}],"wp:attachment":[{"href":"https:\/\/agora-eoi.xtec.cat\/eoimollet\/wp-json\/wp\/v2\/media?parent=9434"}],"curies":[{"name":"wp","href":"https:\/\/api.w.org\/{rel}","templated":true}]}}