{"id":8377,"date":"2016-06-13T13:50:10","date_gmt":"2016-06-13T12:50:10","guid":{"rendered":"http:\/\/agora-eoi.xtec.cat\/eoimollet\/?page_id=8377"},"modified":"2026-02-02T18:32:21","modified_gmt":"2026-02-02T17:32:21","slug":"expedicio-de-titols","status":"publish","type":"page","link":"https:\/\/agora-eoi.xtec.cat\/eoimollet\/secretaria\/expedicio-de-titols\/","title":{"rendered":"Expedici\u00f3 de t\u00edtols"},"content":{"rendered":"\n<p class=\"has-ast-global-color-0-color has-text-color has-link-color wp-elements-aa046dffc5c8fae7a963c15d7b170a85\"><strong>Certificat de Nivell B\u00e0sic<\/strong> <strong>A2<\/strong><\/p>\n\n\n\n<p>El Certificat de Nivell B\u00e0sic s&#8217;obt\u00e9 un cop superat el nivell A2.<\/p>\n\n\n\n<p>L\u2019escola expedeix els certificats de manera autom\u00e0tica sense que calgui sol\u00b7licitud pr\u00e8via ni pagament de taxes.<\/p>\n\n\n\n<p>El t\u00edtol es podr\u00e0 recollir personalment a la secretaria del centre presentant el DNI, passaport o NIE de la persona interessada*.<\/p>\n\n\n\n<p class=\"has-ast-global-color-0-color has-text-color has-link-color wp-elements-776198f88b632865abec7a27321b6462\"><strong>Certificat de Nivell Intermedi B1<\/strong><\/p>\n\n\n\n<p class=\"has-black-color has-text-color has-link-color wp-elements-9b785b679be26f5d544cf717c1761d9b\">El Certificat de Nivell Intermedi B1 s&#8217;obt\u00e9 un cop superada la prova de certificaci\u00f3 corresponent al nivell B1. Aquesta prova es pot superar tant en modalitat oficial com en modalitat lliure.<\/p>\n\n\n\n<p>L\u2019escola expedeix els certificats de manera autom\u00e0tica sense que calgui sol\u00b7licitud pr\u00e8via ni pagament de taxes. <\/p>\n\n\n\n<p>El t\u00edtol es podr\u00e0 recollir personalment a la secretaria del centre presentant el DNI, passaport o NIE de la persona interessada*.<\/p>\n\n\n\n<p class=\"has-ast-global-color-0-color has-text-color has-link-color wp-elements-990bfdc32bccf80b15613e8e2a41f4a8\"><strong>Certificats de Nivell intermedi B2 i&nbsp; Avan\u00e7at C1<\/strong><\/p>\n\n\n\n<p>El Certificat de Nivell Intermedi B2 i el Certificat de Nivell Avan\u00e7at C1 s&#8217;obtenen un cop superades les proves de certificaci\u00f3 corresponents als nivells B2 i C1. Aquestes proves es poden superar tant en modalitat oficial com en modalitat lliure.<\/p>\n\n\n\n<p>Els Certificats de Nivells Intermedi B2 i Avan\u00e7at i C1 els expedeix el Departament d&#8217;Educaci\u00f3 pr\u00e8via sol\u00b7licitud i abonament de les taxes corresponents.<\/p>\n\n\n\n<p><strong>Atenci\u00f3 <\/strong>&#8211; A causa del proc\u00e9s de migraci\u00f3 de dades del registre de t\u00edtols acad\u00e8mics, la tramitaci\u00f3 de t\u00edtols resta temporalment suspesa fins a nou av\u00eds. Publicarem la informaci\u00f3 sobre el nou tr\u00e0mit tan aviat com estigui disponible.<\/p>\n\n\n\n<p>En el moment que l\u2019escola rebi el t\u00edtol, s\u2019avisa per correu ordinari als interessats. (En aquests moments, triga aproximadament tres anys, per\u00f2 el resguard t\u00e9 la mateixa validesa.)<br>Per recollir el t\u00edtol caldr\u00e0 presentar el DNI, NIE o passaport i el resguard de pagament de les taxes.<\/p>\n\n\n\n<p>* En el cas que no pugueu recollir personalment el t\u00edtol, podreu autoritzar a una altra persona, la qual, a m\u00e9s del seu DNI, haur\u00e0 de presentar la seg\u00fcent documentaci\u00f3:<\/p>\n\n\n\n<p>&#8211; Document acreditatiu de l&#8217;autoritzaci\u00f3.<br>&#8211; Fotoc\u00f2pia simple del DNI del\/de la sol\u00b7licitant del t\u00edtol.<\/p>\n\n\n\n<p class=\"has-ast-global-color-0-color has-text-color has-link-color wp-elements-71f5473f9ba053b2468e8ad1a1fde8aa\"><strong>TIPUS DE TAXES<\/strong><\/p>\n\n\n\n<p>Podeu consultar els imports de l&#8217;expedici\u00f3 de t\u00edtols <a href=\"http:\/\/ensenyament.gencat.cat\/ca\/departament\/normativa\/taxes-preus-publics\/taxes\/\" target=\"_blank\" rel=\"noopener noreferrer\">aqu\u00ed<\/a>.<\/p>\n\n\n\n<p><\/p>\n","protected":false},"excerpt":{"rendered":"<p>Certificat de Nivell B\u00e0sic A2 El Certificat de Nivell B\u00e0sic s&#8217;obt\u00e9 un cop superat el nivell A2. L\u2019escola expedeix els certificats de manera autom\u00e0tica sense que calgui sol\u00b7licitud pr\u00e8via ni pagament de taxes. El t\u00edtol es podr\u00e0 recollir personalment a la secretaria del centre presentant el DNI, passaport o NIE de la persona interessada*. Certificat [&hellip;]<\/p>\n","protected":false},"author":1,"featured_media":0,"parent":8358,"menu_order":80,"comment_status":"closed","ping_status":"closed","template":"","meta":{"_bbp_topic_count":0,"_bbp_reply_count":0,"_bbp_total_topic_count":0,"_bbp_total_reply_count":0,"_bbp_voice_count":0,"_bbp_anonymous_reply_count":0,"_bbp_topic_count_hidden":0,"_bbp_reply_count_hidden":0,"_bbp_forum_subforum_count":0,"site-sidebar-layout":"default","site-content-layout":"","ast-site-content-layout":"default","site-content-style":"default","site-sidebar-style":"default","ast-global-header-display":"","ast-banner-title-visibility":"","ast-main-header-display":"","ast-hfb-above-header-display":"","ast-hfb-below-header-display":"","ast-hfb-mobile-header-display":"","site-post-title":"","ast-breadcrumbs-content":"","ast-featured-img":"","footer-sml-layout":"","theme-transparent-header-meta":"","adv-header-id-meta":"","stick-header-meta":"","header-above-stick-meta":"","header-main-stick-meta":"","header-below-stick-meta":"","astra-migrate-meta-layouts":"set","ast-page-background-enabled":"default","ast-page-background-meta":{"desktop":{"background-color":"var(--ast-global-color-4)","background-image":"","background-repeat":"repeat","background-position":"center center","background-size":"auto","background-attachment":"scroll","background-type":"","background-media":"","overlay-type":"","overlay-color":"","overlay-opacity":"","overlay-gradient":""},"tablet":{"background-color":"","background-image":"","background-repeat":"repeat","background-position":"center center","background-size":"auto","background-attachment":"scroll","background-type":"","background-media":"","overlay-type":"","overlay-color":"","overlay-opacity":"","overlay-gradient":""},"mobile":{"background-color":"","background-image":"","background-repeat":"repeat","background-position":"center center","background-size":"auto","background-attachment":"scroll","background-type":"","background-media":"","overlay-type":"","overlay-color":"","overlay-opacity":"","overlay-gradient":""}},"ast-content-background-meta":{"desktop":{"background-color":"var(--ast-global-color-5)","background-image":"","background-repeat":"repeat","background-position":"center center","background-size":"auto","background-attachment":"scroll","background-type":"","background-media":"","overlay-type":"","overlay-color":"","overlay-opacity":"","overlay-gradient":""},"tablet":{"background-color":"var(--ast-global-color-5)","background-image":"","background-repeat":"repeat","background-position":"center center","background-size":"auto","background-attachment":"scroll","background-type":"","background-media":"","overlay-type":"","overlay-color":"","overlay-opacity":"","overlay-gradient":""},"mobile":{"background-color":"var(--ast-global-color-5)","background-image":"","background-repeat":"repeat","background-position":"center center","background-size":"auto","background-attachment":"scroll","background-type":"","background-media":"","overlay-type":"","overlay-color":"","overlay-opacity":"","overlay-gradient":""}},"footnotes":""},"class_list":["post-8377","page","type-page","status-publish","hentry"],"post_mailing_queue_ids":[],"_links":{"self":[{"href":"https:\/\/agora-eoi.xtec.cat\/eoimollet\/wp-json\/wp\/v2\/pages\/8377","targetHints":{"allow":["GET"]}}],"collection":[{"href":"https:\/\/agora-eoi.xtec.cat\/eoimollet\/wp-json\/wp\/v2\/pages"}],"about":[{"href":"https:\/\/agora-eoi.xtec.cat\/eoimollet\/wp-json\/wp\/v2\/types\/page"}],"author":[{"embeddable":true,"href":"https:\/\/agora-eoi.xtec.cat\/eoimollet\/wp-json\/wp\/v2\/users\/1"}],"replies":[{"embeddable":true,"href":"https:\/\/agora-eoi.xtec.cat\/eoimollet\/wp-json\/wp\/v2\/comments?post=8377"}],"version-history":[{"count":6,"href":"https:\/\/agora-eoi.xtec.cat\/eoimollet\/wp-json\/wp\/v2\/pages\/8377\/revisions"}],"predecessor-version":[{"id":16566,"href":"https:\/\/agora-eoi.xtec.cat\/eoimollet\/wp-json\/wp\/v2\/pages\/8377\/revisions\/16566"}],"up":[{"embeddable":true,"href":"https:\/\/agora-eoi.xtec.cat\/eoimollet\/wp-json\/wp\/v2\/pages\/8358"}],"wp:attachment":[{"href":"https:\/\/agora-eoi.xtec.cat\/eoimollet\/wp-json\/wp\/v2\/media?parent=8377"}],"curies":[{"name":"wp","href":"https:\/\/api.w.org\/{rel}","templated":true}]}}